000
CDUS45 KSLC 180035
CLISLC


CLIMATE REPORT
NATIONAL WEATHER SERVICE SALT LAKE CITY UT
634 PM MDT TUE JUL 17 2018


...................................

...THE SALT LAKE CITY UT CLIMATE SUMMARY FOR JULY 17 2018...
VALID TODAY AS OF 0500 PM LOCAL TIME.

CLIMATE NORMAL PERIOD 1981 TO 2010
CLIMATE RECORD PERIOD 1874 TO 2018


WEATHER ITEM   OBSERVED TIME   RECORD YEAR NORMAL DEPARTURE LAST
                VALUE   (LST)  VALUE       VALUE  FROM      YEAR
                                                  NORMAL
..................................................................
TEMPERATURE (F)
 TODAY
  MAXIMUM         95    323 PM 103    2006  93      2       99
                                      1960
  MINIMUM         70    617 AM  53    1943  65      5       76
                                      1939
  AVERAGE         83                        79      4       88

PRECIPITATION (IN)
  TODAY            0.00          0.69 1976   0.02  -0.02      T
  MONTH TO DATE    0.19                      0.30  -0.11      T
  SINCE OCT 1     10.00                     13.89  -3.89    15.89
  SINCE JAN 1      7.87                      9.51  -1.64    11.25

SNOWFALL (IN)
  TODAY            0.0          MM      MM   0.0    0.0      0.0
  MONTH TO DATE    0.0                       0.0    0.0      0.0
  SINCE OCT 1     43.5                      56.2  -12.7     51.4
  SINCE JUL 1      0.0                       0.0    0.0      0.0
  SNOW DEPTH       0

DEGREE DAYS
 HEATING
  TODAY            0                         0      0        0
  MONTH TO DATE    0                         0      0        0
  SINCE JUN 1      3                        46    -43        4
  SINCE JUL 1      0                         0      0        0

 COOLING
  TODAY           18                        14      4       23
  MONTH TO DATE  311                       216     95      375
  SINCE JUN 1    608                       403    205      716
  SINCE JAN 1    702                       453    249      791
..................................................................


WIND (MPH)
  RESULTANT WIND SPEED   2   RESULTANT WIND DIRECTION   S (200)
  HIGHEST WIND SPEED    25   HIGHEST WIND DIRECTION     E (100)
  HIGHEST GUST SPEED    30   HIGHEST GUST DIRECTION     E (100)
  AVERAGE WIND SPEED     7.7


SKY COVER
  POSSIBLE SUNSHINE  MM
  AVERAGE SKY COVER 0.1


WEATHER CONDITIONS
 THE FOLLOWING WEATHER WAS RECORDED TODAY.
  NO SIGNIFICANT WEATHER WAS OBSERVED.


RELATIVE HUMIDITY (PERCENT)
 HIGHEST    61           100 AM
 LOWEST     16           300 PM
 AVERAGE    39

..........................................................


THE SALT LAKE CITY UT CLIMATE NORMALS FOR TOMORROW
                         NORMAL    RECORD    YEAR
 MAXIMUM TEMPERATURE (F)   94       104      1960
 MINIMUM TEMPERATURE (F)   66        51      1897


SUNRISE AND SUNSET
JULY 17 2018..........SUNRISE   611 AM MDT   SUNSET   857 PM MDT
JULY 18 2018..........SUNRISE   612 AM MDT   SUNSET   856 PM MDT


-  INDICATES NEGATIVE NUMBERS.
R  INDICATES RECORD WAS SET OR TIED.
MM INDICATES DATA IS MISSING.
T  INDICATES TRACE AMOUNT.




$$
