000
CDUS45 KSLC 201247
CLISLC


CLIMATE REPORT
NATIONAL WEATHER SERVICE SALT LAKE CITY UT
547 AM MST TUE FEB 20 2018


...................................

...THE SALT LAKE CITY UT CLIMATE SUMMARY FOR FEBRUARY 19 2018...

CLIMATE NORMAL PERIOD 1981 TO 2010
CLIMATE RECORD PERIOD 1874 TO 2018


WEATHER ITEM   OBSERVED TIME   RECORD YEAR NORMAL DEPARTURE LAST
                VALUE   (LST)  VALUE       VALUE  FROM      YEAR
                                                  NORMAL
..................................................................
TEMPERATURE (F)
 YESTERDAY
  MAXIMUM         33   1238 AM  66    1958  45    -12       53
  MINIMUM         22    850 PM   4    1956  26     -4       41
                                      1955
  AVERAGE         28                        35     -7       47

PRECIPITATION (IN)
  YESTERDAY        0.51          0.75 1878   0.04   0.47     0.12
  MONTH TO DATE    0.78                      0.81  -0.03     0.93
  SINCE OCT 1      3.73                      6.44  -2.71     7.54
  SINCE JAN 1      1.60                      2.06  -0.46     2.90

SNOWFALL (IN)
  YESTERDAY        6.5           7.6  1913   0.4    6.1      0.0
  MONTH TO DATE    7.7                       7.5    0.2       T
  SINCE OCT 1     25.0                      42.2  -17.2     40.0
  SINCE JUL 1     25.0                      42.2  -17.2     40.0
  SNOW DEPTH       3

DEGREE DAYS
 HEATING
  YESTERDAY       37                        30      7       18
  MONTH TO DATE  407                       613   -206      424
  SINCE DEC 1   2189                      2789   -600     2684
  SINCE JUL 1   3211                      4007   -796     3483

 COOLING
  YESTERDAY        0                         0      0        0
  MONTH TO DATE    0                         0      0        0
  SINCE DEC 1      0                         0      0        0
  SINCE JAN 1      0                         0      0        0
..................................................................


WIND (MPH)
  RESULTANT WIND SPEED  12   RESULTANT WIND DIRECTION  NW (330)
  HIGHEST WIND SPEED    26   HIGHEST WIND DIRECTION    NW (330)
  HIGHEST GUST SPEED    31   HIGHEST GUST DIRECTION     N (340)
  AVERAGE WIND SPEED    12.9


SKY COVER
  POSSIBLE SUNSHINE  MM
  AVERAGE SKY COVER 0.9


WEATHER CONDITIONS
 THE FOLLOWING WEATHER WAS RECORDED YESTERDAY.
  SNOW
  LIGHT SNOW
  FOG
  HAZE
  BLOWING SNOW


RELATIVE HUMIDITY (PERCENT)
 HIGHEST    92           100 AM
 LOWEST     58           300 PM
 AVERAGE    75

..........................................................


THE SALT LAKE CITY UT CLIMATE NORMALS FOR TODAY
                         NORMAL    RECORD    YEAR
 MAXIMUM TEMPERATURE (F)   45        66      1879
 MINIMUM TEMPERATURE (F)   27         0      1955


SUNRISE AND SUNSET
FEBRUARY 20 2018......SUNRISE   715 AM MST   SUNSET   609 PM MST
FEBRUARY 21 2018......SUNRISE   713 AM MST   SUNSET   610 PM MST


-  INDICATES NEGATIVE NUMBERS.
R  INDICATES RECORD WAS SET OR TIED.
MM INDICATES DATA IS MISSING.
T  INDICATES TRACE AMOUNT.




$$
