000
CDUS45 KSLC 220031
CLISLC


CLIMATE REPORT
NATIONAL WEATHER SERVICE SALT LAKE CITY UT
629 PM MDT MON OCT 21 2019


...................................

...THE SALT LAKE CITY UT CLIMATE SUMMARY FOR OCTOBER 21 2019...
VALID TODAY AS OF 0500 PM LOCAL TIME.

CLIMATE NORMAL PERIOD 1981 TO 2010
CLIMATE RECORD PERIOD 1874 TO 2019


WEATHER ITEM   OBSERVED TIME   RECORD YEAR NORMAL DEPARTURE LAST
                VALUE   (LST)  VALUE       VALUE  FROM      YEAR
                                                  NORMAL
..................................................................
TEMPERATURE (F)
 TODAY
  MAXIMUM         56    315 PM  81    1915  62     -6       73
  MINIMUM         42   1234 AM  25    1996  40      2       46
  AVERAGE         49                        51     -2       60

PRECIPITATION (IN)
  TODAY            0.00          0.48 1889   0.05  -0.05     0.00
  MONTH TO DATE    0.46                      1.01  -0.55     2.46
  SINCE OCT 1      0.46                      1.01  -0.55     2.46
  SINCE JAN 1     17.27                     12.73   4.54    10.83

SNOWFALL (IN)
  TODAY            0.0           2.0  1961   0.0    0.0      0.0
  MONTH TO DATE    T                         0.6   -0.6       T
  SINCE OCT 1      T                         0.6   -0.6       T
  SINCE JUL 1      T                         0.6   -0.6       T
  SNOW DEPTH       0

DEGREE DAYS
 HEATING
  TODAY           16                        14      2        5
  MONTH TO DATE  310                       218     92      254
  SINCE SEP 1    392                       302     90      271
  SINCE JUL 1    392                       307     85      272

 COOLING
  TODAY            0                         0      0        0
  MONTH TO DATE    0                         5     -5        5
  SINCE SEP 1    177                       122     55      203
  SINCE JAN 1   1419                      1158    261     1566
..................................................................


WIND (MPH)
  RESULTANT WIND SPEED   3   RESULTANT WIND DIRECTION  NW (320)
  HIGHEST WIND SPEED    23   HIGHEST WIND DIRECTION    NW (300)
  HIGHEST GUST SPEED    28   HIGHEST GUST DIRECTION     W (290)
  AVERAGE WIND SPEED     8.9


SKY COVER
  POSSIBLE SUNSHINE  MM
  AVERAGE SKY COVER 0.7


WEATHER CONDITIONS
 THE FOLLOWING WEATHER WAS RECORDED TODAY.
  NO SIGNIFICANT WEATHER WAS OBSERVED.


RELATIVE HUMIDITY (PERCENT)
 HIGHEST    58           800 AM
 LOWEST     32           400 PM
 AVERAGE    45

..........................................................


THE SALT LAKE CITY UT CLIMATE NORMALS FOR TOMORROW
                         NORMAL    RECORD    YEAR
 MAXIMUM TEMPERATURE (F)   62        80      1915
 MINIMUM TEMPERATURE (F)   39        24      1966


SUNRISE AND SUNSET
OCTOBER 21 2019.......SUNRISE   746 AM MDT   SUNSET   639 PM MDT
OCTOBER 22 2019.......SUNRISE   747 AM MDT   SUNSET   637 PM MDT


-  INDICATES NEGATIVE NUMBERS.
R  INDICATES RECORD WAS SET OR TIED.
MM INDICATES DATA IS MISSING.
T  INDICATES TRACE AMOUNT.




$$
