000
CDUS45 KSLC 310033
CLISLC


CLIMATE REPORT
NATIONAL WEATHER SERVICE SALT LAKE CITY UT
632 PM MDT FRI OCT 30 2020


...................................

...THE SALT LAKE CITY UT CLIMATE SUMMARY FOR OCTOBER 30 2020...
VALID TODAY AS OF 0500 PM LOCAL TIME.

CLIMATE NORMAL PERIOD 1981 TO 2010
CLIMATE RECORD PERIOD 1874 TO 2020


WEATHER ITEM   OBSERVED TIME   RECORD YEAR NORMAL DEPARTURE LAST
                VALUE   (LST)  VALUE       VALUE  FROM      YEAR
                                                  NORMAL
..................................................................
TEMPERATURE (F)
 TODAY
  MAXIMUM         68    327 PM  77    2008  58     10       34
                                      1950
  MINIMUM         37    654 AM  14    2019  37      0       14
  AVERAGE         53                        47      6       24

PRECIPITATION (IN)
  TODAY            0.00          0.45 1968   0.06  -0.06     0.00
  MONTH TO DATE    0.28                      1.47  -1.19     0.49
  SINCE OCT 1      0.28                      1.47  -1.19     0.49
  SINCE JAN 1      7.95                     13.19  -5.24    17.30

SNOWFALL (IN)
  TODAY            0.0           2.2  1981   0.1   -0.1      0.0
  MONTH TO DATE    1.0                       1.3   -0.3       T
  SINCE OCT 1      1.0                       1.3   -0.3       T
  SINCE JUL 1      1.0                       1.3   -0.3       T
  SNOW DEPTH       0

DEGREE DAYS
 HEATING
  TODAY           12                        18     -6       41
  MONTH TO DATE  280                       362    -82      536
  SINCE SEP 1    334                       446   -112      618
  SINCE JUL 1    334                       451   -117      618

 COOLING
  TODAY            0                         0      0        0
  MONTH TO DATE   24                         5     19        0
  SINCE SEP 1    216                       122     94      177
  SINCE JAN 1   1653                      1158    495     1419
..................................................................


WIND (MPH)
  RESULTANT WIND SPEED   5   RESULTANT WIND DIRECTION  SE (150)
  HIGHEST WIND SPEED    10   HIGHEST WIND DIRECTION     S (190)
  HIGHEST GUST SPEED    14   HIGHEST GUST DIRECTION    SW (210)
  AVERAGE WIND SPEED     6.2


SKY COVER
  POSSIBLE SUNSHINE  MM
  AVERAGE SKY COVER 0.0


WEATHER CONDITIONS
 THE FOLLOWING WEATHER WAS RECORDED TODAY.
  NO SIGNIFICANT WEATHER WAS OBSERVED.


RELATIVE HUMIDITY (PERCENT)
 HIGHEST    64           400 AM
 LOWEST     20           200 PM
 AVERAGE    42

..........................................................


THE SALT LAKE CITY UT CLIMATE NORMALS FOR TOMORROW
                         NORMAL    RECORD    YEAR
 MAXIMUM TEMPERATURE (F)   58        77      2014
 MINIMUM TEMPERATURE (F)   36        18      1935


SUNRISE AND SUNSET
OCTOBER 30 2020.......SUNRISE   757 AM MDT   SUNSET   626 PM MDT
OCTOBER 31 2020.......SUNRISE   758 AM MDT   SUNSET   625 PM MDT


-  INDICATES NEGATIVE NUMBERS.
R  INDICATES RECORD WAS SET OR TIED.
MM INDICATES DATA IS MISSING.
T  INDICATES TRACE AMOUNT.




$$
