000
CDUS45 KSLC 040033
CLISLC


CLIMATE REPORT
NATIONAL WEATHER SERVICE SALT LAKE CITY UT
633 PM MDT WED JUN 3 2020


...................................

...THE SALT LAKE CITY UT CLIMATE SUMMARY FOR JUNE 3 2020...
VALID TODAY AS OF 0500 PM LOCAL TIME.

CLIMATE NORMAL PERIOD 1981 TO 2010
CLIMATE RECORD PERIOD 1874 TO 2020


WEATHER ITEM   OBSERVED TIME   RECORD YEAR NORMAL DEPARTURE LAST
                VALUE   (LST)  VALUE       VALUE  FROM      YEAR
                                                  NORMAL
..................................................................
TEMPERATURE (F)
 TODAY
  MAXIMUM         92    315 PM  94    1994  78     14       79
  MINIMUM         63    546 AM  33    1898  53     10       53
  AVERAGE         78                        65     13       66

PRECIPITATION (IN)
  TODAY            0.00          0.80 1898   0.05  -0.05     0.00
  MONTH TO DATE    0.00                      0.15  -0.15      T
  SINCE OCT 1      8.51                     12.76  -4.25    19.05
  SINCE JAN 1      5.22                      8.38  -3.16    14.21

SNOWFALL (IN)
  TODAY            0.0           T    1998   0.0    0.0      0.0
                                      1898
                                      1897
  MONTH TO DATE    0.0                       0.0    0.0      0.0
  SINCE OCT 1     43.9                      56.2  -12.3     46.3
  SINCE JUL 1     43.9                      56.2  -12.3     46.3
  SNOW DEPTH       0

DEGREE DAYS
 HEATING
  TODAY            0                         3     -3        0
  MONTH TO DATE    0                         9     -9        0
  SINCE JUN 1      0                         9     -9        0
  SINCE JUL 1   5108                      5570   -462     5345

 COOLING
  TODAY           13                         3     10        1
  MONTH TO DATE   39                         9     30        5
  SINCE JUN 1     39                         9     30        5
  SINCE JAN 1    174                        59    115       26
..................................................................


WIND (MPH)
  RESULTANT WIND SPEED   3   RESULTANT WIND DIRECTION  SE (120)
  HIGHEST WIND SPEED    15   HIGHEST WIND DIRECTION     N (350)
  HIGHEST GUST SPEED    23   HIGHEST GUST DIRECTION    NW (300)
  AVERAGE WIND SPEED     5.0


SKY COVER
  POSSIBLE SUNSHINE  MM
  AVERAGE SKY COVER 0.1


WEATHER CONDITIONS
 THE FOLLOWING WEATHER WAS RECORDED TODAY.
  NO SIGNIFICANT WEATHER WAS OBSERVED.


RELATIVE HUMIDITY (PERCENT)
 HIGHEST    52           600 AM
 LOWEST     14           100 PM
 AVERAGE    33

..........................................................


THE SALT LAKE CITY UT CLIMATE NORMALS FOR TOMORROW
                         NORMAL    RECORD    YEAR
 MAXIMUM TEMPERATURE (F)   78        98      2012
 MINIMUM TEMPERATURE (F)   53        38      1892


SUNRISE AND SUNSET
JUNE  3 2020..........SUNRISE   558 AM MDT   SUNSET   855 PM MDT
JUNE  4 2020..........SUNRISE   557 AM MDT   SUNSET   856 PM MDT


-  INDICATES NEGATIVE NUMBERS.
R  INDICATES RECORD WAS SET OR TIED.
MM INDICATES DATA IS MISSING.
T  INDICATES TRACE AMOUNT.




$$
