000
CDUS46 KPQR 271142
CLISLE


CLIMATE REPORT
NATIONAL WEATHER SERVICE PORTLAND OREGON
441 AM PDT WED MAY 27 2020


...................................

...THE SALEM OR CLIMATE SUMMARY FOR MAY 26 2020...

CLIMATE NORMAL PERIOD 1981 TO 2010
CLIMATE RECORD PERIOD 1892 TO 2020


WEATHER ITEM   OBSERVED TIME   RECORD YEAR NORMAL DEPARTURE LAST
                VALUE   (LST)  VALUE       VALUE  FROM      YEAR
                                                  NORMAL
..................................................................
TEMPERATURE (F)
 YESTERDAY
  MAXIMUM         75    316 PM  91    2005  70      5       74
  MINIMUM         51    219 AM  34    1973  47      4       47
                                      1930
  AVERAGE         63                        58      5       61

PRECIPITATION (IN)
  YESTERDAY        0.00          1.32 1895   0.07  -0.07      T
  MONTH TO DATE    2.53                      1.84   0.69     1.72
  SINCE OCT 1     24.70                     35.55 -10.85    30.42
  SINCE JAN 1     16.53                     19.16  -2.63    18.55

DEGREE DAYS
 HEATING
  YESTERDAY        2                         7     -5        4
  MONTH TO DATE  211                       245    -34      172
  SINCE MAR 1   1214                      1248    -34     1101
  SINCE JUL 1   4408                      4488    -80     4100

 COOLING
  YESTERDAY        0                         0      0        0
  MONTH TO DATE    5                         0      5        6
  SINCE MAR 1      5                         0      5        6
  SINCE JAN 1      5                         0      5        6
..................................................................


WIND (MPH)
  HIGHEST WIND SPEED    13   HIGHEST WIND DIRECTION     N (20)
  HIGHEST GUST SPEED    18   HIGHEST GUST DIRECTION     N (20)
  AVERAGE WIND SPEED     5.3


SKY COVER
  POSSIBLE SUNSHINE  MM
  AVERAGE SKY COVER 0.5


WEATHER CONDITIONS
 THE FOLLOWING WEATHER WAS RECORDED YESTERDAY.
  NO SIGNIFICANT WEATHER WAS OBSERVED.


RELATIVE HUMIDITY (PERCENT)
 HIGHEST    93           200 AM
 LOWEST     49           300 PM
 AVERAGE    71

..........................................................


THE SALEM OR CLIMATE NORMALS FOR TODAY
                         NORMAL    RECORD    YEAR
 MAXIMUM TEMPERATURE (F)   70        90      2005
 MINIMUM TEMPERATURE (F)   47        30      1966


SUNRISE AND SUNSET
MAY 27 2020...........SUNRISE   532 AM PDT   SUNSET   847 PM PDT
MAY 28 2020...........SUNRISE   531 AM PDT   SUNSET   848 PM PDT


-  INDICATES NEGATIVE NUMBERS.
R  INDICATES RECORD WAS SET OR TIED.
MM INDICATES DATA IS MISSING.
T  INDICATES TRACE AMOUNT.




$$
