000
CDUS46 KPQR 181144
CLISLE


CLIMATE REPORT
NATIONAL WEATHER SERVICE PORTLAND OREGON
443 AM PDT MON JUN 18 2018


...................................

...THE SALEM OR CLIMATE SUMMARY FOR JUNE 17 2018...

CLIMATE NORMAL PERIOD 1981 TO 2010
CLIMATE RECORD PERIOD 1892 TO 2018


WEATHER ITEM   OBSERVED TIME   RECORD YEAR NORMAL DEPARTURE LAST
                VALUE   (LST)  VALUE       VALUE  FROM      YEAR
                                                  NORMAL
..................................................................
TEMPERATURE (F)
 YESTERDAY
  MAXIMUM         91    405 PM 100    1969  74     17       75
  MINIMUM         53    440 AM  35    1991  49      4       58
                                      1932
  AVERAGE         72                        62     10       67

PRECIPITATION (IN)
  YESTERDAY        T             0.72 1894   0.06  -0.06     0.00
  MONTH TO DATE    0.56                      1.08  -0.52     0.74
  SINCE OCT 1     33.90                     37.01  -3.11    56.60
  SINCE JAN 1     18.80                     20.62  -1.82    33.30

DEGREE DAYS
 HEATING
  YESTERDAY        0                         4     -4        0
  MONTH TO DATE   62                        87    -25       79
  SINCE JUN 1     62                        87    -25       79
  SINCE JUL 1   4095                      4610   -515     4415

 COOLING
  YESTERDAY        7                         1      6        2
  MONTH TO DATE    8                        11     -3        3
  SINCE JUN 1      8                        11     -3        3
  SINCE JAN 1     20                        20      0       30
..................................................................


WIND (MPH)
  HIGHEST WIND SPEED    23   HIGHEST WIND DIRECTION     E (70)
  HIGHEST GUST SPEED    33   HIGHEST GUST DIRECTION     E (80)
  AVERAGE WIND SPEED     5.5


SKY COVER
  POSSIBLE SUNSHINE  MM
  AVERAGE SKY COVER 0.1


WEATHER CONDITIONS
 THE FOLLOWING WEATHER WAS RECORDED YESTERDAY.
  LIGHT RAIN


RELATIVE HUMIDITY (PERCENT)
 HIGHEST    86           400 AM
 LOWEST     24           300 PM
 AVERAGE    55

..........................................................


THE SALEM OR CLIMATE NORMALS FOR TODAY
                         NORMAL    RECORD    YEAR
 MAXIMUM TEMPERATURE (F)   74       102      1982
 MINIMUM TEMPERATURE (F)   50        34      1930


SUNRISE AND SUNSET
JUNE 18 2018..........SUNRISE   525 AM PDT   SUNSET   901 PM PDT
JUNE 19 2018..........SUNRISE   525 AM PDT   SUNSET   902 PM PDT


-  INDICATES NEGATIVE NUMBERS.
R  INDICATES RECORD WAS SET OR TIED.
MM INDICATES DATA IS MISSING.
T  INDICATES TRACE AMOUNT.




$$
