000
CDUS46 KPQR 192323
CLISLE


CLIMATE REPORT
NATIONAL WEATHER SERVICE PORTLAND OREGON
423 PM PDT SAT OCT 19 2019


...................................

...THE SALEM OR CLIMATE SUMMARY FOR OCTOBER 19 2019...
VALID TODAY AS OF 0400 PM LOCAL TIME.

CLIMATE NORMAL PERIOD 1981 TO 2010
CLIMATE RECORD PERIOD 1892 TO 2019


WEATHER ITEM   OBSERVED TIME   RECORD YEAR NORMAL DEPARTURE LAST
                VALUE   (LST)  VALUE       VALUE  FROM      YEAR
                                                  NORMAL
..................................................................
TEMPERATURE (F)
 TODAY
  MAXIMUM         59    237 PM  81    1940  63     -4       71
  MINIMUM         49    719 AM  27    1982  42      7       38
  AVERAGE         54                        52      2       55

PRECIPITATION (IN)
  TODAY            0.38          1.51 1947   0.11   0.27     0.00
  MONTH TO DATE    2.43                      1.46   0.97     0.34
  SINCE OCT 1      2.43                      1.46   0.97     0.34
  SINCE JAN 1     25.12                     24.74   0.38    19.49

DEGREE DAYS
 HEATING
  TODAY           11                        13     -2       10
  MONTH TO DATE  268                       190     78      155
  SINCE SEP 1    383                       299     84      249
  SINCE JUL 1    393                       355     38      269

 COOLING
  TODAY            0                         0      0        0
  MONTH TO DATE    0                         0      0        1
  SINCE SEP 1     39                        37      2       27
  SINCE JAN 1    360                       289     71      519
..................................................................


WIND (MPH)
  HIGHEST WIND SPEED    29   HIGHEST WIND DIRECTION     S (190)
  HIGHEST GUST SPEED    39   HIGHEST GUST DIRECTION     S (170)
  AVERAGE WIND SPEED    10.8


SKY COVER
  POSSIBLE SUNSHINE  MM
  AVERAGE SKY COVER 0.9


WEATHER CONDITIONS
 THE FOLLOWING WEATHER WAS RECORDED TODAY.
  RAIN
  LIGHT RAIN
  FOG


RELATIVE HUMIDITY (PERCENT)
 HIGHEST    89          1200 AM
 LOWEST     62           300 PM
 AVERAGE    76

..........................................................


THE SALEM OR CLIMATE NORMALS FOR TOMORROW
                         NORMAL    RECORD    YEAR
 MAXIMUM TEMPERATURE (F)   62        77      2003
 MINIMUM TEMPERATURE (F)   42        25      1919


SUNRISE AND SUNSET
OCTOBER 19 2019.......SUNRISE   733 AM PDT   SUNSET   621 PM PDT
OCTOBER 20 2019.......SUNRISE   734 AM PDT   SUNSET   619 PM PDT


-  INDICATES NEGATIVE NUMBERS.
R  INDICATES RECORD WAS SET OR TIED.
MM INDICATES DATA IS MISSING.
T  INDICATES TRACE AMOUNT.




$$
