000
CDUS46 KPQR 161141
CLISLE


CLIMATE REPORT
NATIONAL WEATHER SERVICE PORTLAND OREGON
341 AM PST SUN DEC 16 2018


...................................

...THE SALEM OR CLIMATE SUMMARY FOR DECEMBER 15 2018...

CLIMATE NORMAL PERIOD 1981 TO 2010
CLIMATE RECORD PERIOD 1892 TO 2018


WEATHER ITEM   OBSERVED TIME   RECORD YEAR NORMAL DEPARTURE LAST
                VALUE   (LST)  VALUE       VALUE  FROM      YEAR
                                                  NORMAL
..................................................................
TEMPERATURE (F)
 YESTERDAY
  MAXIMUM         47    150 PM  60    1976  46      1       42
  MINIMUM         40    551 AM  11    1932  34      6       28
  AVERAGE         44                        40      4       35

PRECIPITATION (IN)
  YESTERDAY        0.05          1.78 2009   0.22  -0.17     0.01
  MONTH TO DATE    1.73                      3.46  -1.73     0.67
  SINCE OCT 1      7.56                     12.99  -5.43    12.69
  SINCE JAN 1     26.71                     36.27  -9.56    48.50

DEGREE DAYS
 HEATING
  YESTERDAY       21                        25     -4       30
  MONTH TO DATE  345                       364    -19      386
  SINCE DEC 1    345                       364    -19      386
  SINCE JUL 1   1262                      1481   -219     1318

 COOLING
  YESTERDAY        0                         0      0        0
  MONTH TO DATE    0                         0      0        0
  SINCE DEC 1      0                         0      0        0
  SINCE JAN 1    519                       290    229      652
..................................................................


WIND (MPH)
  HIGHEST WIND SPEED    14   HIGHEST WIND DIRECTION     S (190)
  HIGHEST GUST SPEED    20   HIGHEST GUST DIRECTION     S (190)
  AVERAGE WIND SPEED     4.2


SKY COVER
  POSSIBLE SUNSHINE  MM
  AVERAGE SKY COVER 0.7


WEATHER CONDITIONS
 THE FOLLOWING WEATHER WAS RECORDED YESTERDAY.
  LIGHT RAIN
  FOG


RELATIVE HUMIDITY (PERCENT)
 HIGHEST    83           400 PM
 LOWEST     70           800 AM
 AVERAGE    77

..........................................................


THE SALEM OR CLIMATE NORMALS FOR TODAY
                         NORMAL    RECORD    YEAR
 MAXIMUM TEMPERATURE (F)   46        60      1974
 MINIMUM TEMPERATURE (F)   34        10      1964
                                             1932


SUNRISE AND SUNSET
DECEMBER 16 2018......SUNRISE   744 AM PST   SUNSET   432 PM PST
DECEMBER 17 2018......SUNRISE   745 AM PST   SUNSET   432 PM PST


-  INDICATES NEGATIVE NUMBERS.
R  INDICATES RECORD WAS SET OR TIED.
MM INDICATES DATA IS MISSING.
T  INDICATES TRACE AMOUNT.




$$
