000
CDUS46 KPQR 210220
CLISLE


CLIMATE REPORT
NATIONAL WEATHER SERVICE PORTLAND OREGON
720 PM PDT THU SEP 20 2018


...................................

...THE SALEM OR CLIMATE SUMMARY FOR SEPTEMBER 20 2018...
VALID TODAY AS OF 0700 PM LOCAL TIME.

CLIMATE NORMAL PERIOD 1981 TO 2010
CLIMATE RECORD PERIOD 1892 TO 2018


WEATHER ITEM   OBSERVED TIME   RECORD YEAR NORMAL DEPARTURE LAST
                VALUE   (LST)  VALUE       VALUE  FROM      YEAR
                                                  NORMAL
..................................................................
TEMPERATURE (F)
 TODAY
  MAXIMUM         74    428 PM  98    1974  76     -2       59
  MINIMUM         46    625 AM  36    1983  48     -2       44
  AVERAGE         60                        62     -2       52

PRECIPITATION (IN)
  TODAY            0.00          0.67 1945   0.04  -0.04     0.66
  MONTH TO DATE    0.32                      0.73  -0.41     2.28
  SINCE OCT 1     34.22                     39.12  -4.90    59.03
  SINCE JAN 1     19.12                     22.73  -3.61    35.73

DEGREE DAYS
 HEATING
  TODAY            5                         4      1       13
  MONTH TO DATE   65                        54     11       35
  SINCE SEP 1     65                        54     11       35
  SINCE JUL 1     85                       110    -25       37

 COOLING
  TODAY            0                         1     -1        0
  MONTH TO DATE   21                        31    -10      116
  SINCE SEP 1     21                        31    -10      116
  SINCE JAN 1    513                       283    230      641
..................................................................


WIND (MPH)
  HIGHEST WIND SPEED     9   HIGHEST WIND DIRECTION    NE (30)
  HIGHEST GUST SPEED    14   HIGHEST GUST DIRECTION    NW (300)
  AVERAGE WIND SPEED     2.0


SKY COVER
  POSSIBLE SUNSHINE  MM
  AVERAGE SKY COVER 0.1


WEATHER CONDITIONS
 THE FOLLOWING WEATHER WAS RECORDED TODAY.
  NO SIGNIFICANT WEATHER WAS OBSERVED.


RELATIVE HUMIDITY (PERCENT)
 HIGHEST    89           200 AM
 LOWEST     33           400 PM
 AVERAGE    61

..........................................................


THE SALEM OR CLIMATE NORMALS FOR TOMORROW
                         NORMAL    RECORD    YEAR
 MAXIMUM TEMPERATURE (F)   76        97      1974
 MINIMUM TEMPERATURE (F)   47        33      1932


SUNRISE AND SUNSET
SEPTEMBER 20 2018.....SUNRISE   657 AM PDT   SUNSET   713 PM PDT
SEPTEMBER 21 2018.....SUNRISE   658 AM PDT   SUNSET   711 PM PDT


-  INDICATES NEGATIVE NUMBERS.
R  INDICATES RECORD WAS SET OR TIED.
MM INDICATES DATA IS MISSING.
T  INDICATES TRACE AMOUNT.




$$
