000
CDUS46 KPQR 200221
CLISLE


CLIMATE REPORT
NATIONAL WEATHER SERVICE PORTLAND OREGON
721 PM PDT MON OCT 19 2020


...................................

...THE SALEM OR CLIMATE SUMMARY FOR OCTOBER 19 2020...
VALID TODAY AS OF 0700 PM LOCAL TIME.

CLIMATE NORMAL PERIOD 1981 TO 2010
CLIMATE RECORD PERIOD 1892 TO 2020


WEATHER ITEM   OBSERVED TIME   RECORD YEAR NORMAL DEPARTURE LAST
                VALUE   (LST)  VALUE       VALUE  FROM      YEAR
                                                  NORMAL
..................................................................
TEMPERATURE (F)
 TODAY
  MAXIMUM         67    250 PM  81    1940  63      4       59
  MINIMUM         48    636 AM  27    1982  42      6       45
  AVERAGE         58                        52      6       52

PRECIPITATION (IN)
  TODAY            0.00          1.51 1947   0.11  -0.11     0.39
  MONTH TO DATE    1.69                      1.46   0.23     2.44
  SINCE OCT 1      1.69                      1.46   0.23     2.44
  SINCE JAN 1     21.43                     24.74  -3.31    25.13

DEGREE DAYS
 HEATING
  TODAY            7                        13     -6       13
  MONTH TO DATE  120                       190    -70      270
  SINCE SEP 1    186                       299   -113      385
  SINCE JUL 1    213                       355   -142      395

 COOLING
  TODAY            0                         0      0        0
  MONTH TO DATE    0                         0      0        0
  SINCE SEP 1     73                        37     36       39
  SINCE JAN 1    409                       289    120      360
..................................................................


WIND (MPH)
  HIGHEST WIND SPEED    14   HIGHEST WIND DIRECTION    NW (310)
  HIGHEST GUST SPEED    18   HIGHEST GUST DIRECTION    NW (300)
  AVERAGE WIND SPEED     5.4


SKY COVER
  POSSIBLE SUNSHINE  MM
  AVERAGE SKY COVER 0.7


WEATHER CONDITIONS
 THE FOLLOWING WEATHER WAS RECORDED TODAY.
  NO SIGNIFICANT WEATHER WAS OBSERVED.


RELATIVE HUMIDITY (PERCENT)
 HIGHEST    89           400 AM
 LOWEST     52           300 PM
 AVERAGE    71

..........................................................


THE SALEM OR CLIMATE NORMALS FOR TOMORROW
                         NORMAL    RECORD    YEAR
 MAXIMUM TEMPERATURE (F)   62        77      2003
 MINIMUM TEMPERATURE (F)   42        25      1919


SUNRISE AND SUNSET
OCTOBER 19 2020.......SUNRISE   734 AM PDT   SUNSET   619 PM PDT
OCTOBER 20 2020.......SUNRISE   735 AM PDT   SUNSET   618 PM PDT


-  INDICATES NEGATIVE NUMBERS.
R  INDICATES RECORD WAS SET OR TIED.
MM INDICATES DATA IS MISSING.
T  INDICATES TRACE AMOUNT.




$$
