000
CDUS41 KBTV 150531
CLISLK

CLIMATE REPORT
NATIONAL WEATHER SERVICE BURLINGTON VT
131 AM EDT TUE OCT 15 2019

...................................

...THE SARANAC LAKE NY CLIMATE SUMMARY FOR OCTOBER 14 2019...

CLIMATE NORMAL PERIOD: 1981 TO 2010
CLIMATE RECORD PERIOD: 9999 TO 9999


WEATHER ITEM   OBSERVED TIME   NORMAL DEPARTURE LAST
                VALUE   (LST)  VALUE  FROM      YEAR
                                      NORMAL
.......................................................
TEMPERATURE (F)
 YESTERDAY
  MAXIMUM         58  10:57 AM  54      4       52
  MINIMUM         28   2:45 AM  31     -3       28
  AVERAGE         43            43      0       40

PRECIPITATION (IN)
  YESTERDAY        0.07          0.13  -0.06     0.00
  MONTH TO DATE    2.75          1.77   0.98     2.73
  SINCE SEP 1      6.35          5.06   1.29     6.81
  SINCE JAN 1     31.49         29.60   1.89    30.49

DEGREE DAYS
 HEATING
  YESTERDAY       22            22      0       25
  MONTH TO DATE  263           282    -19      204
  SINCE SEP 1    586           627    -41      469
  SINCE JUL 1    807           867    -60      619

 COOLING
  YESTERDAY        0             0      0        0
  MONTH TO DATE    0             0      0        3
  SINCE SEP 1      0             7     -7       35
  SINCE JAN 1     93           114    -21      221
.......................................................


WIND (MPH)
  HIGHEST WIND SPEED    21   HIGHEST WIND DIRECTION    SW (240)
  HIGHEST GUST SPEED    26   HIGHEST GUST DIRECTION     W (250)
  AVERAGE WIND SPEED     4.6


SKY COVER
  AVERAGE SKY COVER 0.4


WEATHER CONDITIONS
THE FOLLOWING WEATHER WAS RECORDED YESTERDAY.
  HEAVY RAIN
  LIGHT RAIN
  FOG
  HAZE


RELATIVE HUMIDITY (PERCENT)
 HIGHEST    96           7:00 AM
 LOWEST     55          11:00 AM
 AVERAGE    76

..........................................................


THE SARANAC LAKE NY CLIMATE NORMALS FOR TODAY
                         NORMAL    RECORD    YEAR
 MAXIMUM TEMPERATURE (F)   53        80      1956
 MINIMUM TEMPERATURE (F)   31        16      2002


SUNRISE AND SUNSET
OCTOBER 15 2019.......SUNRISE   7:11 AM EDT   SUNSET   6:13 PM EDT
OCTOBER 16 2019.......SUNRISE   7:13 AM EDT   SUNSET   6:11 PM EDT


-  INDICATES NEGATIVE NUMBERS.
R  INDICATES RECORD WAS SET OR TIED.
MM INDICATES DATA IS MISSING.
T  INDICATES TRACE AMOUNT.




$$
