000
CDUS41 KBTV 220550
CLISLK


CLIMATE REPORT
NATIONAL WEATHER SERVICE BURLINGTON VT
149 AM EDT SUN APR 22 2018


...................................

...THE SARANAC LAKE NY CLIMATE SUMMARY FOR APRIL 21 2018...

CLIMATE NORMAL PERIOD 1981 TO 2010
CLIMATE RECORD PERIOD 9999 TO 9999


WEATHER ITEM   OBSERVED TIME   NORMAL DEPARTURE LAST
                VALUE   (LST)  VALUE  FROM      YEAR
                                      NORMAL
......................................................
TEMPERATURE (F)
 YESTERDAY
  MAXIMUM         48    420 PM  53     -5       52
  MINIMUM         18    543 AM  28    -10       40
  AVERAGE         33            40     -7       46

PRECIPITATION (IN)
  YESTERDAY        0.00          0.10  -0.10     0.24
  MONTH TO DATE    2.69          1.98   0.71     2.39
  SINCE MAR 1      3.07          4.26  -1.19     4.51
  SINCE JAN 1      8.27          8.00   0.27     9.05

DEGREE DAYS
 HEATING
  YESTERDAY       32            25      7       19
  MONTH TO DATE  767           608    159      485
  SINCE MAR 1   2021          1865    156     1879
  SINCE JUL 1   8419          8570   -151     7575

 COOLING
  YESTERDAY        0             0      0        0
  MONTH TO DATE    0             0      0        0
  SINCE MAR 1      0             0      0        0
  SINCE JAN 1      0             0      0        0
......................................................


WIND (MPH)
  HIGHEST WIND SPEED    16   HIGHEST WIND DIRECTION     W (280)
  HIGHEST GUST SPEED    27   HIGHEST GUST DIRECTION     W (280)
  AVERAGE WIND SPEED     4.8


SKY COVER
  AVERAGE SKY COVER 0.1


WEATHER CONDITIONS
 THE FOLLOWING WEATHER WAS RECORDED YESTERDAY.
  FOG


RELATIVE HUMIDITY (PERCENT)
 HIGHEST   100           300 AM
 LOWEST     26           300 PM
 AVERAGE    63

..........................................................


THE SARANAC LAKE NY CLIMATE NORMALS FOR TODAY
                         NORMAL    RECORD    YEAR
 MAXIMUM TEMPERATURE (F)   54        76      2008
 MINIMUM TEMPERATURE (F)   28        14      2013


SUNRISE AND SUNSET
APRIL 22 2018.........SUNRISE   601 AM EDT   SUNSET   750 PM EDT
APRIL 23 2018.........SUNRISE   600 AM EDT   SUNSET   751 PM EDT


-  INDICATES NEGATIVE NUMBERS.
R  INDICATES RECORD WAS SET OR TIED.
MM INDICATES DATA IS MISSING.
T  INDICATES TRACE AMOUNT.




$$
