000
CDUS41 KBTV 160536
CLISLK


CLIMATE REPORT
NATIONAL WEATHER SERVICE BURLINGTON VT
1236 AM EST WED JAN 16 2019


...................................

...THE SARANAC LAKE NY CLIMATE SUMMARY FOR JANUARY 15 2019...

CLIMATE NORMAL PERIOD 1981 TO 2010
CLIMATE RECORD PERIOD 9999 TO 9999


WEATHER ITEM   OBSERVED TIME   NORMAL DEPARTURE LAST
                VALUE   (LST)  VALUE  FROM      YEAR
                                      NORMAL
......................................................
TEMPERATURE (F)
 YESTERDAY
  MAXIMUM         25    914 PM  25      0       15
  MINIMUM          0   1215 AM   2     -2      -26
  AVERAGE         13            13      0       -5

PRECIPITATION (IN)
  YESTERDAY        T             0.05  -0.05     0.00
  MONTH TO DATE    1.07          1.02   0.05     2.81
  SINCE DEC 1      3.21          3.31  -0.10     4.57
  SINCE JAN 1      1.07          1.02   0.05     2.81

DEGREE DAYS
 HEATING
  YESTERDAY       52            52      0       70
  MONTH TO DATE  556           771   -215      879
  SINCE DEC 1   1896          2195   -299     2464
  SINCE JUL 1   4162          4470   -308     4521

 COOLING
  YESTERDAY        0             0      0        0
  MONTH TO DATE    0             0      0        0
  SINCE DEC 1      0             0      0        0
  SINCE JAN 1      0             0      0        0
......................................................


WIND (MPH)
  HIGHEST WIND SPEED    15   HIGHEST WIND DIRECTION     S (200)
  HIGHEST GUST SPEED    20   HIGHEST GUST DIRECTION     S (200)
  AVERAGE WIND SPEED     7.1


SKY COVER
  AVERAGE SKY COVER 1.0


WEATHER CONDITIONS
 THE FOLLOWING WEATHER WAS RECORDED YESTERDAY.
  LIGHT SNOW
  FOG


RELATIVE HUMIDITY (PERCENT)
 HIGHEST   100           600 AM
 LOWEST     84           400 AM
 AVERAGE    92

..........................................................


THE SARANAC LAKE NY CLIMATE NORMALS FOR TODAY
                         NORMAL    RECORD    YEAR
 MAXIMUM TEMPERATURE (F)   25        61      1995
 MINIMUM TEMPERATURE (F)    1       -35      1994


SUNRISE AND SUNSET
JANUARY 16 2019.......SUNRISE   729 AM EST   SUNSET   444 PM EST
JANUARY 17 2019.......SUNRISE   728 AM EST   SUNSET   446 PM EST


-  INDICATES NEGATIVE NUMBERS.
R  INDICATES RECORD WAS SET OR TIED.
MM INDICATES DATA IS MISSING.
T  INDICATES TRACE AMOUNT.




$$
