000
CDUS41 KBTV 060523
CLISLK

CLIMATE REPORT
NATIONAL WEATHER SERVICE BURLINGTON VT
123 AM EDT SAT JUN 06 2020

...................................

...THE SARANAC LAKE NY CLIMATE SUMMARY FOR JUNE 5 2020...

CLIMATE NORMAL PERIOD: 1981 TO 2010
CLIMATE RECORD PERIOD: 9999 TO 9999


WEATHER ITEM   OBSERVED TIME   NORMAL DEPARTURE LAST
                VALUE   (LST)  VALUE  FROM      YEAR
                                      NORMAL
.......................................................
TEMPERATURE (F)
 YESTERDAY
  MAXIMUM         81   4:18 PM  70     11       64
  MINIMUM         48   4:39 AM  44      4       46
  AVERAGE         65            57      8       55

PRECIPITATION (IN)
  YESTERDAY        0.00          0.13  -0.13     0.81
  MONTH TO DATE    0.43          0.64  -0.21     1.46
  SINCE JUN 1      0.43          0.64  -0.21     1.46
  SINCE JAN 1     10.49         12.99  -2.50    15.13

DEGREE DAYS
 HEATING
  YESTERDAY        0             9     -9       10
  MONTH TO DATE   53            47      6       76
  SINCE JUN 1     53            47      6       76
  SINCE JUL 1   8996          9281   -285     9117

 COOLING
  YESTERDAY        0             1     -1        0
  MONTH TO DATE    0             4     -4        0
  SINCE JUN 1      0             4     -4        0
  SINCE JAN 1     24             7     17        0
.......................................................


WIND (MPH)
  HIGHEST WIND SPEED    16   HIGHEST WIND DIRECTION     W (250)
  HIGHEST GUST SPEED    24   HIGHEST GUST DIRECTION    SW (230)
  AVERAGE WIND SPEED     4.6


SKY COVER
  AVERAGE SKY COVER 0.2


WEATHER CONDITIONS
THE FOLLOWING WEATHER WAS RECORDED YESTERDAY.
  THUNDERSTORM
  FOG


RELATIVE HUMIDITY (PERCENT)
 HIGHEST    96           2:00 AM
 LOWEST     36           4:00 PM
 AVERAGE    66

..........................................................


THE SARANAC LAKE NY CLIMATE NORMALS FOR TODAY
                         NORMAL    RECORD    YEAR
 MAXIMUM TEMPERATURE (F)   70        90      1925
 MINIMUM TEMPERATURE (F)   45        30      1964


SUNRISE AND SUNSET
JUNE  6 2020..........SUNRISE   5:13 AM EDT   SUNSET   8:38 PM EDT
JUNE  7 2020..........SUNRISE   5:13 AM EDT   SUNSET   8:39 PM EDT


-  INDICATES NEGATIVE NUMBERS.
R  INDICATES RECORD WAS SET OR TIED.
MM INDICATES DATA IS MISSING.
T  INDICATES TRACE AMOUNT.




$$
