000
CDUS41 KBTV 200538
CLISLK

CLIMATE REPORT
NATIONAL WEATHER SERVICE BURLINGTON VT
138 AM EDT TUE OCT 20 2020

...................................

...THE SARANAC LAKE NY CLIMATE SUMMARY FOR OCTOBER 19 2020...

CLIMATE NORMAL PERIOD: 1981 TO 2010
CLIMATE RECORD PERIOD: 9999 TO 9999


WEATHER ITEM   OBSERVED TIME   RECORD YEAR NORMAL DEPARTURE LAST
                VALUE   (LST)  VALUE       VALUE  FROM      YEAR
                                                  NORMAL
...................................................................
TEMPERATURE (F)
 YESTERDAY
  MAXIMUM         53  11:33 AM  79    1910  52      1       48
  MINIMUM         49  11:41 PM  10    1922  30     19       24
                                      2015
  AVERAGE         51                        41     10       36

PRECIPITATION (IN)
  YESTERDAY        0.23          1.18 2012   0.14   0.09     0.00
  MONTH TO DATE    2.95                      2.44   0.51     4.23
  SINCE SEP 1      5.24                      5.73  -0.49     7.83
  SINCE JAN 1     29.36                     30.27  -0.91    32.97

DEGREE DAYS
 HEATING
  YESTERDAY       14                        24    -10       29
  MONTH TO DATE  394                       399     -5      387
  SINCE SEP 1    744                       744      0      710
  SINCE JUL 1    881                       984   -103      931

 COOLING
  YESTERDAY        0                         0      0        0
  MONTH TO DATE    0                         0      0        0
  SINCE SEP 1     12                         7      5        0
  SINCE JAN 1    176                       114     62       93
...................................................................


WIND (MPH)
  HIGHEST WIND SPEED    17   HIGHEST WIND DIRECTION    SW (210)
  HIGHEST GUST SPEED    23   HIGHEST GUST DIRECTION     S (200)
  AVERAGE WIND SPEED     6.6


SKY COVER
  AVERAGE SKY COVER 1.0


WEATHER CONDITIONS
THE FOLLOWING WEATHER WAS RECORDED YESTERDAY.
  LIGHT RAIN
  FOG


RELATIVE HUMIDITY (PERCENT)
 HIGHEST   100           3:00 PM
 LOWEST     68          12:00 AM
 AVERAGE    84

..........................................................


THE SARANAC LAKE NY CLIMATE NORMALS FOR TODAY
                         NORMAL    RECORD    YEAR
 MAXIMUM TEMPERATURE (F)   52        76      1965
 MINIMUM TEMPERATURE (F)   30        11      1972


SUNRISE AND SUNSET
OCTOBER 20 2020.......SUNRISE   7:19 AM EDT   SUNSET   6:03 PM EDT
OCTOBER 21 2020.......SUNRISE   7:20 AM EDT   SUNSET   6:02 PM EDT


-  INDICATES NEGATIVE NUMBERS.
R  INDICATES RECORD WAS SET OR TIED.
MM INDICATES DATA IS MISSING.
T  INDICATES TRACE AMOUNT.




$$
