000
CDUS41 KBTV 170538
CLISLK

CLIMATE REPORT
NATIONAL WEATHER SERVICE BURLINGTON VT
136 AM EDT WED OCT 17 2018

...................................

...THE SARANAC LAKE NY CLIMATE SUMMARY FOR OCTOBER 16 2018...

CLIMATE NORMAL PERIOD 1981 TO 2010
CLIMATE RECORD PERIOD 9999 TO 9999


WEATHER ITEM   OBSERVED TIME   NORMAL DEPARTURE LAST
                VALUE   (LST)  VALUE  FROM      YEAR
                                      NORMAL
......................................................
TEMPERATURE (F)
 YESTERDAY
  MAXIMUM         42        MM  53    -11       44
  MINIMUM         33        MM  31      2       26
  AVERAGE         38            42     -4       35

PRECIPITATION (IN)
  YESTERDAY        0.00          0.13  -0.13     0.03
  MONTH TO DATE    2.98          2.04   0.94     3.63
  SINCE SEP 1      7.06          5.33   1.73     5.71
  SINCE JAN 1     30.74         29.87   0.87    37.37

DEGREE DAYS
 HEATING
  YESTERDAY       27            23      4       30
  MONTH TO DATE  255           328    -73      212
  SINCE SEP 1    520           673   -153      463
  SINCE JUL 1    670           913   -243      735

 COOLING
  YESTERDAY        0             0      0        0
  MONTH TO DATE    3             0      3        0
  SINCE SEP 1     35             7     28       16
  SINCE JAN 1    221           114    107       69
......................................................


WIND (MPH)
  HIGHEST WIND SPEED    17   HIGHEST WIND DIRECTION     W (260)
  HIGHEST GUST SPEED    38   HIGHEST GUST DIRECTION     W (270)
  AVERAGE WIND SPEED     9.9


SKY COVER
  AVERAGE SKY COVER 0.8


WEATHER CONDITIONS
 THE FOLLOWING WEATHER WAS RECORDED YESTERDAY.
  NO SIGNIFICANT WEATHER WAS OBSERVED.


RELATIVE HUMIDITY (PERCENT)
 HIGHEST    89           300 AM
 LOWEST     57           100 PM
 AVERAGE    73

..........................................................


THE SARANAC LAKE NY CLIMATE NORMALS FOR TODAY
                         NORMAL    RECORD    YEAR
 MAXIMUM TEMPERATURE (F)   53        83      1947
 MINIMUM TEMPERATURE (F)   31        13      1978


SUNRISE AND SUNSET
OCTOBER 17 2018.......SUNRISE   714 AM EDT   SUNSET   609 PM EDT
OCTOBER 18 2018.......SUNRISE   716 AM EDT   SUNSET   608 PM EDT


-  INDICATES NEGATIVE NUMBERS.
R  INDICATES RECORD WAS SET OR TIED.
MM INDICATES DATA IS MISSING.
T  INDICATES TRACE AMOUNT.

$$
