000
CDUS43 KICT 300631
CLISLN


CLIMATE REPORT
NATIONAL WEATHER SERVICE WICHITA KS
130 AM CDT SAT MAY 30 2020


...................................

...THE SALINA KS CLIMATE SUMMARY FOR MAY 29 2020...

CLIMATE NORMAL PERIOD 1981 TO 2010
CLIMATE RECORD PERIOD 1894 TO 2020


WEATHER ITEM   OBSERVED TIME   RECORD YEAR NORMAL DEPARTURE LAST
                VALUE   (LST)  VALUE       VALUE  FROM      YEAR
                                                  NORMAL
..................................................................
TEMPERATURE (F)
 YESTERDAY
  MAXIMUM         80    416 PM 104    1913  81     -1       72
  MINIMUM         58    620 AM  33    1947  59     -1       56
  AVERAGE         69                        70     -1       64

PRECIPITATION (IN)
  YESTERDAY        0.00          2.77 2013   0.17  -0.17     0.00
  MONTH TO DATE    4.73                      4.40   0.33     8.72
  SINCE MAR 1      7.18                      9.84  -2.66    12.16
  SINCE JAN 1      9.55                     11.64  -2.09    14.17

DEGREE DAYS
 HEATING
  YESTERDAY        0                         1     -1        1
  MONTH TO DATE  137                        94     43      137
  SINCE MAR 1    995                      1021    -26     1165
  SINCE JUL 1   4849                      4862    -13     5345

 COOLING
  YESTERDAY        4                         6     -2        0
  MONTH TO DATE   44                        91    -47       71
  SINCE MAR 1     58                       116    -58       82
  SINCE JAN 1     58                       116    -58       82
..................................................................


WIND (MPH)
  HIGHEST WIND SPEED    10   HIGHEST WIND DIRECTION     E (80)
  HIGHEST GUST SPEED    16   HIGHEST GUST DIRECTION     E (80)
  AVERAGE WIND SPEED     4.9


SKY COVER
  POSSIBLE SUNSHINE  MM
  AVERAGE SKY COVER 0.2


WEATHER CONDITIONS
 THE FOLLOWING WEATHER WAS RECORDED YESTERDAY.
  NO SIGNIFICANT WEATHER WAS OBSERVED.


RELATIVE HUMIDITY (PERCENT)
 HIGHEST    73          1000 PM
 LOWEST     29          1100 AM
 AVERAGE    51

..........................................................


THE SALINA KS CLIMATE NORMALS FOR TODAY
                         NORMAL    RECORD    YEAR
 MAXIMUM TEMPERATURE (F)   81       105      1913
 MINIMUM TEMPERATURE (F)   59        44      1955


SUNRISE AND SUNSET
MAY 30 2020...........SUNRISE   608 AM CDT   SUNSET   849 PM CDT
MAY 31 2020...........SUNRISE   608 AM CDT   SUNSET   850 PM CDT


-  INDICATES NEGATIVE NUMBERS.
R  INDICATES RECORD WAS SET OR TIED.
MM INDICATES DATA IS MISSING.
T  INDICATES TRACE AMOUNT.




$$
