000
CDUS43 KICT 150637
CLISLN


CLIMATE REPORT
NATIONAL WEATHER SERVICE WICHITA KS
132 AM CDT MON OCT 15 2018


...................................

...THE SALINA KS CLIMATE SUMMARY FOR OCTOBER 14 2018...

CLIMATE NORMAL PERIOD 1981 TO 2010
CLIMATE RECORD PERIOD 1894 TO 2018


WEATHER ITEM   OBSERVED TIME   RECORD YEAR NORMAL DEPARTURE LAST
                VALUE   (LST)  VALUE       VALUE  FROM      YEAR
                                                  NORMAL
..................................................................
TEMPERATURE (F)
 YESTERDAY
  MAXIMUM         50    557 AM  92    1938  70    -20       83
  MINIMUM         32   1112 PM  28    1969  47    -15       52
  AVERAGE         41                        58    -17       68

PRECIPITATION (IN)
  YESTERDAY        0.22          1.05 2008   0.08   0.14     0.79
  MONTH TO DATE    5.14                      1.15   3.99     5.74
  SINCE SEP 1     10.53                      3.85   6.68     7.57
  SINCE JAN 1     25.93                     28.19  -2.26    25.28

DEGREE DAYS
 HEATING
  YESTERDAY       24                         8     16        0
  MONTH TO DATE  158                        88     70       46
  SINCE SEP 1    202                       139     63       54
  SINCE JUL 1    202                       140     62       54

 COOLING
  YESTERDAY        0                         1     -1        3
  MONTH TO DATE   22                        25     -3       57
  SINCE SEP 1    238                       230      8      375
  SINCE JAN 1   1973                      1637    336     1956
..................................................................


WIND (MPH)
  HIGHEST WIND SPEED    32   HIGHEST WIND DIRECTION     N (350)
  HIGHEST GUST SPEED    43   HIGHEST GUST DIRECTION     N (350)
  AVERAGE WIND SPEED    16.4


SKY COVER
  POSSIBLE SUNSHINE  MM
  AVERAGE SKY COVER 1.0


WEATHER CONDITIONS
 THE FOLLOWING WEATHER WAS RECORDED YESTERDAY.
  HEAVY RAIN
  LIGHT RAIN
  LIGHT SNOW
  FOG


RELATIVE HUMIDITY (PERCENT)
 HIGHEST   100           700 AM
 LOWEST     92          1000 AM
 AVERAGE    96

..........................................................


THE SALINA KS CLIMATE NORMALS FOR TODAY
                         NORMAL    RECORD    YEAR
 MAXIMUM TEMPERATURE (F)   69        91      1938
 MINIMUM TEMPERATURE (F)   46        26      1952


SUNRISE AND SUNSET
OCTOBER 15 2018.......SUNRISE   740 AM CDT   SUNSET   652 PM CDT
OCTOBER 16 2018.......SUNRISE   741 AM CDT   SUNSET   651 PM CDT


-  INDICATES NEGATIVE NUMBERS.
R  INDICATES RECORD WAS SET OR TIED.
MM INDICATES DATA IS MISSING.
T  INDICATES TRACE AMOUNT.




$$
