000
CDUS43 KICT 230655
CLISLN


CLIMATE REPORT
NATIONAL WEATHER SERVICE WICHITA KS
1254 AM CST WED JAN 23 2019


...................................

...THE SALINA KS CLIMATE SUMMARY FOR JANUARY 22 2019...

CLIMATE NORMAL PERIOD 1981 TO 2010
CLIMATE RECORD PERIOD 1894 TO 2019


WEATHER ITEM   OBSERVED TIME   RECORD YEAR NORMAL DEPARTURE LAST
                VALUE   (LST)  VALUE       VALUE  FROM      YEAR
                                                  NORMAL
..................................................................
TEMPERATURE (F)
 YESTERDAY
  MAXIMUM         42    334 AM  67    1938  42      0       38
  MINIMUM         20   1159 PM  -9    1929  20      0       31
  AVERAGE         31                        31      0       35

PRECIPITATION (IN)
  YESTERDAY        0.01          0.47 1965   0.02  -0.01     0.10
  MONTH TO DATE    1.01                      0.40   0.61     0.34
  SINCE DEC 1      3.14                      1.34   1.80     0.39
  SINCE JAN 1      1.01                      0.40   0.61     0.34

DEGREE DAYS
 HEATING
  YESTERDAY       34                        34      0       30
  MONTH TO DATE  700                       748    -48      797
  SINCE DEC 1   1632                      1760   -128     1730
  SINCE JUL 1   2813                      2712    101     2486

 COOLING
  YESTERDAY        0                         0      0        0
  MONTH TO DATE    0                         0      0        0
  SINCE DEC 1      0                         0      0        0
  SINCE JAN 1      0                         0      0        0
..................................................................


WIND (MPH)
  HIGHEST WIND SPEED    30   HIGHEST WIND DIRECTION     N (340)
  HIGHEST GUST SPEED    37   HIGHEST GUST DIRECTION     N (340)
  AVERAGE WIND SPEED    18.4


SKY COVER
  POSSIBLE SUNSHINE  MM
  AVERAGE SKY COVER 0.9


WEATHER CONDITIONS
 THE FOLLOWING WEATHER WAS RECORDED YESTERDAY.
  LT FREEZING RAIN
  HEAVY SNOW
  SNOW
  LIGHT SNOW
  FOG
  FOG W/VISIBILITY <= 1/4 MILE
  HAZE


RELATIVE HUMIDITY (PERCENT)
 HIGHEST   100           700 AM
 LOWEST     76          1200 AM
 AVERAGE    88

..........................................................


THE SALINA KS CLIMATE NORMALS FOR TODAY
                         NORMAL    RECORD    YEAR
 MAXIMUM TEMPERATURE (F)   42        71      1981
 MINIMUM TEMPERATURE (F)   21       -10      1915


SUNRISE AND SUNSET
JANUARY 23 2019.......SUNRISE   744 AM CST   SUNSET   542 PM CST
JANUARY 24 2019.......SUNRISE   743 AM CST   SUNSET   543 PM CST


-  INDICATES NEGATIVE NUMBERS.
R  INDICATES RECORD WAS SET OR TIED.
MM INDICATES DATA IS MISSING.
T  INDICATES TRACE AMOUNT.




$$
