905
CDUS43 KICT 200632
CLISLN


CLIMATE REPORT
NATIONAL WEATHER SERVICE WICHITA KS
132 AM CDT SUN OCT 20 2019


...................................

...THE SALINA KS CLIMATE SUMMARY FOR OCTOBER 19 2019...

CLIMATE NORMAL PERIOD 1981 TO 2010
CLIMATE RECORD PERIOD 1894 TO 2019


WEATHER ITEM   OBSERVED TIME   RECORD YEAR NORMAL DEPARTURE LAST
                VALUE   (LST)  VALUE       VALUE  FROM      YEAR
                                                  NORMAL
..................................................................
TEMPERATURE (F)
 YESTERDAY
  MAXIMUM         71    325 PM  88    1894  68      3       74
  MINIMUM         42   1142 PM  22    1925  45     -3       50
  AVERAGE         57                        56      1       62

PRECIPITATION (IN)
  YESTERDAY        T             1.45 1929   0.08  -0.08      T
  MONTH TO DATE    1.69                      1.55   0.14     5.14
  SINCE SEP 1      2.74                      4.25  -1.51    10.53
  SINCE JAN 1     33.72                     28.59   5.13    25.93

DEGREE DAYS
 HEATING
  YESTERDAY        8                         9     -1        3
  MONTH TO DATE  160                       131     29      226
  SINCE SEP 1    161                       182    -21      270
  SINCE JUL 1    161                       183    -22      270

 COOLING
  YESTERDAY        0                         1     -1        0
  MONTH TO DATE   12                        30    -18       22
  SINCE SEP 1    375                       235    140      238
  SINCE JAN 1   1642                      1642      0     1973
..................................................................


WIND (MPH)
  HIGHEST WIND SPEED    17   HIGHEST WIND DIRECTION     N (340)
  HIGHEST GUST SPEED    22   HIGHEST GUST DIRECTION     N (340)
  AVERAGE WIND SPEED     8.4


SKY COVER
  POSSIBLE SUNSHINE  MM
  AVERAGE SKY COVER 0.0


WEATHER CONDITIONS
 THE FOLLOWING WEATHER WAS RECORDED YESTERDAY.
  LIGHT RAIN
  HAZE


RELATIVE HUMIDITY (PERCENT)
 HIGHEST    89           300 AM
 LOWEST     26           300 PM
 AVERAGE    58

..........................................................


THE SALINA KS CLIMATE NORMALS FOR TODAY
                         NORMAL    RECORD    YEAR
 MAXIMUM TEMPERATURE (F)   68        90      1940
 MINIMUM TEMPERATURE (F)   45        20      1976


SUNRISE AND SUNSET
OCTOBER 20 2019.......SUNRISE   745 AM CDT   SUNSET   645 PM CDT
OCTOBER 21 2019.......SUNRISE   746 AM CDT   SUNSET   644 PM CDT


-  INDICATES NEGATIVE NUMBERS.
R  INDICATES RECORD WAS SET OR TIED.
MM INDICATES DATA IS MISSING.
T  INDICATES TRACE AMOUNT.




$$
