000
CDUS43 KICT 220620
CLISLN

CLIMATE REPORT
NATIONAL WEATHER SERVICE WICHITA KANSAS
120 AM CDT THU OCT 22 2020

...................................

...THE SALINA KS CLIMATE SUMMARY FOR OCTOBER 21 2020...

CLIMATE NORMAL PERIOD 1981 TO 2010
CLIMATE RECORD PERIOD 1894 TO 2020


WEATHER ITEM   OBSERVED TIME   RECORD YEAR NORMAL DEPARTURE LAST
                VALUE   (LST)  VALUE       VALUE  FROM      YEAR
                                                  NORMAL
...................................................................
TEMPERATURE (F)
 YESTERDAY
  MAXIMUM         52    531 PM  90    1940  67    -15       60
  MINIMUM         35    242 AM  24    1910  44     -9       42
                                      1923
  AVERAGE         44                        56    -12       51

PRECIPITATION (IN)
  YESTERDAY        T             1.51 1900   0.08  -0.08      T
  MONTH TO DATE    T                         1.70  -1.70     1.82
  SINCE SEP 1      1.81                      4.40  -2.59     2.75
  SINCE JAN 1     23.28                     28.74  -5.46    33.14

DEGREE DAYS
 HEATING
  YESTERDAY       21                        10     11       14
  MONTH TO DATE  155                       151      4      184
  SINCE SEP 1    221                       202     19      185
  SINCE JUL 1    221                       203     18      185

 COOLING
  YESTERDAY        0                         1     -1        0
  MONTH TO DATE   43                        32     11       12
  SINCE SEP 1    199                       237    -38      375
  SINCE JAN 1   1595                      1644    -49     1642
...................................................................


WIND (MPH)
  HIGHEST WIND SPEED    10   HIGHEST WIND DIRECTION     E (80)
  HIGHEST GUST SPEED    14   HIGHEST GUST DIRECTION     E (70)
  AVERAGE WIND SPEED     5.1


SKY COVER
  POSSIBLE SUNSHINE  MM
  AVERAGE SKY COVER 0.8


WEATHER CONDITIONS
THE FOLLOWING WEATHER WAS RECORDED YESTERDAY.
  FOG


RELATIVE HUMIDITY (PERCENT)
 HIGHEST    97          1100 AM
 LOWEST     89          1200 AM
 AVERAGE    93

..........................................................


THE SALINA KS CLIMATE NORMALS FOR TODAY
                         NORMAL    RECORD    YEAR
 MAXIMUM TEMPERATURE (F)   67        89      1927
 MINIMUM TEMPERATURE (F)   44        23      1898


SUNRISE AND SUNSET
OCTOBER 22 2020.......SUNRISE   748 AM CDT   SUNSET   642 PM CDT
OCTOBER 23 2020.......SUNRISE   749 AM CDT   SUNSET   640 PM CDT


-  INDICATES NEGATIVE NUMBERS.
R  INDICATES RECORD WAS SET OR TIED.
MM INDICATES DATA IS MISSING.
T  INDICATES TRACE AMOUNT.




$$
