000
CDUS46 KLOX 172211
CLISMX


CLIMATE REPORT
NATIONAL WEATHER SERVICE LOS ANGELES/OXNARD CA
311 PM PDT TUE JUL 17 2018


...................................

...THE SANTA MARIA AIRPORT CA CLIMATE SUMMARY FOR JULY 17 2018...
VALID AS OF 0300 PM LOCAL TIME.

CLIMATE NORMAL PERIOD 1981 TO 2010
CLIMATE RECORD PERIOD 1906 TO 2018


WEATHER ITEM   OBSERVED TIME   RECORD YEAR NORMAL DEPARTURE LAST
                VALUE   (LST)  VALUE       VALUE  FROM      YEAR
                                                  NORMAL
..................................................................
TEMPERATURE (F)
 TODAY
  MAXIMUM         72    110 PM  86    1988  73     -1       80
  MINIMUM         57    639 AM  42    1912  54      3       55
  AVERAGE         65                        63      2       68

PRECIPITATION (IN)
  TODAY            0.00          T    2016   0.00   0.00     0.00
                                      2010
                                      1979
  MONTH TO DATE    0.00                      0.02  -0.02     0.00
  SINCE OCT 1      6.01                     13.78  -7.77    18.44
  SINCE JAN 1      5.89                      9.73  -3.84    13.64

SNOWFALL (IN)
  TODAY            0.0
  MONTH TO DATE    0.0
  SINCE JUN 1      0.0
  SINCE JUL 1      0.0

DEGREE DAYS
 HEATING
  TODAY            0                         2     -2
  MONTH TO DATE    0                        45    -45
  SINCE JUN 1     91                       186    -95
  SINCE JUL 1      0                        45    -45

 COOLING
  TODAY            0                         1     -1
  MONTH TO DATE   48                        12     36
  SINCE JUN 1     52                        18     34
  SINCE JAN 1     59                        28     31
..................................................................


WIND (MPH)
  HIGHEST WIND SPEED    14   HIGHEST WIND DIRECTION    NW (320)
  HIGHEST GUST SPEED    18   HIGHEST GUST DIRECTION    NW (310)
  AVERAGE WIND SPEED     4.4


SKY COVER
  POSSIBLE SUNSHINE  MM
  AVERAGE SKY COVER 0.8


WEATHER CONDITIONS
 THE FOLLOWING WEATHER WAS RECORDED TODAY.
  FOG
  HAZE


RELATIVE HUMIDITY (PERCENT)
 HIGHEST    93           300 AM
 LOWEST     61          1200 PM
 AVERAGE    77

..........................................................


THE SANTA MARIA AIRPORT CA CLIMATE NORMALS FOR TOMORROW
                         NORMAL    RECORD    YEAR
 MAXIMUM TEMPERATURE (F)   73        85      1951
 MINIMUM TEMPERATURE (F)   54        41      1932


SUNRISE AND SUNSET
JULY 17 2018..........SUNRISE   601 AM PDT   SUNSET   815 PM PDT
JULY 18 2018..........SUNRISE   602 AM PDT   SUNSET   814 PM PDT


-  INDICATES NEGATIVE NUMBERS.
R  INDICATES RECORD WAS SET OR TIED.
MM INDICATES DATA IS MISSING.
T  INDICATES TRACE AMOUNT.




$$
