000
CDUS46 KLOX 050909
CLISMX


CLIMATE REPORT
NATIONAL WEATHER SERVICE LOS ANGELES/OXNARD CA
209 AM PDT FRI JUN 5 2020


...................................

...THE SANTA MARIA AIRPORT CA CLIMATE SUMMARY FOR JUNE 4 2020...

CLIMATE NORMAL PERIOD 1981 TO 2010
CLIMATE RECORD PERIOD 1906 TO 2020


WEATHER ITEM   OBSERVED TIME   RECORD YEAR NORMAL DEPARTURE LAST
                VALUE   (LST)  VALUE       VALUE  FROM      YEAR
                                                  NORMAL
..................................................................
TEMPERATURE (F)
 YESTERDAY
  MAXIMUM         76    945 AM  89    1981  69      7       71
  MINIMUM         56    531 AM  36    1962  49      7       54
  AVERAGE         66                        59      7       63

PRECIPITATION (IN)
  YESTERDAY        0.00          1.73 1933   0.00   0.00     0.00
  MONTH TO DATE    0.00                      0.01  -0.01     0.00
  SINCE OCT 1     10.53                     13.73  -3.20    15.68
  SINCE JAN 1      6.37                      9.68  -3.31    12.94

SNOWFALL (IN)
  YESTERDAY        0.0
  MONTH TO DATE    0.0
  SINCE JUN 1      0.0
  SINCE JUL 1      0.0

DEGREE DAYS
 HEATING
  YESTERDAY        0                         6     -6
  MONTH TO DATE    4                        24    -20
  SINCE JUN 1      4                        24    -20
  SINCE JUL 1   2042                      2706   -664

 COOLING
  YESTERDAY        1                         0      1
  MONTH TO DATE    7                         0      7
  SINCE JUN 1      7                         0      7
  SINCE JAN 1     36                        10     26
..................................................................


WIND (MPH)
  HIGHEST WIND SPEED    15   HIGHEST WIND DIRECTION     W (290)
  HIGHEST GUST SPEED    20   HIGHEST GUST DIRECTION    NW (300)
  AVERAGE WIND SPEED     7.4


SKY COVER
  POSSIBLE SUNSHINE  MM
  AVERAGE SKY COVER 0.3


WEATHER CONDITIONS
 THE FOLLOWING WEATHER WAS RECORDED YESTERDAY.
  FOG
  HAZE


RELATIVE HUMIDITY (PERCENT)
 HIGHEST    93           400 AM
 LOWEST     57           900 AM
 AVERAGE    75

..........................................................


THE SANTA MARIA AIRPORT CA CLIMATE NORMALS FOR TODAY
                         NORMAL    RECORD    YEAR
 MAXIMUM TEMPERATURE (F)   69        87      1912
 MINIMUM TEMPERATURE (F)   49        37      1918


SUNRISE AND SUNSET
JUNE  5 2020..........SUNRISE   548 AM PDT   SUNSET   813 PM PDT
JUNE  6 2020..........SUNRISE   548 AM PDT   SUNSET   813 PM PDT


-  INDICATES NEGATIVE NUMBERS.
R  INDICATES RECORD WAS SET OR TIED.
MM INDICATES DATA IS MISSING.
T  INDICATES TRACE AMOUNT.




$$
