765
CDUS46 KLOX 200905
CLISMX


CLIMATE REPORT
NATIONAL WEATHER SERVICE LOS ANGELES/OXNARD CA
205 AM PDT FRI APR 20 2018


...................................

...THE SANTA MARIA AIRPORT CA CLIMATE SUMMARY FOR APRIL 19 2018...

CLIMATE NORMAL PERIOD 1981 TO 2010
CLIMATE RECORD PERIOD 1906 TO 2018


WEATHER ITEM   OBSERVED TIME   RECORD YEAR NORMAL DEPARTURE LAST
                VALUE   (LST)  VALUE       VALUE  FROM      YEAR
                                                  NORMAL
..................................................................
TEMPERATURE (F)
 YESTERDAY
  MAXIMUM         MM        MM  94    2009  68     MM       71
  MINIMUM         MM        MM  33    1987  44     MM       48
                                      1972
  AVERAGE         MM                        56     MM       60

PRECIPITATION (IN)
  YESTERDAY        0.01          1.01 1988   0.03  -0.02     0.00
  MONTH TO DATE    0.24                      0.72  -0.48     1.18
  SINCE OCT 1      5.84                     13.15  -7.31    18.10
  SINCE JAN 1      5.72                      9.10  -3.38    13.30

SNOWFALL (IN)
  YESTERDAY       MM
  MONTH TO DATE    0.0
  SINCE MAR 1      0.0
  SINCE JUL 1      0.0

DEGREE DAYS
 HEATING
  YESTERDAY       MM                         9     MM
  MONTH TO DATE  122                       187    -65
  SINCE MAR 1    431                       527    -96
  SINCE JUL 1   1547                      2360   -813

 COOLING
  YESTERDAY       MM                         0     MM
  MONTH TO DATE    7                         0      7
  SINCE MAR 1      7                         1      6
  SINCE JAN 1      7                         2      5
..................................................................


WIND (MPH)
  HIGHEST WIND SPEED    28   HIGHEST WIND DIRECTION    NW (300)
  HIGHEST GUST SPEED    35   HIGHEST GUST DIRECTION     W (290)
  AVERAGE WIND SPEED    13.5


SKY COVER
  POSSIBLE SUNSHINE  MM
  AVERAGE SKY COVER 0.5


WEATHER CONDITIONS
 THE FOLLOWING WEATHER WAS RECORDED YESTERDAY.
  RAIN
  LIGHT RAIN
  FOG


RELATIVE HUMIDITY (PERCENT)
 HIGHEST    93           300 AM
 LOWEST     60          1200 PM
 AVERAGE    77

..........................................................


THE SANTA MARIA AIRPORT CA CLIMATE NORMALS FOR TODAY
                         NORMAL    RECORD    YEAR
 MAXIMUM TEMPERATURE (F)   68        98      2009
 MINIMUM TEMPERATURE (F)   44        31      2008
                                             1972


SUNRISE AND SUNSET
APRIL 20 2018.........SUNRISE   624 AM PDT   SUNSET   738 PM PDT
APRIL 21 2018.........SUNRISE   622 AM PDT   SUNSET   739 PM PDT


-  INDICATES NEGATIVE NUMBERS.
R  INDICATES RECORD WAS SET OR TIED.
MM INDICATES DATA IS MISSING.
T  INDICATES TRACE AMOUNT.




$$
