000
CDUS46 KLOX 220915
CLISMX


CLIMATE REPORT
NATIONAL WEATHER SERVICE LOS ANGELES/OXNARD CA
215 AM PDT TUE OCT 22 2019


...................................

...THE SANTA MARIA AIRPORT CA CLIMATE SUMMARY FOR OCTOBER 21 2019...

CLIMATE NORMAL PERIOD 1981 TO 2010
CLIMATE RECORD PERIOD 1906 TO 2019


WEATHER ITEM   OBSERVED TIME   RECORD YEAR NORMAL DEPARTURE LAST
                VALUE   (LST)  VALUE       VALUE  FROM      YEAR
                                                  NORMAL
..................................................................
TEMPERATURE (F)
 YESTERDAY
  MAXIMUM         94    218 PM  98    1929  73     21       72
  MINIMUM         60   1159 PM  34    1949  48     12       49
  AVERAGE         77                        60     17       61

PRECIPITATION (IN)
  YESTERDAY        0.00          0.37 1985   0.02  -0.02     0.00
  MONTH TO DATE    0.00                      0.30  -0.30     0.35
  SINCE OCT 1      0.00                      0.30  -0.30     0.35
  SINCE JAN 1     12.94                     10.20   2.74     6.24

SNOWFALL (IN)
  YESTERDAY        0.0
  MONTH TO DATE    0.0
  SINCE SEP 1      0.0
  SINCE JUL 1      0.0

DEGREE DAYS
 HEATING
  YESTERDAY        0                         5     -5
  MONTH TO DATE   64                        90    -26
  SINCE SEP 1     86                       171    -85
  SINCE JUL 1    137                       307   -170

 COOLING
  YESTERDAY       12                         1     11
  MONTH TO DATE   22                        21      1
  SINCE SEP 1    132                        48     84
  SINCE JAN 1    224                       103    121
..................................................................


WIND (MPH)
  HIGHEST WIND SPEED    26   HIGHEST WIND DIRECTION     N (20)
  HIGHEST GUST SPEED    33   HIGHEST GUST DIRECTION     N (20)
  AVERAGE WIND SPEED    12.0


SKY COVER
  POSSIBLE SUNSHINE  MM
  AVERAGE SKY COVER 0.0


WEATHER CONDITIONS
 THE FOLLOWING WEATHER WAS RECORDED YESTERDAY.
  NO SIGNIFICANT WEATHER WAS OBSERVED.


RELATIVE HUMIDITY (PERCENT)
 HIGHEST    52          1100 PM
 LOWEST     15           200 PM
 AVERAGE    34

..........................................................


THE SANTA MARIA AIRPORT CA CLIMATE NORMALS FOR TODAY
                         NORMAL    RECORD    YEAR
 MAXIMUM TEMPERATURE (F)   73       101      1929
 MINIMUM TEMPERATURE (F)   48        35      1949
                                             1917


SUNRISE AND SUNSET
OCTOBER 22 2019.......SUNRISE   713 AM PDT   SUNSET   619 PM PDT
OCTOBER 23 2019.......SUNRISE   714 AM PDT   SUNSET   617 PM PDT


-  INDICATES NEGATIVE NUMBERS.
R  INDICATES RECORD WAS SET OR TIED.
MM INDICATES DATA IS MISSING.
T  INDICATES TRACE AMOUNT.




$$
