000
CDUS46 KLOX 180914
CLISMX


CLIMATE REPORT
NATIONAL WEATHER SERVICE LOS ANGELES/OXNARD CA
204 AM PDT THU OCT 18 2018


...................................

...THE SANTA MARIA AIRPORT CA CLIMATE SUMMARY FOR OCTOBER 17 2018...

CLIMATE NORMAL PERIOD 1981 TO 2010
CLIMATE RECORD PERIOD 1906 TO 2018


WEATHER ITEM   OBSERVED TIME   RECORD YEAR NORMAL DEPARTURE LAST
                VALUE   (LST)  VALUE       VALUE  FROM      YEAR
                                                  NORMAL
..................................................................
TEMPERATURE (F)
 YESTERDAY
  MAXIMUM         76   1156 AM 102    1933  73      3       83
  MINIMUM         46    610 AM  33    1918  49     -3       55
  AVERAGE         61                        61      0       69

PRECIPITATION (IN)
  YESTERDAY        0.00          1.81 1934   0.02  -0.02      T
  MONTH TO DATE    0.35                      0.22   0.13      T
  SINCE OCT 1      0.35                      0.22   0.13      T
  SINCE JAN 1      6.24                     10.12  -3.88    14.11

SNOWFALL (IN)
  YESTERDAY        0.0
  MONTH TO DATE    0.0
  SINCE SEP 1      0.0
  SINCE JUL 1      0.0

DEGREE DAYS
 HEATING
  YESTERDAY        4                         5     -1
  MONTH TO DATE   11                        70    -59
  SINCE SEP 1     52                       151    -99
  SINCE JUL 1     61                       287   -226

 COOLING
  YESTERDAY        0                         1     -1
  MONTH TO DATE   21                        17      4
  SINCE SEP 1     43                        44     -1
  SINCE JAN 1    197                        99     98
..................................................................


WIND (MPH)
  HIGHEST WIND SPEED    14   HIGHEST WIND DIRECTION    NW (300)
  HIGHEST GUST SPEED    18   HIGHEST GUST DIRECTION    NW (310)
  AVERAGE WIND SPEED     4.5


SKY COVER
  POSSIBLE SUNSHINE  MM
  AVERAGE SKY COVER 0.1


WEATHER CONDITIONS
 THE FOLLOWING WEATHER WAS RECORDED YESTERDAY.
  FOG
  FOG W/VISIBILITY <= 1/4 MILE


RELATIVE HUMIDITY (PERCENT)
 HIGHEST   100          1000 PM
 LOWEST     44          1000 AM
 AVERAGE    72

..........................................................


THE SANTA MARIA AIRPORT CA CLIMATE NORMALS FOR TODAY
                         NORMAL    RECORD    YEAR
 MAXIMUM TEMPERATURE (F)   73        99      1921
 MINIMUM TEMPERATURE (F)   48        34      1918


SUNRISE AND SUNSET
OCTOBER 18 2018.......SUNRISE   710 AM PDT   SUNSET   623 PM PDT
OCTOBER 19 2018.......SUNRISE   711 AM PDT   SUNSET   622 PM PDT


-  INDICATES NEGATIVE NUMBERS.
R  INDICATES RECORD WAS SET OR TIED.
MM INDICATES DATA IS MISSING.
T  INDICATES TRACE AMOUNT.




$$
