000
CDUS46 KLOX 200920
CLISMX


CLIMATE REPORT
NATIONAL WEATHER SERVICE LOS ANGELES/OXNARD CA
220 AM PDT TUE OCT 20 2020


...................................

...THE SANTA MARIA AIRPORT CA CLIMATE SUMMARY FOR OCTOBER 19 2020...

CLIMATE NORMAL PERIOD 1981 TO 2010
CLIMATE RECORD PERIOD 1906 TO 2020


WEATHER ITEM   OBSERVED TIME   RECORD YEAR NORMAL DEPARTURE LAST
                VALUE   (LST)  VALUE       VALUE  FROM      YEAR
                                                  NORMAL
..................................................................
TEMPERATURE (F)
 YESTERDAY
  MAXIMUM         68    212 PM  99    1964  73     -5       76
  MINIMUM         52    701 AM  32    1949  48      4       50
  AVERAGE         60                        61     -1       63

PRECIPITATION (IN)
  YESTERDAY        0.00          0.84 2004   0.02  -0.02     0.00
  MONTH TO DATE    0.00                      0.26  -0.26     0.00
  SINCE OCT 1      0.00                      0.26  -0.26     0.00
  SINCE JAN 1      6.50                     10.16  -3.66    12.94

SNOWFALL (IN)
  YESTERDAY        0.0
  MONTH TO DATE    0.0
  SINCE SEP 1      0.0
  SINCE JUL 1      0.0

DEGREE DAYS
 HEATING
  YESTERDAY        5                         5      0
  MONTH TO DATE   18                        80    -62
  SINCE SEP 1     50                       161   -111
  SINCE JUL 1    110                       297   -187

 COOLING
  YESTERDAY        0                         1     -1
  MONTH TO DATE  118                        19     99
  SINCE SEP 1    178                        46    132
  SINCE JAN 1    332                       101    231
..................................................................


WIND (MPH)
  HIGHEST WIND SPEED    13   HIGHEST WIND DIRECTION    NW (320)
  HIGHEST GUST SPEED    16   HIGHEST GUST DIRECTION    NW (300)
  AVERAGE WIND SPEED     4.7


SKY COVER
  POSSIBLE SUNSHINE  MM
  AVERAGE SKY COVER 0.7


WEATHER CONDITIONS
 THE FOLLOWING WEATHER WAS RECORDED YESTERDAY.
  FOG
  FOG W/VISIBILITY <= 1/4 MILE
  HAZE


RELATIVE HUMIDITY (PERCENT)
 HIGHEST   100           400 AM
 LOWEST     67          1000 AM
 AVERAGE    84

..........................................................


THE SANTA MARIA AIRPORT CA CLIMATE NORMALS FOR TODAY
                         NORMAL    RECORD    YEAR
 MAXIMUM TEMPERATURE (F)   73        96      1964
                                             1942
 MINIMUM TEMPERATURE (F)   48        32      1949


SUNRISE AND SUNSET
OCTOBER 20 2020.......SUNRISE   712 AM PDT   SUNSET   620 PM PDT
OCTOBER 21 2020.......SUNRISE   713 AM PDT   SUNSET   619 PM PDT


-  INDICATES NEGATIVE NUMBERS.
R  INDICATES RECORD WAS SET OR TIED.
MM INDICATES DATA IS MISSING.
T  INDICATES TRACE AMOUNT.




$$
