000
CDUS46 KSGX 160024
CLISNA


CLIMATE REPORT
NATIONAL WEATHER SERVICE SAN DIEGO, CA
424 PM PST SAT DEC 15 2018


...................................

...THE JOHN WAYNE AIRPORT CA CLIMATE SUMMARY FOR DECEMBER 15 2018...
VALID TODAY AS OF 0400 PM LOCAL TIME.

CLIMATE NORMAL PERIOD 1981 TO 2010
CLIMATE RECORD PERIOD 1999 TO 2018


WEATHER ITEM   OBSERVED TIME   RECORD YEAR NORMAL DEPARTURE LAST
                VALUE   (LST)  VALUE       VALUE  FROM      YEAR
                                                  NORMAL
..................................................................
TEMPERATURE (F)
 TODAY
  MAXIMUM         70    114 PM  85    2013  66      4       78
  MINIMUM         48    625 AM  38    2015  46      2       47
  AVERAGE         59                        56      3       63

PRECIPITATION (IN)
  TODAY            0.00          1.50 2008   0.05  -0.05     0.00
  MONTH TO DATE    3.49                      0.63   2.86     0.00
  SINCE OCT 1      5.52                      2.63   2.89      T
  SINCE JAN 1      8.30                     11.88  -3.58     9.69

DEGREE DAYS
 HEATING
  TODAY            6                         9     -3        2
  MONTH TO DATE   93                       126    -33       24
  SINCE DEC 1     93                       126    -33       24
  SINCE JUL 1    132                       279   -147       57

 COOLING
  TODAY            0                         0      0        0
  MONTH TO DATE    0                         0      0       18
  SINCE DEC 1      0                         0      0       18
  SINCE JAN 1   1369                       876    493     1303
..................................................................


WIND (MPH)
  RESULTANT WIND SPEED   1   RESULTANT WIND DIRECTION  SE (120)
  HIGHEST WIND SPEED     7   HIGHEST WIND DIRECTION    SW (240)
  HIGHEST GUST SPEED    11   HIGHEST GUST DIRECTION     S (170)
  AVERAGE WIND SPEED     1.7


SKY COVER
  POSSIBLE SUNSHINE  MM
  AVERAGE SKY COVER 0.1


WEATHER CONDITIONS
 THE FOLLOWING WEATHER WAS RECORDED TODAY.
  NO SIGNIFICANT WEATHER WAS OBSERVED.


RELATIVE HUMIDITY (PERCENT)
 HIGHEST    80           600 AM
 LOWEST     31           100 PM
 AVERAGE    56

..........................................................


THE JOHN WAYNE AIRPORT CA CLIMATE NORMALS FOR TOMORROW
                         NORMAL    RECORD    YEAR
 MAXIMUM TEMPERATURE (F)   65        79      2013
                                             1999
 MINIMUM TEMPERATURE (F)   46        38      2001


SUNRISE AND SUNSET
DECEMBER 15 2018......SUNRISE   649 AM PST   SUNSET   445 PM PST
DECEMBER 16 2018......SUNRISE   649 AM PST   SUNSET   445 PM PST


-  INDICATES NEGATIVE NUMBERS.
R  INDICATES RECORD WAS SET OR TIED.
MM INDICATES DATA IS MISSING.
T  INDICATES TRACE AMOUNT.




$$
