000
CDUS46 KSGX 300935
CLISNA


CLIMATE REPORT
NATIONAL WEATHER SERVICE SAN DIEGO, CA
235 AM PDT FRI OCT 30 2020


...................................

...THE JOHN WAYNE AIRPORT CA CLIMATE SUMMARY FOR OCTOBER 29 2020...

CLIMATE NORMAL PERIOD 1981 TO 2010
CLIMATE RECORD PERIOD 1999 TO 2020


WEATHER ITEM   OBSERVED TIME   RECORD YEAR NORMAL DEPARTURE LAST
                VALUE   (LST)  VALUE       VALUE  FROM      YEAR
                                                  NORMAL
..................................................................
TEMPERATURE (F)
 YESTERDAY
  MAXIMUM         81    203 PM  85    2014  74      7       73
  MINIMUM         54    600 AM  46    2009  56     -2       56
  AVERAGE         68                        65      3       65

PRECIPITATION (IN)
  YESTERDAY        0.00          0.30 2000   0.04  -0.04     0.00
  MONTH TO DATE    T                         0.68  -0.68     0.00
  SINCE OCT 1      T                         0.68  -0.68     0.00
  SINCE JAN 1      6.47                      9.93  -3.46    12.54

DEGREE DAYS
 HEATING
  YESTERDAY        0                         2     -2        0
  MONTH TO DATE    0                        20    -20        0
  SINCE SEP 1      0                        21    -21        0
  SINCE JUL 1      0                        21    -21        0

 COOLING
  YESTERDAY        3                         2      1        0
  MONTH TO DATE  241                        82    159      187
  SINCE SEP 1    571                       279    292      505
  SINCE JAN 1   1649                       850    799     1182
..................................................................


WIND (MPH)
  RESULTANT WIND SPEED   2   RESULTANT WIND DIRECTION   S (190)
  HIGHEST WIND SPEED    12   HIGHEST WIND DIRECTION     S (200)
  HIGHEST GUST SPEED    14   HIGHEST GUST DIRECTION     S (190)
  AVERAGE WIND SPEED     2.5


SKY COVER
  POSSIBLE SUNSHINE  MM
  AVERAGE SKY COVER 0.0


WEATHER CONDITIONS
 THE FOLLOWING WEATHER WAS RECORDED YESTERDAY.
  HAZE


RELATIVE HUMIDITY (PERCENT)
 HIGHEST    73           700 PM
 LOWEST     30          1200 PM
 AVERAGE    52

..........................................................


THE JOHN WAYNE AIRPORT CA CLIMATE NORMALS FOR TODAY
                         NORMAL    RECORD    YEAR
 MAXIMUM TEMPERATURE (F)   74        89      1999
 MINIMUM TEMPERATURE (F)   56        50      2009


SUNRISE AND SUNSET
OCTOBER 30 2020.......SUNRISE   709 AM PDT   SUNSET   601 PM PDT
OCTOBER 31 2020.......SUNRISE   710 AM PDT   SUNSET   600 PM PDT


-  INDICATES NEGATIVE NUMBERS.
R  INDICATES RECORD WAS SET OR TIED.
MM INDICATES DATA IS MISSING.
T  INDICATES TRACE AMOUNT.




$$
