000
CDUS46 KSGX 250024
CLISNA


CLIMATE REPORT
NATIONAL WEATHER SERVICE SAN DIEGO, CA
524 PM PDT SUN MAY 24 2020


...................................

...THE JOHN WAYNE AIRPORT CA CLIMATE SUMMARY FOR MAY 24 2020...
VALID TODAY AS OF 0500 PM LOCAL TIME.

CLIMATE NORMAL PERIOD 1981 TO 2010
CLIMATE RECORD PERIOD 1999 TO 2020


WEATHER ITEM   OBSERVED TIME   RECORD YEAR NORMAL DEPARTURE LAST
                VALUE   (LST)  VALUE       VALUE  FROM      YEAR
                                                  NORMAL
..................................................................
TEMPERATURE (F)
 TODAY
  MAXIMUM         75    216 PM  80    2006  72      3       71
  MINIMUM         62    431 AM  53    2019  59      3       53
                                      2008
  AVERAGE         69                        66      3       62

PRECIPITATION (IN)
  TODAY            0.00          T    2007   0.00   0.00     0.00
                                      2007
                                      2018
  MONTH TO DATE    0.01                      0.22  -0.21     0.49
  SINCE OCT 1     12.76                     12.95  -0.19    18.00
  SINCE JAN 1      6.46                      8.87  -2.41    12.46

DEGREE DAYS
 HEATING
  TODAY            0                         1     -1        3
  MONTH TO DATE    0                        35    -35       43
  SINCE MAR 1    148                       336   -188      235
  SINCE JUL 1    659                      1242   -583      999

 COOLING
  TODAY            4                         1      3        0
  MONTH TO DATE  153                        24    129        3
  SINCE MAR 1    245                        45    200       30
  SINCE JAN 1    278                        53    225       32
..................................................................


WIND (MPH)
  RESULTANT WIND SPEED   4   RESULTANT WIND DIRECTION  SW (220)
  HIGHEST WIND SPEED    13   HIGHEST WIND DIRECTION    SW (220)
  HIGHEST GUST SPEED    18   HIGHEST GUST DIRECTION     S (200)
  AVERAGE WIND SPEED     4.1


SKY COVER
  POSSIBLE SUNSHINE  MM
  AVERAGE SKY COVER 0.4


WEATHER CONDITIONS
 THE FOLLOWING WEATHER WAS RECORDED TODAY.
  NO SIGNIFICANT WEATHER WAS OBSERVED.


RELATIVE HUMIDITY (PERCENT)
 HIGHEST    78          1200 AM
 LOWEST     53          1100 AM
 AVERAGE    66

..........................................................


THE JOHN WAYNE AIRPORT CA CLIMATE NORMALS FOR TOMORROW
                         NORMAL    RECORD    YEAR
 MAXIMUM TEMPERATURE (F)   72        77      2014
 MINIMUM TEMPERATURE (F)   59        51      2008


SUNRISE AND SUNSET
MAY 24 2020...........SUNRISE   545 AM PDT   SUNSET   752 PM PDT
MAY 25 2020...........SUNRISE   545 AM PDT   SUNSET   753 PM PDT


-  INDICATES NEGATIVE NUMBERS.
R  INDICATES RECORD WAS SET OR TIED.
MM INDICATES DATA IS MISSING.
T  INDICATES TRACE AMOUNT.




$$
