000
CDUS46 KSGX 180117
CLISNA


CLIMATE REPORT
NATIONAL WEATHER SERVICE SAN DIEGO, CA
517 PM PST SAT FEB 17 2018


...................................

...THE JOHN WAYNE AIRPORT CA CLIMATE SUMMARY FOR FEBRUARY 17 2018...
VALID TODAY AS OF 0500 PM LOCAL TIME.

CLIMATE NORMAL PERIOD 1981 TO 2010
CLIMATE RECORD PERIOD 1999 TO 2018


WEATHER ITEM   OBSERVED TIME   RECORD YEAR NORMAL DEPARTURE LAST
                VALUE   (LST)  VALUE       VALUE  FROM      YEAR
                                                  NORMAL
..................................................................
TEMPERATURE (F)
 TODAY
  MAXIMUM         72    313 PM  89    2007  66      6       60
  MINIMUM         48    644 AM  45    2011  49     -1       53
  AVERAGE         60                        57      3       57

PRECIPITATION (IN)
  TODAY            0.00          1.58 2017   0.13  -0.13     1.58
  MONTH TO DATE    T                         1.59  -1.59     3.33
  SINCE OCT 1      1.11                      8.58  -7.47    15.26
  SINCE JAN 1      1.10                      4.50  -3.40     9.07

DEGREE DAYS
 HEATING
  TODAY            5                         8     -3        8
  MONTH TO DATE   47                       136    -89       89
  SINCE DEC 1    305                       675   -370      567
  SINCE JUL 1    338                       828   -490      645

 COOLING
  TODAY            0                         0      0        0
  MONTH TO DATE    3                         0      3        0
  SINCE DEC 1     44                         6     38        0
  SINCE JAN 1     26                         5     21        0
..................................................................


WIND (MPH)
  RESULTANT WIND SPEED   2   RESULTANT WIND DIRECTION  SW (240)
  HIGHEST WIND SPEED    10   HIGHEST WIND DIRECTION    SW (220)
  HIGHEST GUST SPEED    16   HIGHEST GUST DIRECTION    SW (210)
  AVERAGE WIND SPEED     2.8


SKY COVER
  POSSIBLE SUNSHINE  MM
  AVERAGE SKY COVER 0.1


WEATHER CONDITIONS
 THE FOLLOWING WEATHER WAS RECORDED TODAY.
  NO SIGNIFICANT WEATHER WAS OBSERVED.


RELATIVE HUMIDITY (PERCENT)
 HIGHEST    50           400 AM
 LOWEST     20           100 PM
 AVERAGE    35

..........................................................


THE JOHN WAYNE AIRPORT CA CLIMATE NORMALS FOR TOMORROW
                         NORMAL    RECORD    YEAR
 MAXIMUM TEMPERATURE (F)   66        73      2007
 MINIMUM TEMPERATURE (F)   49        45      2009
                                             2006


SUNRISE AND SUNSET
FEBRUARY 17 2018......SUNRISE   634 AM PST   SUNSET   538 PM PST
FEBRUARY 18 2018......SUNRISE   632 AM PST   SUNSET   539 PM PST


-  INDICATES NEGATIVE NUMBERS.
R  INDICATES RECORD WAS SET OR TIED.
MM INDICATES DATA IS MISSING.
T  INDICATES TRACE AMOUNT.




$$
