000
CDUS46 KSGX 201140
CLISNA


CLIMATE REPORT
NATIONAL WEATHER SERVICE SAN DIEGO, CA
440 AM PDT WED JUN 20 2018


...................................

...THE JOHN WAYNE AIRPORT CA CLIMATE SUMMARY FOR JUNE 19 2018...

CLIMATE NORMAL PERIOD 1981 TO 2010
CLIMATE RECORD PERIOD 1999 TO 2018


WEATHER ITEM   OBSERVED TIME   RECORD YEAR NORMAL DEPARTURE LAST
                VALUE   (LST)  VALUE       VALUE  FROM      YEAR
                                                  NORMAL
..................................................................
TEMPERATURE (F)
 YESTERDAY
  MAXIMUM         74    129 PM  95    2016  74      0       82
  MINIMUM         62    246 AM  58    2005  61      1       63
  AVERAGE         68                        68      0       73

PRECIPITATION (IN)
  YESTERDAY        0.00          T    2011   0.00   0.00     0.00
  MONTH TO DATE    0.00                      0.07  -0.07      T
  SINCE OCT 1      2.79                     13.03 -10.24    15.88
  SINCE JAN 1      2.78                      8.95  -6.17     9.69

DEGREE DAYS
 HEATING
  YESTERDAY        0                         0      0        0
  MONTH TO DATE    0                         0      0        1
  SINCE JUN 1      0                         0      0        1
  SINCE JUL 1    709                      1245   -536      881

 COOLING
  YESTERDAY        3                         3      0        8
  MONTH TO DATE   68                        40     28       65
  SINCE JUN 1     68                        40     28       65
  SINCE JAN 1    139                       107     32      175
..................................................................


WIND (MPH)
  RESULTANT WIND SPEED   4   RESULTANT WIND DIRECTION  SW (210)
  HIGHEST WIND SPEED    14   HIGHEST WIND DIRECTION     S (200)
  HIGHEST GUST SPEED    21   HIGHEST GUST DIRECTION    SW (220)
  AVERAGE WIND SPEED     5.6


SKY COVER
  POSSIBLE SUNSHINE  MM
  AVERAGE SKY COVER 0.4


WEATHER CONDITIONS
 THE FOLLOWING WEATHER WAS RECORDED YESTERDAY.
  HAZE


RELATIVE HUMIDITY (PERCENT)
 HIGHEST    84           300 AM
 LOWEST     57          1000 AM
 AVERAGE    71

..........................................................


THE JOHN WAYNE AIRPORT CA CLIMATE NORMALS FOR TODAY
                         NORMAL    RECORD    YEAR
 MAXIMUM TEMPERATURE (F)   74        96      2016
 MINIMUM TEMPERATURE (F)   61        59      2005
                                             1999


SUNRISE AND SUNSET
JUNE 20 2018..........SUNRISE   541 AM PDT   SUNSET   805 PM PDT
JUNE 21 2018..........SUNRISE   542 AM PDT   SUNSET   805 PM PDT


-  INDICATES NEGATIVE NUMBERS.
R  INDICATES RECORD WAS SET OR TIED.
MM INDICATES DATA IS MISSING.
T  INDICATES TRACE AMOUNT.




$$
