000
CDUS46 KSGX 240020
CLISNA


CLIMATE REPORT
NATIONAL WEATHER SERVICE SAN DIEGO, CA
520 PM PDT WED OCT 23 2019


...................................

...THE JOHN WAYNE AIRPORT CA CLIMATE SUMMARY FOR OCTOBER 23 2019...
VALID TODAY AS OF 0500 PM LOCAL TIME.

CLIMATE NORMAL PERIOD 1981 TO 2010
CLIMATE RECORD PERIOD 1999 TO 2019


WEATHER ITEM   OBSERVED TIME   RECORD YEAR NORMAL DEPARTURE LAST
                VALUE   (LST)  VALUE       VALUE  FROM      YEAR
                                                  NORMAL
..................................................................
TEMPERATURE (F)
 TODAY
  MAXIMUM         88   1256 PM  99    2007  75     13       73
  MINIMUM         64    644 AM  54    2004  57      7       63
  AVERAGE         76                        66     10       68

PRECIPITATION (IN)
  TODAY            0.00          0.22 2016   0.03  -0.03     0.00
  MONTH TO DATE    0.00                      0.48  -0.48     0.84
  SINCE OCT 1      0.00                      0.48  -0.48     0.84
  SINCE JAN 1     12.54                      9.73   2.81     3.62

DEGREE DAYS
 HEATING
  TODAY            0                         1     -1        0
  MONTH TO DATE    0                        10    -10        1
  SINCE SEP 1      0                        11    -11        1
  SINCE JUL 1      0                        11    -11        1

 COOLING
  TODAY           11                         2      9        3
  MONTH TO DATE  142                        70     72      125
  SINCE SEP 1    460                       267    193      349
  SINCE JAN 1   1137                       838    299     1293
..................................................................


WIND (MPH)
  RESULTANT WIND SPEED   3   RESULTANT WIND DIRECTION   S (200)
  HIGHEST WIND SPEED    14   HIGHEST WIND DIRECTION    SW (210)
  HIGHEST GUST SPEED    16   HIGHEST GUST DIRECTION    SW (210)
  AVERAGE WIND SPEED     3.3


SKY COVER
  POSSIBLE SUNSHINE  MM
  AVERAGE SKY COVER 0.0


WEATHER CONDITIONS
 THE FOLLOWING WEATHER WAS RECORDED TODAY.
  NO SIGNIFICANT WEATHER WAS OBSERVED.


RELATIVE HUMIDITY (PERCENT)
 HIGHEST    52           300 AM
 LOWEST     20           100 PM
 AVERAGE    36

..........................................................


THE JOHN WAYNE AIRPORT CA CLIMATE NORMALS FOR TOMORROW
                         NORMAL    RECORD    YEAR
 MAXIMUM TEMPERATURE (F)   74       106      2017
 MINIMUM TEMPERATURE (F)   57        55      2004


SUNRISE AND SUNSET
OCTOBER 23 2019.......SUNRISE   703 AM PDT   SUNSET   609 PM PDT
OCTOBER 24 2019.......SUNRISE   703 AM PDT   SUNSET   607 PM PDT


-  INDICATES NEGATIVE NUMBERS.
R  INDICATES RECORD WAS SET OR TIED.
MM INDICATES DATA IS MISSING.
T  INDICATES TRACE AMOUNT.




$$
