000
CDUS46 KMTR 230028
CLISNS


CLIMATE REPORT
NATIONAL WEATHER SERVICE SAN FRANCISCO BAY AREA
526 PM PDT TUE OCT 22 2019


...................................

...THE SALINAS AIRPORT CLIMATE SUMMARY FOR OCTOBER 22 2019...
VALID TODAY AS OF 0500 PM LOCAL TIME.

CLIMATE NORMAL PERIOD 1981 TO 2010
CLIMATE RECORD PERIOD 1930 TO 2019


WEATHER ITEM   OBSERVED TIME   RECORD YEAR NORMAL DEPARTURE LAST
                VALUE   (LST)  VALUE       VALUE  FROM      YEAR
                                                  NORMAL
..................................................................
TEMPERATURE (F)
 TODAY
  MAXIMUM         89   1234 PM  98    1965  72     17       65
  MINIMUM         50    521 AM  30    1935  49      1       51
  AVERAGE         70                        60     10       58

PRECIPITATION (IN)
  TODAY            0.00          0.50 1973   0.02  -0.02     0.00
  MONTH TO DATE    0.00                      0.35  -0.35     0.67
  SINCE OCT 1      0.00                      0.35  -0.35     0.67
  SINCE JAN 1      9.18                      9.27  -0.09     7.05

DEGREE DAYS
 HEATING
  TODAY            0                         5     -5        7
  MONTH TO DATE  101                        86     15       53
  SINCE SEP 1    131                       146    -15      146
  SINCE JUL 1    201                       281    -80      248

 COOLING
  TODAY            5                         1      4        0
  MONTH TO DATE   15                        22     -7       11
  SINCE SEP 1     99                        58     41       16
  SINCE JAN 1    251                       127    124       57
..................................................................


WIND (MPH)
  RESULTANT WIND SPEED   1   RESULTANT WIND DIRECTION  SE (140)
  HIGHEST WIND SPEED    18   HIGHEST WIND DIRECTION    NW (300)
  HIGHEST GUST SPEED    22   HIGHEST GUST DIRECTION     W (290)
  AVERAGE WIND SPEED     6.6


SKY COVER
  POSSIBLE SUNSHINE  MM
  AVERAGE SKY COVER 0.0


WEATHER CONDITIONS
 THE FOLLOWING WEATHER WAS RECORDED TODAY.
  NO SIGNIFICANT WEATHER WAS OBSERVED.


RELATIVE HUMIDITY (PERCENT)
 HIGHEST    77          1200 AM
 LOWEST     21           100 PM
 AVERAGE    49

..........................................................


THE SALINAS AIRPORT CLIMATE NORMALS FOR TOMORROW
                         NORMAL    RECORD    YEAR
 MAXIMUM TEMPERATURE (F)   72        99      1965
 MINIMUM TEMPERATURE (F)   49        33      1961


SUNRISE AND SUNSET
OCTOBER 22 2019.......SUNRISE   720 AM PDT   SUNSET   621 PM PDT
OCTOBER 23 2019.......SUNRISE   721 AM PDT   SUNSET   620 PM PDT


-  INDICATES NEGATIVE NUMBERS.
R  INDICATES RECORD WAS SET OR TIED.
MM INDICATES DATA IS MISSING.
T  INDICATES TRACE AMOUNT.




$$
