000
CDUS46 KMTR 150842
CLISNS


CLIMATE REPORT
NATIONAL WEATHER SERVICE SAN FRANCISCO BAY AREA
142 AM PDT MON OCT 15 2018


...................................

...THE SALINAS AIRPORT CLIMATE SUMMARY FOR OCTOBER 14 2018...

CLIMATE NORMAL PERIOD 1981 TO 2010
CLIMATE RECORD PERIOD 1930 TO 2018


WEATHER ITEM   OBSERVED TIME   RECORD YEAR NORMAL DEPARTURE LAST
                VALUE   (LST)  VALUE       VALUE  FROM      YEAR
                                                  NORMAL
..................................................................
TEMPERATURE (F)
 YESTERDAY
  MAXIMUM         70   1226 PM 102    1961  73     -3       85
  MINIMUM         50   1159 PM  38    1960  50      0       42
  AVERAGE         60                        62     -2       64

PRECIPITATION (IN)
  YESTERDAY        0.00          0.42 1938   0.01  -0.01     0.00
  MONTH TO DATE    0.67                      0.19   0.48     0.00
  SINCE OCT 1      0.67                      0.19   0.48     0.00
  SINCE JAN 1      7.05                      9.11  -2.06    12.49

DEGREE DAYS
 HEATING
  YESTERDAY        5                         4      1        1
  MONTH TO DATE   22                        49    -27       54
  SINCE SEP 1    115                       109      6       84
  SINCE JUL 1    217                       244    -27      175

 COOLING
  YESTERDAY        0                         1     -1        0
  MONTH TO DATE   11                        14     -3        2
  SINCE SEP 1     16                        50    -34      147
  SINCE JAN 1     57                       119    -62      215
..................................................................


WIND (MPH)
  RESULTANT WIND SPEED   3   RESULTANT WIND DIRECTION  NW (330)
  HIGHEST WIND SPEED    15   HIGHEST WIND DIRECTION    NW (310)
  HIGHEST GUST SPEED    19   HIGHEST GUST DIRECTION     W (290)
  AVERAGE WIND SPEED     5.7


SKY COVER
  POSSIBLE SUNSHINE  MM
  AVERAGE SKY COVER 0.4


WEATHER CONDITIONS
 THE FOLLOWING WEATHER WAS RECORDED YESTERDAY.
  NO SIGNIFICANT WEATHER WAS OBSERVED.


RELATIVE HUMIDITY (PERCENT)
 HIGHEST    89          1100 PM
 LOWEST     47          1200 PM
 AVERAGE    68

..........................................................


THE SALINAS AIRPORT CLIMATE NORMALS FOR TODAY
                         NORMAL    RECORD    YEAR
 MAXIMUM TEMPERATURE (F)   73       102      1961
 MINIMUM TEMPERATURE (F)   50        36      1966


SUNRISE AND SUNSET
OCTOBER 15 2018.......SUNRISE   714 AM PDT   SUNSET   630 PM PDT
OCTOBER 16 2018.......SUNRISE   715 AM PDT   SUNSET   628 PM PDT


-  INDICATES NEGATIVE NUMBERS.
R  INDICATES RECORD WAS SET OR TIED.
MM INDICATES DATA IS MISSING.
T  INDICATES TRACE AMOUNT.




$$
