000
CDUS46 KMTR 050843
CLISNS

CLIMATE REPORT
NATIONAL WEATHER SERVICE SAN FRANCISCO BAY AREA
143 AM PDT FRI JUN 05 2020

...................................

...THE SALINAS AIRPORT CLIMATE SUMMARY FOR JUNE 4 2020...

CLIMATE NORMAL PERIOD: 1981 TO 2010
CLIMATE RECORD PERIOD: 1930 TO 2020


WEATHER ITEM   OBSERVED TIME   RECORD YEAR NORMAL DEPARTURE LAST
                VALUE   (LST)  VALUE       VALUE  FROM      YEAR
                                                  NORMAL
...................................................................
TEMPERATURE (F)
 YESTERDAY
  MAXIMUM         80   9:57 AM  92    1949  69     11       76
  MINIMUM         57   5:43 AM  43    1939  52      5       57
  AVERAGE         69                        61      8       67

PRECIPITATION (IN)
  YESTERDAY        0.00          0.16 2012   0.01  -0.01     0.00
  MONTH TO DATE    0.00                      0.03  -0.03     0.00
  SINCE OCT 1      9.16                     12.57  -3.41    13.80
  SINCE JAN 1      4.10                      8.66  -4.56     9.03

DEGREE DAYS
 HEATING
  YESTERDAY        0                         5     -5        0
  MONTH TO DATE    1                        20    -19        2
  SINCE JUN 1      1                        20    -19        2
  SINCE JUL 1   2243                      2593   -350     2235

 COOLING
  YESTERDAY        4                         0      4        2
  MONTH TO DATE   18                         0     18        3
  SINCE JUN 1     18                         0     18        3
  SINCE JAN 1     47                        16     31       11
...................................................................


WIND (MPH)
  RESULTANT WIND SPEED   8   RESULTANT WIND DIRECTION  NW (330)
  HIGHEST WIND SPEED    20   HIGHEST WIND DIRECTION    NW (320)
  HIGHEST GUST SPEED    25   HIGHEST GUST DIRECTION    NW (320)
  AVERAGE WIND SPEED     9.0


SKY COVER
  POSSIBLE SUNSHINE  MM
  AVERAGE SKY COVER 0.3


WEATHER CONDITIONS
THE FOLLOWING WEATHER WAS RECORDED YESTERDAY.
  FOG
  HAZE


RELATIVE HUMIDITY (PERCENT)
 HIGHEST    87           4:00 AM
 LOWEST     45          10:00 AM
 AVERAGE    66

..........................................................


THE SALINAS AIRPORT CLIMATE NORMALS FOR TODAY
                         NORMAL    RECORD    YEAR
 MAXIMUM TEMPERATURE (F)   69        87      1949
 MINIMUM TEMPERATURE (F)   52        43      1935


SUNRISE AND SUNSET
JUNE  5 2020..........SUNRISE   5:48 AM PDT   SUNSET   8:22 PM PDT
JUNE  6 2020..........SUNRISE   5:48 AM PDT   SUNSET   8:23 PM PDT


-  INDICATES NEGATIVE NUMBERS.
R  INDICATES RECORD WAS SET OR TIED.
MM INDICATES DATA IS MISSING.
T  INDICATES TRACE AMOUNT.




$$
