000
CDUS46 KMTR 230835
CLISNS


CLIMATE REPORT
NATIONAL WEATHER SERVICE SAN FRANCISCO BAY AREA
1235 AM PST FRI FEB 23 2018


...................................

...THE SALINAS AIRPORT CLIMATE SUMMARY FOR FEBRUARY 22 2018...

CLIMATE NORMAL PERIOD 1981 TO 2010
CLIMATE RECORD PERIOD 1930 TO 2018


WEATHER ITEM   OBSERVED TIME   RECORD YEAR NORMAL DEPARTURE LAST
                VALUE   (LST)  VALUE       VALUE  FROM      YEAR
                                                  NORMAL
..................................................................
TEMPERATURE (F)
 YESTERDAY
  MAXIMUM         56    131 PM  82    1947  63     -7       56
  MINIMUM         35    500 AM  30    1975  44     -9       40
  AVERAGE         46                        54     -8       48

PRECIPITATION (IN)
  YESTERDAY        T             1.84 2001   0.09  -0.09     0.00
  MONTH TO DATE    T                         1.97  -1.97     4.34
  SINCE OCT 1      2.51                      8.48  -5.97    14.20
  SINCE JAN 1      1.73                      4.57  -2.84    10.20

DEGREE DAYS
 HEATING
  YESTERDAY       19                        12      7       17
  MONTH TO DATE  205                       270    -65      191
  SINCE DEC 1    835                      1130   -295     1082
  SINCE JUL 1   1271                      1748   -477     1652

 COOLING
  YESTERDAY        0                         0      0        0
  MONTH TO DATE    0                         0      0        0
  SINCE DEC 1      0                         0      0        0
  SINCE JAN 1      0                         0      0        0
..................................................................


WIND (MPH)
  RESULTANT WIND SPEED   7   RESULTANT WIND DIRECTION   W (260)
  HIGHEST WIND SPEED    26   HIGHEST WIND DIRECTION     W (260)
  HIGHEST GUST SPEED    35   HIGHEST GUST DIRECTION     W (280)
  AVERAGE WIND SPEED     9.8


SKY COVER
  POSSIBLE SUNSHINE  MM
  AVERAGE SKY COVER 0.4


WEATHER CONDITIONS
 THE FOLLOWING WEATHER WAS RECORDED YESTERDAY.
  FOG


RELATIVE HUMIDITY (PERCENT)
 HIGHEST    89           400 AM
 LOWEST     46          1200 PM
 AVERAGE    68

..........................................................


THE SALINAS AIRPORT CLIMATE NORMALS FOR TODAY
                         NORMAL    RECORD    YEAR
 MAXIMUM TEMPERATURE (F)   63        85      1954
 MINIMUM TEMPERATURE (F)   44        33      1997


SUNRISE AND SUNSET
FEBRUARY 23 2018......SUNRISE   645 AM PST   SUNSET   555 PM PST
FEBRUARY 24 2018......SUNRISE   643 AM PST   SUNSET   556 PM PST


-  INDICATES NEGATIVE NUMBERS.
R  INDICATES RECORD WAS SET OR TIED.
MM INDICATES DATA IS MISSING.
T  INDICATES TRACE AMOUNT.




$$
