000
CDUS46 KMTR 150827
CLISNS


CLIMATE REPORT
NATIONAL WEATHER SERVICE SAN FRANCISCO BAY AREA
127 AM PDT SUN JUL 15 2018


...................................

...THE SALINAS AIRPORT CLIMATE SUMMARY FOR JULY 14 2018...

CLIMATE NORMAL PERIOD 1981 TO 2010
CLIMATE RECORD PERIOD 1930 TO 2018


WEATHER ITEM   OBSERVED TIME   RECORD YEAR NORMAL DEPARTURE LAST
                VALUE   (LST)  VALUE       VALUE  FROM      YEAR
                                                  NORMAL
..................................................................
TEMPERATURE (F)
 YESTERDAY
  MAXIMUM         70    238 PM  96    1935  71     -1       69
  MINIMUM         57   1159 PM  47    1932  55      2       53
  AVERAGE         64                        63      1       61

PRECIPITATION (IN)
  YESTERDAY        0.00          0.00 2006   0.00   0.00     0.00
  MONTH TO DATE    0.01                      0.00   0.01     0.00
  SINCE OCT 1      7.16                     12.63  -5.47    16.45
  SINCE JAN 1      6.38                      8.72  -2.34    12.45

DEGREE DAYS
 HEATING
  YESTERDAY        1                         3     -2        4
  MONTH TO DATE   16                        42    -26       39
  SINCE JUN 1    110                       155    -45      109
  SINCE JUL 1     16                        42    -26       39

 COOLING
  YESTERDAY        0                         1     -1        0
  MONTH TO DATE   15                        14      1        6
  SINCE JUN 1     19                        26     -7       15
  SINCE JAN 1     25                        42    -17       33
..................................................................


WIND (MPH)
  RESULTANT WIND SPEED  10   RESULTANT WIND DIRECTION  NW (310)
  HIGHEST WIND SPEED    18   HIGHEST WIND DIRECTION    NW (310)
  HIGHEST GUST SPEED    23   HIGHEST GUST DIRECTION    NW (300)
  AVERAGE WIND SPEED    10.1


SKY COVER
  POSSIBLE SUNSHINE  MM
  AVERAGE SKY COVER 0.6


WEATHER CONDITIONS
 THE FOLLOWING WEATHER WAS RECORDED YESTERDAY.
  FOG


RELATIVE HUMIDITY (PERCENT)
 HIGHEST   100           100 AM
 LOWEST     61          1200 PM
 AVERAGE    81

..........................................................


THE SALINAS AIRPORT CLIMATE NORMALS FOR TODAY
                         NORMAL    RECORD    YEAR
 MAXIMUM TEMPERATURE (F)   71        86      1998
 MINIMUM TEMPERATURE (F)   55        45      1934


SUNRISE AND SUNSET
JULY 15 2018..........SUNRISE   600 AM PDT   SUNSET   825 PM PDT
JULY 16 2018..........SUNRISE   600 AM PDT   SUNSET   824 PM PDT


-  INDICATES NEGATIVE NUMBERS.
R  INDICATES RECORD WAS SET OR TIED.
MM INDICATES DATA IS MISSING.
T  INDICATES TRACE AMOUNT.




$$
