000
CDUS46 KMTR 200832
CLISNS

CLIMATE REPORT
NATIONAL WEATHER SERVICE SAN FRANCISCO BAY AREA
132 AM PDT TUE OCT 20 2020

...................................

...THE SALINAS AIRPORT CLIMATE SUMMARY FOR OCTOBER 19 2020...

CLIMATE NORMAL PERIOD: 1981 TO 2010
CLIMATE RECORD PERIOD: 1930 TO 2020


WEATHER ITEM   OBSERVED TIME   RECORD YEAR NORMAL DEPARTURE LAST
                VALUE   (LST)  VALUE       VALUE  FROM      YEAR
                                                  NORMAL
...................................................................
TEMPERATURE (F)
 YESTERDAY
  MAXIMUM         78  11:56 AM  97    1964  73      5       72
  MINIMUM         54   8:17 AM  31    1939  49      5       44
  AVERAGE         66                        61      5       58

PRECIPITATION (IN)
  YESTERDAY        0.00          0.85 2004   0.02  -0.02     0.00
  MONTH TO DATE    T                         0.29  -0.29     0.00
  SINCE OCT 1      T                         0.29  -0.29     0.00
  SINCE JAN 1      4.12                      9.21  -5.09     9.18

DEGREE DAYS
 HEATING
  YESTERDAY        0                         5     -5        7
  MONTH TO DATE   15                        71    -56       99
  SINCE SEP 1     41                       131    -90      129
  SINCE JUL 1     72                       266   -194      199

 COOLING
  YESTERDAY        1                         1      0        0
  MONTH TO DATE   85                        19     66        9
  SINCE SEP 1    173                        55    118       93
  SINCE JAN 1    342                       124    218      245
...................................................................


WIND (MPH)
  RESULTANT WIND SPEED   3   RESULTANT WIND DIRECTION  NW (320)
  HIGHEST WIND SPEED    20   HIGHEST WIND DIRECTION    NW (330)
  HIGHEST GUST SPEED    22   HIGHEST GUST DIRECTION    NW (320)
  AVERAGE WIND SPEED     6.7


SKY COVER
  POSSIBLE SUNSHINE  MM
  AVERAGE SKY COVER 0.6


WEATHER CONDITIONS
THE FOLLOWING WEATHER WAS RECORDED YESTERDAY.
  FOG
  FOG W/VISIBILITY <= 1/4 MILE


RELATIVE HUMIDITY (PERCENT)
 HIGHEST   100           3:00 AM
 LOWEST     39          12:00 PM
 AVERAGE    70

..........................................................


THE SALINAS AIRPORT CLIMATE NORMALS FOR TODAY
                         NORMAL    RECORD    YEAR
 MAXIMUM TEMPERATURE (F)   73        97      1964
 MINIMUM TEMPERATURE (F)   49        34      1949


SUNRISE AND SUNSET
OCTOBER 20 2020.......SUNRISE   7:19 AM PDT   SUNSET   6:23 PM PDT
OCTOBER 21 2020.......SUNRISE   7:20 AM PDT   SUNSET   6:21 PM PDT


-  INDICATES NEGATIVE NUMBERS.
R  INDICATES RECORD WAS SET OR TIED.
MM INDICATES DATA IS MISSING.
T  INDICATES TRACE AMOUNT.




$$
