000
CDUS46 KMTR 230836
CLISNS


CLIMATE REPORT
NATIONAL WEATHER SERVICE SAN FRANCISCO BAY AREA
1236 AM PST WED JAN 23 2019


...................................

...THE SALINAS AIRPORT CLIMATE SUMMARY FOR JANUARY 22 2019...

CLIMATE NORMAL PERIOD 1981 TO 2010
CLIMATE RECORD PERIOD 1930 TO 2019


WEATHER ITEM   OBSERVED TIME   RECORD YEAR NORMAL DEPARTURE LAST
                VALUE   (LST)  VALUE       VALUE  FROM      YEAR
                                                  NORMAL
..................................................................
TEMPERATURE (F)
 YESTERDAY
  MAXIMUM         62    342 PM  80    1968  62      0       58
  MINIMUM         38    552 AM  23    1937  42     -4       46
  AVERAGE         50                        52     -2       52

PRECIPITATION (IN)
  YESTERDAY        0.00          0.90 2017   0.08  -0.08     0.02
  MONTH TO DATE    1.03                      1.82  -0.79     1.46
  SINCE OCT 1      5.80                      5.73   0.07     2.24
  SINCE JAN 1      1.03                      1.82  -0.79     1.46

DEGREE DAYS
 HEATING
  YESTERDAY       15                        13      2       13
  MONTH TO DATE  261                       306    -45      199
  SINCE DEC 1    635                       741   -106      541
  SINCE JUL 1   1134                      1359   -225      977

 COOLING
  YESTERDAY        0                         0      0        0
  MONTH TO DATE    0                         0      0        0
  SINCE DEC 1      0                         0      0        0
  SINCE JAN 1      0                         0      0        0
..................................................................


WIND (MPH)
  RESULTANT WIND SPEED   2   RESULTANT WIND DIRECTION   N (0)
  HIGHEST WIND SPEED    13   HIGHEST WIND DIRECTION     N (350)
  HIGHEST GUST SPEED    15   HIGHEST GUST DIRECTION    NW (310)
  AVERAGE WIND SPEED     3.6


SKY COVER
  POSSIBLE SUNSHINE  MM
  AVERAGE SKY COVER 0.0


WEATHER CONDITIONS
 THE FOLLOWING WEATHER WAS RECORDED YESTERDAY.
  NO SIGNIFICANT WEATHER WAS OBSERVED.


RELATIVE HUMIDITY (PERCENT)
 HIGHEST    92           400 AM
 LOWEST     27           200 PM
 AVERAGE    60

..........................................................


THE SALINAS AIRPORT CLIMATE NORMALS FOR TODAY
                         NORMAL    RECORD    YEAR
 MAXIMUM TEMPERATURE (F)   62        82      1948
 MINIMUM TEMPERATURE (F)   42        24      1937


SUNRISE AND SUNSET
JANUARY 23 2019.......SUNRISE   714 AM PST   SUNSET   522 PM PST
JANUARY 24 2019.......SUNRISE   714 AM PST   SUNSET   523 PM PST


-  INDICATES NEGATIVE NUMBERS.
R  INDICATES RECORD WAS SET OR TIED.
MM INDICATES DATA IS MISSING.
T  INDICATES TRACE AMOUNT.




$$
