000
CDUS45 KPIH 200731
CLISNT


CLIMATE REPORT
NATIONAL WEATHER SERVICE POCATELLO ID
129 AM MDT FRI JUL 20 2018


...................................

...THE STANLEY ID CLIMATE SUMMARY FOR JULY 19 2018...

CLIMATE NORMAL PERIOD 1981 TO 2010
CLIMATE RECORD PERIOD 1916 TO 2018


WEATHER ITEM   OBSERVED TIME   RECORD YEAR NORMAL DEPARTURE LAST
                VALUE   (LST)  VALUE       VALUE  FROM      YEAR
                                                  NORMAL
..................................................................
TEMPERATURE (F)
 YESTERDAY
  MAXIMUM         84    402 PM  90    2003  79      5       85
  MINIMUM         32    603 AM  24    1928  38     -6       36
  AVERAGE         58                        58      0       61

PRECIPITATION (IN)
  YESTERDAY        0.00          0.85 1973   0.02  -0.02     0.00
  MONTH TO DATE    0.00                      0.44  -0.44     0.19
  SINCE OCT 1     19.93                     15.21   4.72    28.32
  SINCE JAN 1     11.69                     10.36   1.33    16.99

SNOWFALL (IN)
  YESTERDAY       MM
  MONTH TO DATE   MM
  SINCE JUN 1     MM
  SINCE JUL 1     MM
  SNOW DEPTH      MM

DEGREE DAYS
 HEATING
  YESTERDAY        7                         7      0        4
  MONTH TO DATE   80                       166    -86       40
  SINCE JUN 1    423                       620   -197      384
  SINCE JUL 1     80                       166    -86       40

 COOLING
  YESTERDAY        0                         0      0        0
  MONTH TO DATE    5                         0      5       15
  SINCE JUN 1      5                         0      5       17
  SINCE JAN 1      5                         0      5       17
..................................................................


WIND (MPH)
  HIGHEST WIND SPEED    13   HIGHEST WIND DIRECTION    NW (300)
  HIGHEST GUST SPEED    20   HIGHEST GUST DIRECTION    NW (310)
  AVERAGE WIND SPEED     4.7


SKY COVER
  POSSIBLE SUNSHINE  MM
  AVERAGE SKY COVER 0.0


WEATHER CONDITIONS
 THE FOLLOWING WEATHER WAS RECORDED YESTERDAY.
  NO SIGNIFICANT WEATHER WAS OBSERVED.


RELATIVE HUMIDITY (PERCENT)
 HIGHEST    69           600 AM
 LOWEST     12          1100 AM
 AVERAGE    41

..........................................................


THE STANLEY ID CLIMATE NORMALS FOR TODAY
                         NORMAL    RECORD    YEAR
 MAXIMUM TEMPERATURE (F)   80        92      1989
 MINIMUM TEMPERATURE (F)   38        26      1926


SUNRISE AND SUNSET
JULY 20 2018..........SUNRISE   615 AM MDT   SUNSET   917 PM MDT
JULY 21 2018..........SUNRISE   616 AM MDT   SUNSET   916 PM MDT


-  INDICATES NEGATIVE NUMBERS.
R  INDICATES RECORD WAS SET OR TIED.
MM INDICATES DATA IS MISSING.
T  INDICATES TRACE AMOUNT.




$$
