000
CDUS45 KPIH 230738
CLISNT


CLIMATE REPORT
NATIONAL WEATHER SERVICE POCATELLO ID
136 AM MDT TUE OCT 23 2018


...................................

...THE STANLEY ID CLIMATE SUMMARY FOR OCTOBER 22 2018...

CLIMATE NORMAL PERIOD 1981 TO 2010
CLIMATE RECORD PERIOD 1916 TO 2018


WEATHER ITEM   OBSERVED TIME   RECORD YEAR NORMAL DEPARTURE LAST
                VALUE   (LST)  VALUE       VALUE  FROM      YEAR
                                                  NORMAL
..................................................................
TEMPERATURE (F)
 YESTERDAY
  MAXIMUM         61    357 PM  75    2003  51     10       48
  MINIMUM         22    737 AM   7    2008  22      0       33
                                      1984
  AVERAGE         42                        36      6       41

PRECIPITATION (IN)
  YESTERDAY        0.00          0.88 1989   0.06  -0.06     0.20
  MONTH TO DATE    1.16                      0.82   0.34     1.39
  SINCE OCT 1      1.16                      0.82   0.34     1.39
  SINCE JAN 1     13.29                     13.03   0.26    21.44

SNOWFALL (IN)
  YESTERDAY       MM
  MONTH TO DATE   MM
  SINCE SEP 1     MM
  SINCE JUL 1     MM
  SNOW DEPTH      MM

DEGREE DAYS
 HEATING
  YESTERDAY       23                        29     -6       24
  MONTH TO DATE  528                       544    -16      630
  SINCE SEP 1   1001                      1065    -64     1063
  SINCE JUL 1   1337                      1585   -248     1278

 COOLING
  YESTERDAY        0                         0      0        0
  MONTH TO DATE    0                         0      0        0
  SINCE SEP 1      0                         0      0        0
  SINCE JAN 1     19                         3     16       25
..................................................................


WIND (MPH)
  HIGHEST WIND SPEED     7   HIGHEST WIND DIRECTION     S (160)
  HIGHEST GUST SPEED    10   HIGHEST GUST DIRECTION     N (360)
  AVERAGE WIND SPEED     1.4


SKY COVER
  POSSIBLE SUNSHINE  MM
  AVERAGE SKY COVER 0.0


WEATHER CONDITIONS
 THE FOLLOWING WEATHER WAS RECORDED YESTERDAY.
  NO SIGNIFICANT WEATHER WAS OBSERVED.


RELATIVE HUMIDITY (PERCENT)
 HIGHEST    81           500 AM
 LOWEST     35           400 PM
 AVERAGE    58

..........................................................


THE STANLEY ID CLIMATE NORMALS FOR TODAY
                         NORMAL    RECORD    YEAR
 MAXIMUM TEMPERATURE (F)   50        68      2005
 MINIMUM TEMPERATURE (F)   22         3      1916


SUNRISE AND SUNSET
OCTOBER 23 2018.......SUNRISE   805 AM MDT   SUNSET   643 PM MDT
OCTOBER 24 2018.......SUNRISE   806 AM MDT   SUNSET   641 PM MDT


-  INDICATES NEGATIVE NUMBERS.
R  INDICATES RECORD WAS SET OR TIED.
MM INDICATES DATA IS MISSING.
T  INDICATES TRACE AMOUNT.




$$
