186
CDUS45 KPIH 180757
CLISNT


CLIMATE REPORT
NATIONAL WEATHER SERVICE POCATELLO ID
1255 AM MST MON FEB 18 2019


...................................

...THE STANLEY ID CLIMATE SUMMARY FOR FEBRUARY 17 2019...

CLIMATE NORMAL PERIOD 1981 TO 2010
CLIMATE RECORD PERIOD 1916 TO 2019


WEATHER ITEM   OBSERVED TIME   RECORD YEAR NORMAL DEPARTURE LAST
                VALUE   (LST)  VALUE       VALUE  FROM      YEAR
                                                  NORMAL
..................................................................
TEMPERATURE (F)
 YESTERDAY
  MAXIMUM         28    232 PM  50    1977  34     -6       37
  MINIMUM          1    956 PM -32    1921   4     -3       14
  AVERAGE         15                        19     -4       26

PRECIPITATION (IN)
  YESTERDAY        0.00          0.80 1986   0.05  -0.05     0.38
  MONTH TO DATE    2.15                      1.14   1.01     0.68
  SINCE OCT 1      8.40                      7.51   0.89    11.15
  SINCE JAN 1      4.22                      2.66   1.56     2.91

SNOWFALL (IN)
  YESTERDAY       MM
  MONTH TO DATE   MM
  SINCE DEC 1     MM
  SINCE JUL 1     MM
  SNOW DEPTH      MM

DEGREE DAYS
 HEATING
  YESTERDAY       50                        46      4       39
  MONTH TO DATE  778                       818    -40      654
  SINCE DEC 1   3881                      3950    -69     3395
  SINCE JUL 1   6635                      7047   -412     6036

 COOLING
  YESTERDAY        0                         0      0        0
  MONTH TO DATE    0                         0      0        0
  SINCE DEC 1      0                         0      0        0
  SINCE JAN 1      0                         0      0        0
..................................................................


WIND (MPH)
  HIGHEST WIND SPEED     8   HIGHEST WIND DIRECTION     S (170)
  HIGHEST GUST SPEED    10   HIGHEST GUST DIRECTION    SE (150)
  AVERAGE WIND SPEED     2.0


SKY COVER
  POSSIBLE SUNSHINE  MM
  AVERAGE SKY COVER 0.0


WEATHER CONDITIONS
 THE FOLLOWING WEATHER WAS RECORDED YESTERDAY.
  NO SIGNIFICANT WEATHER WAS OBSERVED.


RELATIVE HUMIDITY (PERCENT)
 HIGHEST    87          1000 PM
 LOWEST     46           400 PM
 AVERAGE    67

..........................................................


THE STANLEY ID CLIMATE NORMALS FOR TODAY
                         NORMAL    RECORD    YEAR
 MAXIMUM TEMPERATURE (F)   34        52      2015
 MINIMUM TEMPERATURE (F)    4       -31      2006


SUNRISE AND SUNSET
FEBRUARY 18 2019......SUNRISE   735 AM MST   SUNSET   613 PM MST
FEBRUARY 19 2019......SUNRISE   733 AM MST   SUNSET   614 PM MST


-  INDICATES NEGATIVE NUMBERS.
R  INDICATES RECORD WAS SET OR TIED.
MM INDICATES DATA IS MISSING.
T  INDICATES TRACE AMOUNT.




$$
