325
CDUS45 KPIH 222323
CLISNT


CLIMATE REPORT
NATIONAL WEATHER SERVICE POCATELLO ID
423 PM MST THU FEB 22 2018


...................................

...THE STANLEY ID CLIMATE SUMMARY FOR FEBRUARY 22 2018...
VALID TODAY AS OF 0400 PM LOCAL TIME.

CLIMATE NORMAL PERIOD 1981 TO 2010
CLIMATE RECORD PERIOD 1916 TO 2018


WEATHER ITEM   OBSERVED TIME   RECORD YEAR NORMAL DEPARTURE LAST
                VALUE   (LST)  VALUE       VALUE  FROM      YEAR
                                                  NORMAL
..................................................................
TEMPERATURE (F)
 TODAY
  MAXIMUM         21    252 PM  50    2002  36    -15       32
  MINIMUM         13    700 AM -32    1975   5      8        8
  AVERAGE         17                        20     -3       20

PRECIPITATION (IN)
  TODAY            0.02          1.06 1996   0.06  -0.04     0.01
  MONTH TO DATE    0.90                      1.40  -0.50     6.54
  SINCE OCT 1     11.37                      7.77   3.60    18.13
  SINCE JAN 1      3.13                      2.92   0.21     6.80

SNOWFALL (IN)
  TODAY           MM
  MONTH TO DATE   MM
  SINCE DEC 1     MM
  SINCE JUL 1     MM
  SNOW DEPTH      MM

DEGREE DAYS
 HEATING
  TODAY           48                        45      3       45
  MONTH TO DATE  940                      1045   -105      824
  SINCE DEC 1   3681                      4177   -496     4350
  SINCE JUL 1   6322                      7274   -952     6967

 COOLING
  TODAY            0                         0      0        0
  MONTH TO DATE    0                         0      0        0
  SINCE DEC 1      0                         0      0        0
  SINCE JAN 1      0                         0      0        0
..................................................................


WIND (MPH)
  HIGHEST WIND SPEED    16   HIGHEST WIND DIRECTION     S (160)
  HIGHEST GUST SPEED    24   HIGHEST GUST DIRECTION    SE (150)
  AVERAGE WIND SPEED     6.4


SKY COVER
  POSSIBLE SUNSHINE  MM
  AVERAGE SKY COVER 0.0


WEATHER CONDITIONS
 THE FOLLOWING WEATHER WAS RECORDED TODAY.
  NO SIGNIFICANT WEATHER WAS OBSERVED.


RELATIVE HUMIDITY (PERCENT)
 HIGHEST    88           800 AM
 LOWEST     62          1200 PM
 AVERAGE    75

..........................................................


THE STANLEY ID CLIMATE NORMALS FOR TOMORROW
                         NORMAL    RECORD    YEAR
 MAXIMUM TEMPERATURE (F)   36        52      1921
 MINIMUM TEMPERATURE (F)    6       -29      1975


SUNRISE AND SUNSET
FEBRUARY 22 2018......SUNRISE   728 AM MST   SUNSET   619 PM MST
FEBRUARY 23 2018......SUNRISE   727 AM MST   SUNSET   620 PM MST


-  INDICATES NEGATIVE NUMBERS.
R  INDICATES RECORD WAS SET OR TIED.
MM INDICATES DATA IS MISSING.
T  INDICATES TRACE AMOUNT.




$$
