000
CDUS45 KPIH 260737
CLISNT


CLIMATE REPORT
NATIONAL WEATHER SERVICE POCATELLO ID
136 AM MDT MON OCT 26 2020


...................................

...THE STANLEY ID CLIMATE SUMMARY FOR OCTOBER 25 2020...

CLIMATE NORMAL PERIOD 1981 TO 2010
CLIMATE RECORD PERIOD 1916 TO 2020


WEATHER ITEM   OBSERVED TIME   RECORD YEAR NORMAL DEPARTURE LAST
                VALUE   (LST)  VALUE       VALUE  FROM      YEAR
                                                  NORMAL
..................................................................
TEMPERATURE (F)
 YESTERDAY
  MAXIMUM         31    253 PM  66    1992  49    -18       62
                                      1968
  MINIMUM          5   1157 PM   0    1919  21    -16       20
  AVERAGE         18                        35    -17       41

PRECIPITATION (IN)
  YESTERDAY        0.00          0.24 1963   0.08  -0.08     0.00
  MONTH TO DATE    1.42                      1.03   0.39     0.95
  SINCE OCT 1      1.42                      1.03   0.39     0.95
  SINCE JAN 1     12.63                     13.24  -0.61    17.48

SNOWFALL (IN)
  YESTERDAY       MM
  MONTH TO DATE   MM
  SINCE SEP 1     MM
  SINCE JUL 1     MM
  SNOW DEPTH      MM

DEGREE DAYS
 HEATING
  YESTERDAY       47                        30     17       24
  MONTH TO DATE  564                       633    -69      742
  SINCE SEP 1    942                      1154   -212     1201
  SINCE JUL 1   1290                      1674   -384     1545

 COOLING
  YESTERDAY        0                         0      0        0
  MONTH TO DATE    0                         0      0        0
  SINCE SEP 1      0                         0      0        0
  SINCE JAN 1     21                         3     18        9
..................................................................


WIND (MPH)
  HIGHEST WIND SPEED    14   HIGHEST WIND DIRECTION     E (90)
  HIGHEST GUST SPEED    24   HIGHEST GUST DIRECTION     E (90)
  AVERAGE WIND SPEED     6.2


SKY COVER
  POSSIBLE SUNSHINE  MM
  AVERAGE SKY COVER 0.0


WEATHER CONDITIONS
 THE FOLLOWING WEATHER WAS RECORDED YESTERDAY.
  NO SIGNIFICANT WEATHER WAS OBSERVED.


RELATIVE HUMIDITY (PERCENT)
 HIGHEST    63           900 PM
 LOWEST     21           400 PM
 AVERAGE    42

..........................................................


THE STANLEY ID CLIMATE NORMALS FOR TODAY
                         NORMAL    RECORD    YEAR
 MAXIMUM TEMPERATURE (F)   49        67      1992
                                             1988
 MINIMUM TEMPERATURE (F)   21         2      2012


SUNRISE AND SUNSET
OCTOBER 26 2020.......SUNRISE   809 AM MDT   SUNSET   637 PM MDT
OCTOBER 27 2020.......SUNRISE   811 AM MDT   SUNSET   636 PM MDT


-  INDICATES NEGATIVE NUMBERS.
R  INDICATES RECORD WAS SET OR TIED.
MM INDICATES DATA IS MISSING.
T  INDICATES TRACE AMOUNT.




$$
