000
CDUS45 KPIH 212325
CLISNT


CLIMATE REPORT
NATIONAL WEATHER SERVICE POCATELLO ID
425 PM MST FRI FEB 21 2020


...................................

...THE STANLEY ID CLIMATE SUMMARY FOR FEBRUARY 21 2020...
VALID TODAY AS OF 0400 PM LOCAL TIME.

CLIMATE NORMAL PERIOD 1981 TO 2010
CLIMATE RECORD PERIOD 1916 TO 2020


WEATHER ITEM   OBSERVED TIME   RECORD YEAR NORMAL DEPARTURE LAST
                VALUE   (LST)  VALUE       VALUE  FROM      YEAR
                                                  NORMAL
..................................................................
TEMPERATURE (F)
 TODAY
  MAXIMUM         33    359 PM  56    1977  35     -2       23
  MINIMUM        -13    715 AM -24    1975   5    -18       -9
  AVERAGE         10                        20    -10        7

PRECIPITATION (IN)
  TODAY            0.00          0.51 2017   0.05  -0.05     0.00
  MONTH TO DATE    0.73                      1.34  -0.61     2.17
  SINCE OCT 1      5.71                      7.71  -2.00     8.42
  SINCE JAN 1      2.56                      2.86  -0.30     4.24

SNOWFALL (IN)
  TODAY           MM
  MONTH TO DATE   MM
  SINCE DEC 1     MM
  SINCE JUL 1     MM
  SNOW DEPTH      MM

DEGREE DAYS
 HEATING
  TODAY           55                        45     10       58
  MONTH TO DATE 1031                      1000     31     1011
  SINCE DEC 1   3856                      4132   -276     4114
  SINCE JUL 1   6735                      7229   -494     6868

 COOLING
  TODAY            0                         0      0        0
  MONTH TO DATE    0                         0      0        0
  SINCE DEC 1      0                         0      0        0
  SINCE JAN 1      0                         0      0        0
..................................................................


WIND (MPH)
  HIGHEST WIND SPEED     5   HIGHEST WIND DIRECTION    NE (30)
  HIGHEST GUST SPEED     6   HIGHEST GUST DIRECTION     E (90)
  AVERAGE WIND SPEED     0.5


SKY COVER
  POSSIBLE SUNSHINE  MM
  AVERAGE SKY COVER 0.0


WEATHER CONDITIONS
 THE FOLLOWING WEATHER WAS RECORDED TODAY.
  NO SIGNIFICANT WEATHER WAS OBSERVED.


RELATIVE HUMIDITY (PERCENT)
 HIGHEST    79           400 AM
 LOWEST     27           300 PM
 AVERAGE    53

..........................................................


THE STANLEY ID CLIMATE NORMALS FOR TOMORROW
                         NORMAL    RECORD    YEAR
 MAXIMUM TEMPERATURE (F)   36        50      2002
 MINIMUM TEMPERATURE (F)    5       -32      1975


SUNRISE AND SUNSET
FEBRUARY 21 2020......SUNRISE   731 AM MST   SUNSET   617 PM MST
FEBRUARY 22 2020......SUNRISE   729 AM MST   SUNSET   618 PM MST


-  INDICATES NEGATIVE NUMBERS.
R  INDICATES RECORD WAS SET OR TIED.
MM INDICATES DATA IS MISSING.
T  INDICATES TRACE AMOUNT.




$$
