000
CDUS45 KPIH 140733
CLISNT


CLIMATE REPORT
NATIONAL WEATHER SERVICE POCATELLO ID
132 AM MDT MON OCT 14 2019


...................................

...THE STANLEY ID CLIMATE SUMMARY FOR OCTOBER 13 2019...

CLIMATE NORMAL PERIOD 1981 TO 2010
CLIMATE RECORD PERIOD 1916 TO 2019


WEATHER ITEM   OBSERVED TIME   RECORD YEAR NORMAL DEPARTURE LAST
                VALUE   (LST)  VALUE       VALUE  FROM      YEAR
                                                  NORMAL
..................................................................
TEMPERATURE (F)
 YESTERDAY
  MAXIMUM         62    250 PM  75    1964  56      6       47
  MINIMUM         16    629 AM   9    2002  24     -8       22
  AVERAGE         39                        40     -1       35

PRECIPITATION (IN)
  YESTERDAY        0.00          0.30 1968   0.04  -0.04     0.00
  MONTH TO DATE    0.40                      0.36   0.04     1.16
  SINCE OCT 1      0.40                      0.36   0.04     1.16
  SINCE JAN 1     16.93                     12.57   4.36    13.29

SNOWFALL (IN)
  YESTERDAY       MM
  MONTH TO DATE   MM
  SINCE SEP 1     MM
  SINCE JUL 1     MM
  SNOW DEPTH      MM

DEGREE DAYS
 HEATING
  YESTERDAY       26                        25      1       30
  MONTH TO DATE  397                       301     96      305
  SINCE SEP 1    856                       822     34      778
  SINCE JUL 1   1200                      1342   -142     1114

 COOLING
  YESTERDAY        0                         0      0        0
  MONTH TO DATE    0                         0      0        0
  SINCE SEP 1      0                         0      0        0
  SINCE JAN 1      9                         3      6       19
..................................................................


WIND (MPH)
  HIGHEST WIND SPEED     9   HIGHEST WIND DIRECTION     S (180)
  HIGHEST GUST SPEED    14   HIGHEST GUST DIRECTION    SW (210)
  AVERAGE WIND SPEED     2.8


SKY COVER
  POSSIBLE SUNSHINE  MM
  AVERAGE SKY COVER 0.0


WEATHER CONDITIONS
 THE FOLLOWING WEATHER WAS RECORDED YESTERDAY.
  NO SIGNIFICANT WEATHER WAS OBSERVED.


RELATIVE HUMIDITY (PERCENT)
 HIGHEST    80           600 AM
 LOWEST     12           300 PM
 AVERAGE    46

..........................................................


THE STANLEY ID CLIMATE NORMALS FOR TODAY
                         NORMAL    RECORD    YEAR
 MAXIMUM TEMPERATURE (F)   55        73      2015
 MINIMUM TEMPERATURE (F)   24         7      2017


SUNRISE AND SUNSET
OCTOBER 14 2019.......SUNRISE   753 AM MDT   SUNSET   658 PM MDT
OCTOBER 15 2019.......SUNRISE   754 AM MDT   SUNSET   656 PM MDT


-  INDICATES NEGATIVE NUMBERS.
R  INDICATES RECORD WAS SET OR TIED.
MM INDICATES DATA IS MISSING.
T  INDICATES TRACE AMOUNT.




$$
