000
CDUS45 KPIH 240730
CLISNT


CLIMATE REPORT
NATIONAL WEATHER SERVICE POCATELLO ID
130 AM MDT TUE APR 24 2018


...................................

...THE STANLEY ID CLIMATE SUMMARY FOR APRIL 23 2018...

CLIMATE NORMAL PERIOD 1981 TO 2010
CLIMATE RECORD PERIOD 1916 TO 2018


WEATHER ITEM   OBSERVED TIME   RECORD YEAR NORMAL DEPARTURE LAST
                VALUE   (LST)  VALUE       VALUE  FROM      YEAR
                                                  NORMAL
..................................................................
TEMPERATURE (F)
 YESTERDAY
  MAXIMUM         51    142 PM  73    2012  50      1       44
  MINIMUM         26    358 AM   5    2011  22      4       31
  AVERAGE         39                        36      3       38

PRECIPITATION (IN)
  YESTERDAY        0.00          0.40 1996   0.06  -0.06     0.11
  MONTH TO DATE    1.79                      1.32   0.47     1.72
  SINCE OCT 1     16.09                     11.29   4.80    25.18
  SINCE JAN 1      7.85                      6.44   1.41    13.85

SNOWFALL (IN)
  YESTERDAY       MM
  MONTH TO DATE   MM
  SINCE MAR 1     MM
  SINCE JUL 1     MM
  SNOW DEPTH      MM

DEGREE DAYS
 HEATING
  YESTERDAY       26                        29     -3       27
  MONTH TO DATE  701                       747    -46      734
  SINCE MAR 1   1921                      1931    -10     1739
  SINCE JUL 1   8566                      9465   -899     8996

 COOLING
  YESTERDAY        0                         0      0        0
  MONTH TO DATE    0                         0      0        0
  SINCE MAR 1      0                         0      0        0
  SINCE JAN 1      0                         0      0        0
..................................................................


WIND (MPH)
  HIGHEST WIND SPEED    13   HIGHEST WIND DIRECTION     N (350)
  HIGHEST GUST SPEED    18   HIGHEST GUST DIRECTION     N (10)
  AVERAGE WIND SPEED     3.3


SKY COVER
  POSSIBLE SUNSHINE  MM
  AVERAGE SKY COVER 0.0


WEATHER CONDITIONS
 THE FOLLOWING WEATHER WAS RECORDED YESTERDAY.
  NO SIGNIFICANT WEATHER WAS OBSERVED.


RELATIVE HUMIDITY (PERCENT)
 HIGHEST    85           400 AM
 LOWEST     38           300 PM
 AVERAGE    62

..........................................................


THE STANLEY ID CLIMATE NORMALS FOR TODAY
                         NORMAL    RECORD    YEAR
 MAXIMUM TEMPERATURE (F)   50        73      1977
 MINIMUM TEMPERATURE (F)   22         6      2011


SUNRISE AND SUNSET
APRIL 24 2018.........SUNRISE   641 AM MDT   SUNSET   835 PM MDT
APRIL 25 2018.........SUNRISE   640 AM MDT   SUNSET   836 PM MDT


-  INDICATES NEGATIVE NUMBERS.
R  INDICATES RECORD WAS SET OR TIED.
MM INDICATES DATA IS MISSING.
T  INDICATES TRACE AMOUNT.




$$
