000
CDUS45 KCYS 270727
CLISNY

CLIMATE REPORT
NATIONAL WEATHER SERVICE CHEYENNE WY
1227 AM MST SAT FEB 27 2021

...................................

...THE SIDNEY NEBRASKA AIRPORT CLIMATE SUMMARY FOR FEBRUARY 26 2021...

CLIMATE NORMAL PERIOD 1981 TO 2010
CLIMATE RECORD PERIOD 1948 TO 2021


WEATHER ITEM   OBSERVED TIME   RECORD YEAR NORMAL DEPARTURE LAST
                VALUE   (LST)  VALUE       VALUE  FROM      YEAR
                                                  NORMAL
...................................................................
TEMPERATURE (F)
 YESTERDAY
  MAXIMUM         47   1246 PM  72    1950  48     -1       37
  MINIMUM         19   1159 PM -14    2014  21     -2      -10
  AVERAGE         33                        35     -2       14

PRECIPITATION (IN)
  YESTERDAY        0.00          0.64 1987   0.02  -0.02     0.00
  MONTH TO DATE    0.03                      0.29  -0.26     0.01
  SINCE DEC 1      0.07                      1.03  -0.96     0.03
  SINCE JAN 1      0.04                      0.49  -0.45     0.01

DEGREE DAYS
 HEATING
  YESTERDAY       32                        30      2       51
  MONTH TO DATE 1231                       865    366      997
  SINCE DEC 1   3395                      3100    295     3124
  SINCE JUL 1   4892                      4522    370     4865

 COOLING
  YESTERDAY        0                         0      0        0
  MONTH TO DATE    0                         0      0        0
  SINCE DEC 1      0                         0      0        0
  SINCE JAN 1      0                         0      0        0
...................................................................


WIND (MPH)
  HIGHEST WIND SPEED    38   HIGHEST WIND DIRECTION     W (290)
  HIGHEST GUST SPEED    48   HIGHEST GUST DIRECTION     W (280)
  AVERAGE WIND SPEED    18.1


SKY COVER
  POSSIBLE SUNSHINE  MM
  AVERAGE SKY COVER 0.1


WEATHER CONDITIONS
THE FOLLOWING WEATHER WAS RECORDED YESTERDAY.
  NO SIGNIFICANT WEATHER WAS OBSERVED.


RELATIVE HUMIDITY (PERCENT)
 HIGHEST    81           100 AM
 LOWEST     23          1200 PM
 AVERAGE    52

..........................................................


THE SIDNEY NEBRASKA AIRPORT CLIMATE NORMALS FOR TODAY
                         NORMAL    RECORD    YEAR
 MAXIMUM TEMPERATURE (F)   48        73      2016
 MINIMUM TEMPERATURE (F)   21       -20      1962


SUNRISE AND SUNSET
FEBRUARY 27 2021......SUNRISE   629 AM MST   SUNSET   541 PM MST
FEBRUARY 28 2021......SUNRISE   627 AM MST   SUNSET   542 PM MST


-  INDICATES NEGATIVE NUMBERS.
R  INDICATES RECORD WAS SET OR TIED.
MM INDICATES DATA IS MISSING.
T  INDICATES TRACE AMOUNT.




$$
