248
CDUS43 KILX 230633
CLISPI


CLIMATE REPORT
NATIONAL WEATHER SERVICE LINCOLN IL
131 AM CDT MON APR 23 2018


...................................

...THE SPRINGFIELD IL CLIMATE SUMMARY FOR APRIL 22 2018...

CLIMATE NORMAL PERIOD 1981 TO 2010
CLIMATE RECORD PERIOD 1879 TO 2018


WEATHER ITEM   OBSERVED TIME   RECORD YEAR NORMAL DEPARTURE LAST
                VALUE   (LST)  VALUE       VALUE  FROM      YEAR
                                                  NORMAL
..................................................................
TEMPERATURE (F)
 YESTERDAY
  MAXIMUM         73    227 PM  89    1925  67      6       66
  MINIMUM         48    603 AM  30    1986  45      3       44
                                      1959
  AVERAGE         61                        56      5       55

PRECIPITATION (IN)
  YESTERDAY        0.00          1.94 1944   0.12  -0.12     0.00
  MONTH TO DATE    2.05                      2.47  -0.42     2.79
  SINCE MAR 1      6.41                      5.10   1.31     7.05
  SINCE JAN 1     11.13                      8.73   2.40     8.52

SNOWFALL (IN)
  YESTERDAY        0.0           T    1893   0.0    0.0      0.0
  MONTH TO DATE    4.8                       0.3    4.5      0.0
  SINCE MAR 1      4.8                       2.8    2.0      4.6
  SINCE JUL 1     11.8                      20.9   -9.1     10.3
  SNOW DEPTH       0

DEGREE DAYS
 HEATING
  YESTERDAY        4                        10     -6       10
  MONTH TO DATE  458                       297    161      149
  SINCE MAR 1   1208                      1008    200      746
  SINCE JUL 1   5186                      5279    -93     4001

 COOLING
  YESTERDAY        0                         1     -1        0
  MONTH TO DATE   10                        11     -1       33
  SINCE MAR 1     10                        13     -3       33
  SINCE JAN 1     10                        13     -3       33
..................................................................


WIND (MPH)
  HIGHEST WIND SPEED    24   HIGHEST WIND DIRECTION     E (70)
  HIGHEST GUST SPEED    31   HIGHEST GUST DIRECTION     E (70)
  AVERAGE WIND SPEED    14.4


SKY COVER
  POSSIBLE SUNSHINE  MM
  AVERAGE SKY COVER 0.5


WEATHER CONDITIONS
 THE FOLLOWING WEATHER WAS RECORDED YESTERDAY.
  NO SIGNIFICANT WEATHER WAS OBSERVED.


RELATIVE HUMIDITY (PERCENT)
 HIGHEST    56           600 AM
 LOWEST     23           400 PM
 AVERAGE    40

..........................................................


THE SPRINGFIELD IL CLIMATE NORMALS FOR TODAY
                         NORMAL    RECORD    YEAR
 MAXIMUM TEMPERATURE (F)   68        89      1925
 MINIMUM TEMPERATURE (F)   45        23      1956


SUNRISE AND SUNSET
APRIL 23 2018.........SUNRISE   610 AM CDT   SUNSET   745 PM CDT
APRIL 24 2018.........SUNRISE   608 AM CDT   SUNSET   746 PM CDT


-  INDICATES NEGATIVE NUMBERS.
R  INDICATES RECORD WAS SET OR TIED.
MM INDICATES DATA IS MISSING.
T  INDICATES TRACE AMOUNT.




$$
