000
CDUS43 KILX 222241
CLISPI


CLIMATE REPORT
NATIONAL WEATHER SERVICE LINCOLN IL
429 PM CST TUE JAN 22 2019


...................................

...THE SPRINGFIELD IL CLIMATE SUMMARY FOR JANUARY 22 2019...
VALID TODAY AS OF 0400 PM LOCAL TIME.

CLIMATE NORMAL PERIOD 1981 TO 2010
CLIMATE RECORD PERIOD 1879 TO 2019


WEATHER ITEM   OBSERVED TIME   RECORD YEAR NORMAL DEPARTURE LAST
                VALUE   (LST)  VALUE       VALUE  FROM      YEAR
                                                  NORMAL
..................................................................
TEMPERATURE (F)
 TODAY
  MAXIMUM         37    213 PM  64    1967  35      2       61
  MINIMUM         22    302 AM -15    1936  19      3       35
  AVERAGE         30                        27      3       48

PRECIPITATION (IN)
  TODAY            0.01          1.07 1965   0.06  -0.05     0.29
  MONTH TO DATE    1.96                      1.34   0.62     0.51
  SINCE DEC 1      6.87                      3.86   3.01     0.88
  SINCE JAN 1      1.96                      1.34   0.62     0.51

SNOWFALL (IN)
  TODAY            0.0           6.0  1937   0.2   -0.2      0.0
  MONTH TO DATE   11.8                       4.5    7.3      1.6
  SINCE DEC 1     13.6                      10.1    3.5      5.7
  SINCE JUL 1     25.0                      10.7   14.3      5.7
  SNOW DEPTH       3

DEGREE DAYS
 HEATING
  TODAY           35                        38     -3       17
  MONTH TO DATE  764                       843    -79      938
  SINCE DEC 1   1696                      1915   -219     1997
  SINCE JUL 1   2993                      2983     10     2862

 COOLING
  TODAY            0                         0      0        0
  MONTH TO DATE    0                         0      0        0
  SINCE DEC 1      0                         0      0        0
  SINCE JAN 1      0                         0      0        0
..................................................................


WIND (MPH)
  HIGHEST WIND SPEED    29   HIGHEST WIND DIRECTION     S (180)
  HIGHEST GUST SPEED    41   HIGHEST GUST DIRECTION     S (180)
  AVERAGE WIND SPEED    22.1


SKY COVER
  POSSIBLE SUNSHINE  MM
  AVERAGE SKY COVER 0.7


WEATHER CONDITIONS
 THE FOLLOWING WEATHER WAS RECORDED TODAY.
  LIGHT RAIN
  FOG


RELATIVE HUMIDITY (PERCENT)
 HIGHEST    92           400 PM
 LOWEST     62          1200 AM
 AVERAGE    77

..........................................................


THE SPRINGFIELD IL CLIMATE NORMALS FOR TOMORROW
                         NORMAL    RECORD    YEAR
 MAXIMUM TEMPERATURE (F)   35        73      1909
 MINIMUM TEMPERATURE (F)   19       -16      1936


SUNRISE AND SUNSET
JANUARY 22 2019.......SUNRISE   715 AM CST   SUNSET   506 PM CST
JANUARY 23 2019.......SUNRISE   714 AM CST   SUNSET   507 PM CST


-  INDICATES NEGATIVE NUMBERS.
R  INDICATES RECORD WAS SET OR TIED.
MM INDICATES DATA IS MISSING.
T  INDICATES TRACE AMOUNT.




$$
