926
CDUS43 KILX 182143
CLISPI


CLIMATE REPORT
NATIONAL WEATHER SERVICE LINCOLN IL
433 PM CDT THU OCT 18 2018


...................................

...THE SPRINGFIELD IL CLIMATE SUMMARY FOR OCTOBER 18 2018...
VALID TODAY AS OF 0400 PM LOCAL TIME.

CLIMATE NORMAL PERIOD 1981 TO 2010
CLIMATE RECORD PERIOD 1879 TO 2018


WEATHER ITEM   OBSERVED TIME   RECORD YEAR NORMAL DEPARTURE LAST
                VALUE   (LST)  VALUE       VALUE  FROM      YEAR
                                                  NORMAL
..................................................................
TEMPERATURE (F)
 TODAY
  MAXIMUM         60    231 PM  86    1953  66     -6       74
  MINIMUM         28    623 AM  24    1948  43    -15       48
  AVERAGE         44                        54    -10       61

PRECIPITATION (IN)
  TODAY            0.00          2.14 1938   0.11  -0.11     0.00
  MONTH TO DATE    2.38                      1.79   0.59     5.01
  SINCE SEP 1      5.59                      4.69   0.90     5.02
  SINCE JAN 1     36.64                     30.34   6.30    30.06

SNOWFALL (IN)
  TODAY            0.0           T    1896   0.0    0.0      0.0
  MONTH TO DATE    T                         0.0    0.0      0.0
  SINCE SEP 1      T                         0.0    0.0      0.0
  SINCE JUL 1      T                         0.0    0.0      0.0
  SNOW DEPTH       0

DEGREE DAYS
 HEATING
  TODAY           21                        11     10        4
  MONTH TO DATE  172                       158     14       47
  SINCE SEP 1    203                       234    -31       83
  SINCE JUL 1    203                       239    -36       83

 COOLING
  TODAY            0                         0      0        0
  MONTH TO DATE   76                        19     57       70
  SINCE SEP 1    328                       148    180      279
  SINCE JAN 1   1731                      1118    613     1391
..................................................................


WIND (MPH)
  HIGHEST WIND SPEED     9   HIGHEST WIND DIRECTION    SW (210)
  HIGHEST GUST SPEED    14   HIGHEST GUST DIRECTION    SW (210)
  AVERAGE WIND SPEED     2.0


SKY COVER
  POSSIBLE SUNSHINE  MM
  AVERAGE SKY COVER 0.0


WEATHER CONDITIONS
 THE FOLLOWING WEATHER WAS RECORDED TODAY.
  FOG


RELATIVE HUMIDITY (PERCENT)
 HIGHEST   100           100 AM
 LOWEST     31           300 PM
 AVERAGE    66

..........................................................


THE SPRINGFIELD IL CLIMATE NORMALS FOR TOMORROW
                         NORMAL    RECORD    YEAR
 MAXIMUM TEMPERATURE (F)   65        85      1953
                                             1950
 MINIMUM TEMPERATURE (F)   43        19      1992


SUNRISE AND SUNSET
OCTOBER 18 2018.......SUNRISE   712 AM CDT   SUNSET   615 PM CDT
OCTOBER 19 2018.......SUNRISE   713 AM CDT   SUNSET   613 PM CDT


-  INDICATES NEGATIVE NUMBERS.
R  INDICATES RECORD WAS SET OR TIED.
MM INDICATES DATA IS MISSING.
T  INDICATES TRACE AMOUNT.




$$
