656
CDUS43 KILX 190653
CLISPI


CLIMATE REPORT
NATIONAL WEATHER SERVICE LINCOLN IL
152 AM CDT THU JUL 19 2018


...................................

...THE SPRINGFIELD IL CLIMATE SUMMARY FOR JULY 18 2018...

CLIMATE NORMAL PERIOD 1981 TO 2010
CLIMATE RECORD PERIOD 1879 TO 2018


WEATHER ITEM   OBSERVED TIME   RECORD YEAR NORMAL DEPARTURE LAST
                VALUE   (LST)  VALUE       VALUE  FROM      YEAR
                                                  NORMAL
..................................................................
TEMPERATURE (F)
 YESTERDAY
  MAXIMUM         84    203 PM 104    1954  86     -2       92
  MINIMUM         65    517 AM  51    1924  66     -1       61
  AVERAGE         75                        76     -1       77

PRECIPITATION (IN)
  YESTERDAY        0.00          1.19 1921   0.13  -0.13     0.05
  MONTH TO DATE    1.42                      2.35  -0.93     2.20
  SINCE JUN 1      5.71                      6.81  -1.10     3.77
  SINCE JAN 1     19.81                     20.82  -1.01    20.49

SNOWFALL (IN)
  YESTERDAY        0.0           0.0    MM   0.0    0.0      0.0
  MONTH TO DATE    0.0                       0.0    0.0      0.0
  SINCE JUN 1      0.0                       0.0    0.0      0.0
  SINCE JUL 1      0.0                       0.0    0.0      0.0
  SNOW DEPTH       0

DEGREE DAYS
 HEATING
  YESTERDAY        0                         0      0        0
  MONTH TO DATE    0                         0      0        0
  SINCE JUN 1      0                        15    -15        2
  SINCE JUL 1      0                         0      0        0

 COOLING
  YESTERDAY       10                        11     -1       12
  MONTH TO DATE  253                       198     55      247
  SINCE JUN 1    623                       438    185      566
  SINCE JAN 1    934                       542    392      710
..................................................................


WIND (MPH)
  HIGHEST WIND SPEED    14   HIGHEST WIND DIRECTION    NE (60)
  HIGHEST GUST SPEED    19   HIGHEST GUST DIRECTION     E (100)
  AVERAGE WIND SPEED     7.9


SKY COVER
  POSSIBLE SUNSHINE  MM
  AVERAGE SKY COVER 0.0


WEATHER CONDITIONS
 THE FOLLOWING WEATHER WAS RECORDED YESTERDAY.
  NO SIGNIFICANT WEATHER WAS OBSERVED.


RELATIVE HUMIDITY (PERCENT)
 HIGHEST    97           100 AM
 LOWEST     54          1100 AM
 AVERAGE    76

..........................................................


THE SPRINGFIELD IL CLIMATE NORMALS FOR TODAY
                         NORMAL    RECORD    YEAR
 MAXIMUM TEMPERATURE (F)   86       101      1980
 MINIMUM TEMPERATURE (F)   66        54      2009
                                             1909


SUNRISE AND SUNSET
JULY 19 2018..........SUNRISE   546 AM CDT   SUNSET   823 PM CDT
JULY 20 2018..........SUNRISE   547 AM CDT   SUNSET   823 PM CDT


-  INDICATES NEGATIVE NUMBERS.
R  INDICATES RECORD WAS SET OR TIED.
MM INDICATES DATA IS MISSING.
T  INDICATES TRACE AMOUNT.




$$
