000
CDUS43 KILX 172128
CLISPI


CLIMATE REPORT
NATIONAL WEATHER SERVICE LINCOLN IL
428 PM CDT THU OCT 17 2019


...................................

...THE SPRINGFIELD IL CLIMATE SUMMARY FOR OCTOBER 17 2019...
VALID TODAY AS OF 0400 PM LOCAL TIME.

CLIMATE NORMAL PERIOD 1981 TO 2010
CLIMATE RECORD PERIOD 1879 TO 2019


WEATHER ITEM   OBSERVED TIME   RECORD YEAR NORMAL DEPARTURE LAST
                VALUE   (LST)  VALUE       VALUE  FROM      YEAR
                                                  NORMAL
..................................................................
TEMPERATURE (F)
 TODAY
  MAXIMUM         60    259 PM  88    2016  66     -6       58
  MINIMUM         31    634 AM  26    1948  43    -12       33
  AVERAGE         46                        55     -9       46

PRECIPITATION (IN)
  TODAY            0.00          2.10 1946   0.10  -0.10     0.00
  MONTH TO DATE    0.68                      1.68  -1.00     2.38
  SINCE SEP 1      7.74                      4.58   3.16     5.59
  SINCE JAN 1     41.23                     30.23  11.00    36.64

SNOWFALL (IN)
  TODAY            0.0           T    1884   0.0    0.0      0.0
  MONTH TO DATE    0.0                       0.0    0.0       T
  SINCE SEP 1      0.0                       0.0    0.0       T
  SINCE JUL 1      0.0                       0.0    0.0       T
  SNOW DEPTH       0

DEGREE DAYS
 HEATING
  TODAY           19                        11      8       19
  MONTH TO DATE  155                       147      8      151
  SINCE SEP 1    156                       223    -67      182
  SINCE JUL 1    156                       228    -72      182

 COOLING
  TODAY            0                         1     -1        0
  MONTH TO DATE   32                        19     13       76
  SINCE SEP 1    273                       148    125      328
  SINCE JAN 1   1309                      1118    191     1731
..................................................................


WIND (MPH)
  HIGHEST WIND SPEED    10   HIGHEST WIND DIRECTION    NW (310)
  HIGHEST GUST SPEED    15   HIGHEST GUST DIRECTION    NW (300)
  AVERAGE WIND SPEED     3.7


SKY COVER
  POSSIBLE SUNSHINE  MM
  AVERAGE SKY COVER 0.0


WEATHER CONDITIONS
 THE FOLLOWING WEATHER WAS RECORDED TODAY.
  FOG


RELATIVE HUMIDITY (PERCENT)
 HIGHEST    96           100 AM
 LOWEST     40           200 PM
 AVERAGE    68

..........................................................


THE SPRINGFIELD IL CLIMATE NORMALS FOR TOMORROW
                         NORMAL    RECORD    YEAR
 MAXIMUM TEMPERATURE (F)   66        86      1953
 MINIMUM TEMPERATURE (F)   43        24      1948


SUNRISE AND SUNSET
OCTOBER 17 2019.......SUNRISE   711 AM CDT   SUNSET   617 PM CDT
OCTOBER 18 2019.......SUNRISE   712 AM CDT   SUNSET   615 PM CDT


-  INDICATES NEGATIVE NUMBERS.
R  INDICATES RECORD WAS SET OR TIED.
MM INDICATES DATA IS MISSING.
T  INDICATES TRACE AMOUNT.




$$
