000
CDUS43 KILX 102137
CLISPI

CLIMATE REPORT
NATIONAL WEATHER SERVICE LINCOLN IL
437 PM CDT MON MAY 10 2021

...................................

...THE SPRINGFIELD IL CLIMATE SUMMARY FOR MAY 10 2021...
VALID TODAY AS OF 0400 PM LOCAL TIME.

CLIMATE NORMAL PERIOD 1991 TO 2020
CLIMATE RECORD PERIOD 1879 TO 2021


WEATHER ITEM   OBSERVED TIME   RECORD YEAR NORMAL DEPARTURE LAST
                VALUE   (LST)  VALUE       VALUE  FROM      YEAR
                                                  NORMAL
...................................................................
TEMPERATURE (F)
 TODAY
  MAXIMUM         63    257 PM  92    1928  74    -11       55
  MINIMUM         36    535 AM  28    1966  52    -16       45
  AVERAGE         50                        63    -13       50

PRECIPITATION (IN)
  TODAY            0.00          1.86 1981   0.14  -0.14      T
  MONTH TO DATE    1.67                      1.47   0.20     1.31
  SINCE MAR 1      9.21                      8.20   1.01    11.04
  SINCE JAN 1     14.24                     12.16   2.08    18.81

SNOWFALL (IN)
  TODAY            0.0           T    1966   0.0    0.0      0.0
  MONTH TO DATE    0.0                       0.0    0.0      0.0
  SINCE MAR 1      0.3                       3.4   -3.1      3.4
  SINCE JUL 1     20.7                      21.8   -1.1     31.4
  SNOW DEPTH       0

DEGREE DAYS
 HEATING
  TODAY           15                         4     11       15
  MONTH TO DATE   84                        53     31      114
  SINCE MAR 1    977                      1070    -93     1129
  SINCE JUL 1   5215                      5149     66     5199

 COOLING
  TODAY            0                         3     -3        0
  MONTH TO DATE   10                        19     -9        8
  SINCE MAR 1     29                        41    -12       19
  SINCE JAN 1     29                        41    -12       19
...................................................................


WIND (MPH)
  HIGHEST WIND SPEED    13   HIGHEST WIND DIRECTION     W (270)
  HIGHEST GUST SPEED    17   HIGHEST GUST DIRECTION     W (250)
  AVERAGE WIND SPEED     4.9


SKY COVER
  POSSIBLE SUNSHINE  MM
  AVERAGE SKY COVER 0.1


WEATHER CONDITIONS
THE FOLLOWING WEATHER WAS RECORDED TODAY.
  FOG


RELATIVE HUMIDITY (PERCENT)
 HIGHEST   100          1200 AM
 LOWEST     39           200 PM
 AVERAGE    70

..........................................................


THE SPRINGFIELD IL CLIMATE NORMALS FOR TOMORROW
                         NORMAL    RECORD    YEAR
 MAXIMUM TEMPERATURE (F)   74        91      2011
 MINIMUM TEMPERATURE (F)   53        33      1907


SUNRISE AND SUNSET
MAY 10 2021...........SUNRISE   549 AM CDT   SUNSET   802 PM CDT
MAY 11 2021...........SUNRISE   547 AM CDT   SUNSET   803 PM CDT


-  INDICATES NEGATIVE NUMBERS.
R  INDICATES RECORD WAS SET OR TIED.
MM INDICATES DATA IS MISSING.
T  INDICATES TRACE AMOUNT.




$$
