000
CDUS43 KILX 090639
CLISPI


CLIMATE REPORT
NATIONAL WEATHER SERVICE LINCOLN IL
138 AM CDT SUN AUG 9 2020


...................................

...THE SPRINGFIELD IL CLIMATE SUMMARY FOR AUGUST 8 2020...

CLIMATE NORMAL PERIOD 1981 TO 2010
CLIMATE RECORD PERIOD 1879 TO 2020


WEATHER ITEM   OBSERVED TIME   RECORD YEAR NORMAL DEPARTURE LAST
                VALUE   (LST)  VALUE       VALUE  FROM      YEAR
                                                  NORMAL
..................................................................
TEMPERATURE (F)
 YESTERDAY
  MAXIMUM         86    227 PM 108    1934  85      1       89
  MINIMUM         66    311 AM  49    1976  65      1       65
  AVERAGE         76                        75      1       77

PRECIPITATION (IN)
  YESTERDAY        0.00          1.82 1923   0.11  -0.11     0.00
  MONTH TO DATE    0.35                      0.90  -0.55     0.19
  SINCE JUN 1      8.23                      9.30  -1.07     7.85
  SINCE JAN 1     31.61                     23.31   8.30    29.76

SNOWFALL (IN)
  YESTERDAY        0.0           0.0    MM   0.0    0.0      0.0
  MONTH TO DATE    0.0                       0.0    0.0      0.0
  SINCE JUN 1      0.0                       0.0    0.0      0.0
  SINCE JUL 1      0.0                       0.0    0.0      0.0
  SNOW DEPTH       0

DEGREE DAYS
 HEATING
  YESTERDAY        0                         0      0        0
  MONTH TO DATE    0                         0      0        0
  SINCE JUN 1      0                        16    -16        4
  SINCE JUL 1      0                         1     -1        0

 COOLING
  YESTERDAY       11                        10      1       12
  MONTH TO DATE   35                        80    -45       76
  SINCE JUN 1    762                       655    107      721
  SINCE JAN 1    852                       759     93      845
..................................................................


WIND (MPH)
  HIGHEST WIND SPEED    17   HIGHEST WIND DIRECTION     S (180)
  HIGHEST GUST SPEED    24   HIGHEST GUST DIRECTION     S (180)
  AVERAGE WIND SPEED     9.8


SKY COVER
  POSSIBLE SUNSHINE  MM
  AVERAGE SKY COVER 0.2


WEATHER CONDITIONS
 THE FOLLOWING WEATHER WAS RECORDED YESTERDAY.
  NO SIGNIFICANT WEATHER WAS OBSERVED.


RELATIVE HUMIDITY (PERCENT)
 HIGHEST    87          1000 PM
 LOWEST     65           200 PM
 AVERAGE    76

..........................................................


THE SPRINGFIELD IL CLIMATE NORMALS FOR TODAY
                         NORMAL    RECORD    YEAR
 MAXIMUM TEMPERATURE (F)   85       108      1934
 MINIMUM TEMPERATURE (F)   65        49      1972
                                             1884


SUNRISE AND SUNSET
AUGUST  9 2020........SUNRISE   605 AM CDT   SUNSET   802 PM CDT
AUGUST 10 2020........SUNRISE   606 AM CDT   SUNSET   801 PM CDT


-  INDICATES NEGATIVE NUMBERS.
R  INDICATES RECORD WAS SET OR TIED.
MM INDICATES DATA IS MISSING.
T  INDICATES TRACE AMOUNT.




$$
