265
CDUS44 KOUN 162219
CLISPS

CLIMATE REPORT
NATIONAL WEATHER SERVICE NORMAN OK
518 PM CDT WED OCT 16 2019


...................................

...THE WICHITA FALLS CLIMATE SUMMARY FOR OCTOBER 16 2019...
VALID TODAY AS OF 0500 PM LOCAL TIME.

CLIMATE NORMAL PERIOD 1981 TO 2010
CLIMATE RECORD PERIOD 1897 TO 2019


WEATHER ITEM   OBSERVED TIME   RECORD YEAR NORMAL DEPARTURE LAST
                VALUE   (LST)  VALUE       VALUE  FROM      YEAR
                                                  NORMAL
..................................................................
TEMPERATURE (F)
 TODAY
  MAXIMUM         72    348 PM  96    1972  77     -5       54
  MINIMUM         44    654 AM  35    1977  52     -8       44
  AVERAGE         58                        64     -6       49

PRECIPITATION (IN)
  TODAY            0.00          1.00 1905   0.11  -0.11      T
  MONTH TO DATE    0.01                      1.54  -1.53     4.81
  SINCE SEP 1      2.85                      4.35  -1.50    11.22
  SINCE JAN 1     23.69                     24.08  -0.39    28.86

SNOWFALL (IN)
  TODAY            0.0           0.0  2002   0.0    0.0      0.0
  MONTH TO DATE    0.0                       0.0    0.0      0.0
  SINCE SEP 1      0.0                       0.0    0.0      0.0
  SINCE JUL 1      0.0                       0.0    0.0      0.0

DEGREE DAYS
 HEATING
  TODAY            7                         3      4       16
  MONTH TO DATE   43                        36      7       74
  SINCE SEP 1     43                        49     -6       81
  SINCE JUL 1     43                        49     -6       81

 COOLING
  TODAY            0                         3     -3        0
  MONTH TO DATE  106                        69     37       98
  SINCE SEP 1    638                       403    235      409
  SINCE JAN 1   2530                      2348    182     2778
..................................................................


WIND (MPH)
  HIGHEST WIND SPEED    16   HIGHEST WIND DIRECTION     N (20)
  HIGHEST GUST SPEED    22   HIGHEST GUST DIRECTION     N (10)
  AVERAGE WIND SPEED    10.8


SKY COVER
  AVERAGE SKY COVER 0.0


WEATHER CONDITIONS
 THE FOLLOWING WEATHER WAS RECORDED TODAY.
  NO SIGNIFICANT WEATHER WAS OBSERVED.


RELATIVE HUMIDITY (PERCENT)
 HIGHEST    71           400 AM
 LOWEST     20           400 PM
 AVERAGE    46

..........................................................


THE WICHITA FALLS CLIMATE NORMALS FOR TOMORROW
                         NORMAL    RECORD    YEAR
 MAXIMUM TEMPERATURE (F)   77       102      1972
 MINIMUM TEMPERATURE (F)   52        35      1976


SUNRISE AND SUNSET
OCTOBER 16 2019.......SUNRISE   740 AM CDT   SUNSET   659 PM CDT
OCTOBER 17 2019.......SUNRISE   740 AM CDT   SUNSET   658 PM CDT


-  INDICATES NEGATIVE NUMBERS.
R  INDICATES RECORD WAS SET OR TIED.
MM INDICATES DATA IS MISSING.
T  INDICATES TRACE AMOUNT.




$$
