000
CDUS44 KOUN 172207
CLISPS

CLIMATE REPORT
NATIONAL WEATHER SERVICE NORMAN OK
506 PM CDT SUN JUN 17 2018


...................................

...THE WICHITA FALLS CLIMATE SUMMARY FOR JUNE 17 2018...
VALID TODAY AS OF 0500 PM LOCAL TIME.

CLIMATE NORMAL PERIOD 1981 TO 2010
CLIMATE RECORD PERIOD 1897 TO 2018


WEATHER ITEM   OBSERVED TIME   RECORD YEAR NORMAL DEPARTURE LAST
                VALUE   (LST)  VALUE       VALUE  FROM      YEAR
                                                  NORMAL
..................................................................
TEMPERATURE (F)
 TODAY
  MAXIMUM         95    350 PM 111    2011  92      3       95
  MINIMUM         75    604 AM  55    1981  68      7       74
  AVERAGE         85                        80      5       85

PRECIPITATION (IN)
  TODAY            0.00          3.33 1912   0.15  -0.15     0.00
  MONTH TO DATE    0.49                      2.76  -2.27     1.72
  SINCE JUN 1      0.49                      2.76  -2.27     1.72
  SINCE JAN 1     11.90                     14.25  -2.35    12.04

SNOWFALL (IN)
  TODAY            0.0           0.0    MM   0.0    0.0      0.0
  MONTH TO DATE    0.0                       0.0    0.0      0.0
  SINCE JUN 1      0.0                       0.0    0.0      0.0
  SINCE JUL 1      1.0                       3.9   -2.9       T

DEGREE DAYS
 HEATING
  TODAY            0                         0      0        0
  MONTH TO DATE    0                         0      0        0
  SINCE JUN 1      0                         0      0        0
  SINCE JUL 1   2876                      2968    -92     2162

 COOLING
  TODAY           20                        15      5       20
  MONTH TO DATE  326                       222    104      226
  SINCE JUN 1    326                       222    104      226
  SINCE JAN 1    778                       541    237      575
..................................................................


WIND (MPH)
  HIGHEST WIND SPEED    26   HIGHEST WIND DIRECTION    SE (130)
  HIGHEST GUST SPEED    34   HIGHEST GUST DIRECTION    SE (130)
  AVERAGE WIND SPEED    14.7


SKY COVER
  AVERAGE SKY COVER 0.1


WEATHER CONDITIONS
 THE FOLLOWING WEATHER WAS RECORDED TODAY.
  NO SIGNIFICANT WEATHER WAS OBSERVED.


RELATIVE HUMIDITY (PERCENT)
 HIGHEST    74           500 AM
 LOWEST     39           200 PM
 AVERAGE    57

..........................................................


THE WICHITA FALLS CLIMATE NORMALS FOR TOMORROW
                         NORMAL    RECORD    YEAR
 MAXIMUM TEMPERATURE (F)   92       111      2011
 MINIMUM TEMPERATURE (F)   68        55      1945


SUNRISE AND SUNSET
JUNE 17 2018..........SUNRISE   623 AM CDT   SUNSET   847 PM CDT
JUNE 18 2018..........SUNRISE   623 AM CDT   SUNSET   848 PM CDT


-  INDICATES NEGATIVE NUMBERS.
R  INDICATES RECORD WAS SET OR TIED.
MM INDICATES DATA IS MISSING.
T  INDICATES TRACE AMOUNT.

$$
