000
CDUS44 KOUN 112224 RRA
CLISPS

CLIMATE REPORT
NATIONAL WEATHER SERVICE NORMAN OK
523 PM CDT TUE AUG 11 2020


...................................

...THE WICHITA FALLS CLIMATE SUMMARY FOR AUGUST 11 2020...
VALID TODAY AS OF 0500 PM LOCAL TIME.

CLIMATE NORMAL PERIOD 1981 TO 2010
CLIMATE RECORD PERIOD 1897 TO 2020


WEATHER ITEM   OBSERVED TIME   RECORD YEAR NORMAL DEPARTURE LAST
                VALUE   (LST)  VALUE       VALUE  FROM      YEAR
                                                  NORMAL
..................................................................
TEMPERATURE (F)
 TODAY
  MAXIMUM        100    359 PM 113    1936  98      2      104
  MINIMUM         73    549 AM  63    1968  72      1       76
  AVERAGE         87                        85      2       90

PRECIPITATION (IN)
  TODAY            0.00          1.17 1984   0.07  -0.07     0.00
  MONTH TO DATE    0.01                      0.83  -0.82      T
  SINCE JUN 1     10.54                      6.57   3.97     4.68
  SINCE JAN 1     25.65                     18.06   7.59    19.50

SNOWFALL (IN)
  TODAY            0.0           0.0         0.0    0.0      0.0
  MONTH TO DATE    0.0                       0.0    0.0      0.0
  SINCE JUN 1      0.0                       0.0    0.0       T
  SINCE JUL 1      0.0                       0.0    0.0      0.0

DEGREE DAYS
 HEATING
  TODAY            0                         0      0        0
  MONTH TO DATE    0                         0      0        0
  SINCE JUN 1      0                         1     -1        0
  SINCE JUL 1      0                         0      0        0

 COOLING
  TODAY           22                        20      2       25
  MONTH TO DATE  201                       220    -19      254
  SINCE JUN 1   1259                      1257      2     1201
  SINCE JAN 1   1611                      1576     35     1477
..................................................................


WIND (MPH)
  HIGHEST WIND SPEED    21   HIGHEST WIND DIRECTION    SW (210)
  HIGHEST GUST SPEED    25   HIGHEST GUST DIRECTION    NE (60)
  AVERAGE WIND SPEED    11.1


SKY COVER
  AVERAGE SKY COVER 0.3


WEATHER CONDITIONS
 THE FOLLOWING WEATHER WAS RECORDED TODAY.
  NO SIGNIFICANT WEATHER WAS OBSERVED.


RELATIVE HUMIDITY (PERCENT)
 HIGHEST    84           600 AM
 LOWEST     33           400 PM
 AVERAGE    59

..........................................................


THE WICHITA FALLS CLIMATE NORMALS FOR TOMORROW
                         NORMAL    RECORD    YEAR
 MAXIMUM TEMPERATURE (F)   98       111      1936
 MINIMUM TEMPERATURE (F)   72        56      1967


SUNRISE AND SUNSET
AUGUST 11 2020........SUNRISE   653 AM CDT   SUNSET   824 PM CDT
AUGUST 12 2020........SUNRISE   654 AM CDT   SUNSET   823 PM CDT


-  INDICATES NEGATIVE NUMBERS.
R  INDICATES RECORD WAS SET OR TIED.
MM INDICATES DATA IS MISSING.
T  INDICATES TRACE AMOUNT.




$$
