000
CDUS44 KOUN 150632
CLISPS

CLIMATE REPORT
NATIONAL WEATHER SERVICE NORMAN OK
132 AM CDT TUE JUN 15 2021

...................................

...THE WICHITA FALLS CLIMATE SUMMARY FOR JUNE 14 2021...

CLIMATE NORMAL PERIOD 1991 TO 2020
CLIMATE RECORD PERIOD 1897 TO 2021


WEATHER ITEM   OBSERVED TIME   RECORD YEAR NORMAL DEPARTURE LAST
                VALUE   (LST)  VALUE       VALUE  FROM      YEAR
                                                  NORMAL
...................................................................
TEMPERATURE (F)
 YESTERDAY
  MAXIMUM         96    236 PM 109    1953  92      4       93
  MINIMUM         73    427 AM  51    1947  68      5       64
  AVERAGE         85                        80      5       79

PRECIPITATION (IN)
  YESTERDAY        0.00          2.22 1930   0.12  -0.12     0.00
  MONTH TO DATE    0.77                      1.78  -1.01      T
  SINCE JUN 1      0.77                      1.78  -1.01      T
  SINCE JAN 1     12.80                     12.71   0.09    15.11

DEGREE DAYS
 HEATING
  YESTERDAY        0                         0      0        0
  MONTH TO DATE    0                         0      0        0
  SINCE JUN 1      0                         0      0        0
  SINCE JUL 1   3010                      2897    113     2746

 COOLING
  YESTERDAY       20                        15      5       14
  MONTH TO DATE  183                       190     -7      198
  SINCE JUN 1    183                       190     -7      198
  SINCE JAN 1    394                       522   -128      550
...................................................................


WIND (MPH)
  HIGHEST WIND SPEED    14   HIGHEST WIND DIRECTION    NE (40)
  HIGHEST GUST SPEED    16   HIGHEST GUST DIRECTION    NE (40)
  AVERAGE WIND SPEED     6.2


SKY COVER
  AVERAGE SKY COVER 0.4


WEATHER CONDITIONS
THE FOLLOWING WEATHER WAS RECORDED YESTERDAY.
  NO SIGNIFICANT WEATHER WAS OBSERVED.


RELATIVE HUMIDITY (PERCENT)
 HIGHEST    94           100 AM
 LOWEST     30           500 PM
 AVERAGE    62

..........................................................


THE WICHITA FALLS CLIMATE NORMALS FOR TODAY
                         NORMAL    RECORD    YEAR
 MAXIMUM TEMPERATURE (F)   92       110      1924
 MINIMUM TEMPERATURE (F)   68        55      1989


SUNRISE AND SUNSET
JUNE 15 2021..........SUNRISE   622 AM CDT   SUNSET   847 PM CDT
JUNE 16 2021..........SUNRISE   622 AM CDT   SUNSET   847 PM CDT


-  INDICATES NEGATIVE NUMBERS.
R  INDICATES RECORD WAS SET OR TIED.
MM INDICATES DATA IS MISSING.
T  INDICATES TRACE AMOUNT.




$$
