000
CDUS44 KOUN 050627
CLISPS

CLIMATE REPORT
NATIONAL WEATHER SERVICE NORMAN OK
127 AM CDT TUE JUL 05 2022

...................................

...THE WICHITA FALLS CLIMATE SUMMARY FOR JULY 4 2022...

CLIMATE NORMAL PERIOD 1991 TO 2020
CLIMATE RECORD PERIOD 1897 TO 2022


WEATHER ITEM   OBSERVED TIME   RECORD YEAR NORMAL DEPARTURE LAST
                VALUE   (LST)  VALUE       VALUE  FROM      YEAR
                                                  NORMAL
...................................................................
TEMPERATURE (F)
 YESTERDAY
  MAXIMUM        101    407 PM 108    1980  96      5       88
  MINIMUM         71    504 AM  61    1924  71      0       68
                                      1940
  AVERAGE         86                        83      3       78

PRECIPITATION (IN)
  YESTERDAY        0.00          1.50 1917   0.08  -0.08     0.00
  MONTH TO DATE    0.10                      0.30  -0.20     0.71
  SINCE JUN 1      2.76                      3.65  -0.89     3.94
  SINCE JAN 1      9.75                     14.58  -4.83    15.97

DEGREE DAYS
 HEATING
  YESTERDAY        0                         0      0        0
  MONTH TO DATE    0                         0      0        0
  SINCE JUN 1      0                         0      0        0
  SINCE JUL 1      0                         0      0        0

 COOLING
  YESTERDAY       21                        18      3       13
  MONTH TO DATE   87                        72     15       59
  SINCE JUN 1    641                       527    114      499
  SINCE JAN 1   1150                       859    291      710
...................................................................


WIND (MPH)
  HIGHEST WIND SPEED    25   HIGHEST WIND DIRECTION     S (160)
  HIGHEST GUST SPEED    32   HIGHEST GUST DIRECTION    SE (150)
  AVERAGE WIND SPEED    11.5


SKY COVER
  AVERAGE SKY COVER 0.0


WEATHER CONDITIONS
THE FOLLOWING WEATHER WAS RECORDED YESTERDAY.
  NO SIGNIFICANT WEATHER WAS OBSERVED.


RELATIVE HUMIDITY (PERCENT)
 HIGHEST    94          1200 AM
 LOWEST     23           500 PM
 AVERAGE    59

..........................................................


THE WICHITA FALLS CLIMATE NORMALS FOR TODAY
                         NORMAL    RECORD    YEAR
 MAXIMUM TEMPERATURE (F)   96       108      1996
 MINIMUM TEMPERATURE (F)   71        54      1924


SUNRISE AND SUNSET
JULY  5 2022..........SUNRISE   628 AM CDT   SUNSET   849 PM CDT
JULY  6 2022..........SUNRISE   629 AM CDT   SUNSET   848 PM CDT


-  INDICATES NEGATIVE NUMBERS.
R  INDICATES RECORD WAS SET OR TIED.
MM INDICATES DATA IS MISSING.
T  INDICATES TRACE AMOUNT.




$$
