000
CDUS44 KOUN 160629 RRA
CLISPS

OUNCLISPS 000
TTAA00 KOUN 160628


CLIMATE REPORT
NATIONAL WEATHER SERVICE NORMAN OK
1228 AM CST SUN DEC 16 2018


...................................

...THE WICHITA FALLS CLIMATE SUMMARY FOR DECEMBER 15 2018...

CLIMATE NORMAL PERIOD 1981 TO 2010
CLIMATE RECORD PERIOD 1897 TO 2018


WEATHER ITEM   OBSERVED TIME   RECORD YEAR NORMAL DEPARTURE LAST
                VALUE   (LST)  VALUE       VALUE  FROM      YEAR
                                                  NORMAL
..................................................................
TEMPERATURE (F)
 YESTERDAY
  MAXIMUM         58    339 PM  84    2010  54      4       54
  MINIMUM         30    802 AM   9    1989  30      0       30
  AVERAGE         44                        42      2       42

PRECIPITATION (IN)
  YESTERDAY        0.00          2.12 1959   0.06  -0.06     0.00
  MONTH TO DATE    2.14                      0.83   1.31     0.00
  SINCE DEC 1      2.14                      0.83   1.31     0.00
  SINCE JAN 1     34.81                     28.13   6.68    24.62

SNOWFALL (IN)
  YESTERDAY        0.0           5.6  1983   0.0    0.0      0.0
  MONTH TO DATE    1.2                       0.4    0.8      0.0
  SINCE DEC 1      1.2                       0.4    0.8      0.0
  SINCE JUL 1      1.2                       0.7    0.5      0.0

DEGREE DAYS
 HEATING
  YESTERDAY       21                        23     -2       23
  MONTH TO DATE  329                       315     14      243
  SINCE DEC 1    329                       315     14      243
  SINCE JUL 1    952                       822    130      657

 COOLING
  YESTERDAY        0                         0      0        0
  MONTH TO DATE    0                         0      0        1
  SINCE DEC 1      0                         0      0        1
  SINCE JAN 1   2785                      2388    397     2326
..................................................................


WIND (MPH)
  HIGHEST WIND SPEED    15   HIGHEST WIND DIRECTION    NW (300)
  HIGHEST GUST SPEED    18   HIGHEST GUST DIRECTION    NW (300)
  AVERAGE WIND SPEED     8.2


SKY COVER
  AVERAGE SKY COVER 0.0


WEATHER CONDITIONS
 THE FOLLOWING WEATHER WAS RECORDED YESTERDAY.
  NO SIGNIFICANT WEATHER WAS OBSERVED.


RELATIVE HUMIDITY (PERCENT)
 HIGHEST    72           500 AM
 LOWEST     19           300 PM
 AVERAGE    46

..........................................................


THE WICHITA FALLS CLIMATE NORMALS FOR TODAY
                         NORMAL    RECORD    YEAR
 MAXIMUM TEMPERATURE (F)   54        81      2016
 MINIMUM TEMPERATURE (F)   30        11      1989


SUNRISE AND SUNSET
DECEMBER 16 2018......SUNRISE   732 AM CST   SUNSET   527 PM CST
DECEMBER 17 2018......SUNRISE   733 AM CST   SUNSET   527 PM CST


-  INDICATES NEGATIVE NUMBERS.
R  INDICATES RECORD WAS SET OR TIED.
MM INDICATES DATA IS MISSING.
T  INDICATES TRACE AMOUNT.




$$
