000
CDUS44 KOUN 182207 RRA
CLISPS

CLIMATE REPORT
NATIONAL WEATHER SERVICE NORMAN OK
506 PM CDT TUE SEP 18 2018


...................................

...THE WICHITA FALLS CLIMATE SUMMARY FOR SEPTEMBER 18 2018...
VALID TODAY AS OF 0500 PM LOCAL TIME.

CLIMATE NORMAL PERIOD 1981 TO 2010
CLIMATE RECORD PERIOD 1897 TO 2018


WEATHER ITEM   OBSERVED TIME   RECORD YEAR NORMAL DEPARTURE LAST
                VALUE   (LST)  VALUE       VALUE  FROM      YEAR
                                                  NORMAL
..................................................................
TEMPERATURE (F)
 TODAY
  MAXIMUM         93    354 PM 101    1977  87      6       91
  MINIMUM         69    634 AM  45    1981  62      7       64
  AVERAGE         81                        75      6       78

PRECIPITATION (IN)
  TODAY            0.00          1.83 1965   0.09  -0.09     0.12
  MONTH TO DATE    2.67                      1.77   0.90     0.12
  SINCE SEP 1      2.67                      1.77   0.90     0.12
  SINCE JAN 1     20.31                     21.50  -1.19    20.20

SNOWFALL (IN)
  TODAY            0.0           0.0  2002   0.0    0.0      0.0
  MONTH TO DATE    0.0                       0.0    0.0      0.0
  SINCE SEP 1      0.0                       0.0    0.0      0.0
  SINCE JUL 1      0.0                       0.0    0.0      0.0

DEGREE DAYS
 HEATING
  TODAY            0                         0      0        0
  MONTH TO DATE    0                         0      0        0
  SINCE SEP 1      0                         0      0        0
  SINCE JUL 1      0                         0      0        0

 COOLING
  TODAY           16                        10      6       13
  MONTH TO DATE  226                       237    -11      202
  SINCE SEP 1    226                       237    -11      202
  SINCE JAN 1   2595                      2182    413     2044
..................................................................


WIND (MPH)
  HIGHEST WIND SPEED    18   HIGHEST WIND DIRECTION     S (180)
  HIGHEST GUST SPEED    26   HIGHEST GUST DIRECTION     S (190)
  AVERAGE WIND SPEED     9.6


SKY COVER
  AVERAGE SKY COVER 0.2


WEATHER CONDITIONS
 THE FOLLOWING WEATHER WAS RECORDED TODAY.
  NO SIGNIFICANT WEATHER WAS OBSERVED.


RELATIVE HUMIDITY (PERCENT)
 HIGHEST    90           600 AM
 LOWEST     41           300 PM
 AVERAGE    66

..........................................................


THE WICHITA FALLS CLIMATE NORMALS FOR TOMORROW
                         NORMAL    RECORD    YEAR
 MAXIMUM TEMPERATURE (F)   87       100      2017
                                             1980
                                             1960
 MINIMUM TEMPERATURE (F)   62        48      1981


SUNRISE AND SUNSET
SEPTEMBER 18 2018.....SUNRISE   719 AM CDT   SUNSET   736 PM CDT
SEPTEMBER 19 2018.....SUNRISE   720 AM CDT   SUNSET   735 PM CDT


-  INDICATES NEGATIVE NUMBERS.
R  INDICATES RECORD WAS SET OR TIED.
MM INDICATES DATA IS MISSING.
T  INDICATES TRACE AMOUNT.

$$
