000
CDUS42 KTBW 250931
CLISRQ


CLIMATE REPORT
NATIONAL WEATHER SERVICE TAMPA BAY FL
429 AM EST TUE FEB 25 2020


...................................

...THE SARASOTA BRADENTON CLIMATE SUMMARY FOR FEBRUARY 24 2020...

CLIMATE NORMAL PERIOD 1981 TO 2010
CLIMATE RECORD PERIOD 1911 TO 2020


WEATHER ITEM   OBSERVED TIME   RECORD YEAR NORMAL DEPARTURE LAST
                VALUE   (LST)  VALUE       VALUE  FROM      YEAR
                                                  NORMAL
..................................................................
TEMPERATURE (F)
 YESTERDAY
  MAXIMUM         77    236 PM  87    2001  74      3       80
  MINIMUM         60    700 AM  32    1964  55      5       73
  AVERAGE         69                        64      5       77

PRECIPITATION (IN)
  YESTERDAY        0.00          4.66 1942   0.14  -0.14     0.00
  MONTH TO DATE    1.49                      2.12  -0.63     0.22
  SINCE DEC 1      5.26                      7.14  -1.88    11.07
  SINCE JAN 1      2.46                      4.61  -2.15     2.97

DEGREE DAYS
 HEATING
  YESTERDAY        0                         3     -3        0
  MONTH TO DATE   39                        86    -47        7
  SINCE DEC 1    156                       373   -217      222
  SINCE JUL 1    167                       406   -239      247

 COOLING
  YESTERDAY        4                         2      2       12
  MONTH TO DATE  125                        44     81      163
  SINCE DEC 1    399                       170    229      342
  SINCE JAN 1    244                        96    148      211
..................................................................


WIND (MPH)
  HIGHEST WIND SPEED    24   HIGHEST WIND DIRECTION     S (190)
  HIGHEST GUST SPEED    34   HIGHEST GUST DIRECTION     S (190)
  AVERAGE WIND SPEED    11.4


SKY COVER
  POSSIBLE SUNSHINE  MM
  AVERAGE SKY COVER 0.1


WEATHER CONDITIONS
 THE FOLLOWING WEATHER WAS RECORDED YESTERDAY.
  NO SIGNIFICANT WEATHER WAS OBSERVED.


RELATIVE HUMIDITY (PERCENT)
 HIGHEST    84           700 AM
 LOWEST     50          1100 AM

..........................................................


THE SARASOTA BRADENTON CLIMATE NORMALS FOR TODAY
                         NORMAL    RECORD    YEAR
 MAXIMUM TEMPERATURE (F)   74        87      1922
 MINIMUM TEMPERATURE (F)   55        28      1989


SUNRISE AND SUNSET
FEBRUARY 25 2020......SUNRISE   659 AM EST   SUNSET   628 PM EST
FEBRUARY 26 2020......SUNRISE   658 AM EST   SUNSET   629 PM EST


-  INDICATES NEGATIVE NUMBERS.
R  INDICATES RECORD WAS SET OR TIED.
MM INDICATES DATA IS MISSING.
T  INDICATES TRACE AMOUNT.


$$


&&
------------------------------------------------------------------
******************** SUPPLEMENTAL DATA ***************************

...GULF WATER TEMPERATURE AT VENICE 68 DEGREES
