000
CDUS42 KTBW 180928
CLISRQ


CLIMATE REPORT
NATIONAL WEATHER SERVICE TAMPA BAY FL
426 AM EST TUE DEC 18 2018


...................................

...THE SARASOTA BRADENTON CLIMATE SUMMARY FOR DECEMBER 17 2018...

CLIMATE NORMAL PERIOD 1981 TO 2010
CLIMATE RECORD PERIOD 1911 TO 2018


WEATHER ITEM   OBSERVED TIME   RECORD YEAR NORMAL DEPARTURE LAST
                VALUE   (LST)  VALUE       VALUE  FROM      YEAR
                                                  NORMAL
..................................................................
TEMPERATURE (F)
 YESTERDAY
  MAXIMUM         67    316 PM  88    1965  73     -6       79
  MINIMUM         52   1055 PM  29    1968  53     -1       57
  AVERAGE         60                        63     -3       68

PRECIPITATION (IN)
  YESTERDAY        0.00          1.70 1911   0.10  -0.10     0.00
  MONTH TO DATE    2.76                      1.29   1.47     1.05
  SINCE DEC 1      2.76                      1.29   1.47     1.05
  SINCE JAN 1     43.37                     51.77  -8.40    65.24

DEGREE DAYS
 HEATING
  YESTERDAY        5                         4      1        0
  MONTH TO DATE   41                        55    -14       51
  SINCE DEC 1     41                        55    -14       51
  SINCE JUL 1     66                        88    -22       64

 COOLING
  YESTERDAY        0                         2     -2        3
  MONTH TO DATE   74                        48     26       61
  SINCE DEC 1     74                        48     26       61
  SINCE JAN 1   3878                      3348    530     3764
..................................................................


WIND (MPH)
  HIGHEST WIND SPEED    17   HIGHEST WIND DIRECTION     N (340)
  HIGHEST GUST SPEED    22   HIGHEST GUST DIRECTION     N (340)
  AVERAGE WIND SPEED     6.0


SKY COVER
  POSSIBLE SUNSHINE  MM
  AVERAGE SKY COVER 0.3


WEATHER CONDITIONS
 THE FOLLOWING WEATHER WAS RECORDED YESTERDAY.
  NO SIGNIFICANT WEATHER WAS OBSERVED.


RELATIVE HUMIDITY (PERCENT)
 HIGHEST    96          1100 PM
 LOWEST     58           200 PM

..........................................................


THE SARASOTA BRADENTON CLIMATE NORMALS FOR TODAY
                         NORMAL    RECORD    YEAR
 MAXIMUM TEMPERATURE (F)   73        90      1967
 MINIMUM TEMPERATURE (F)   53        32      1973


SUNRISE AND SUNSET
DECEMBER 18 2018......SUNRISE   714 AM EST   SUNSET   539 PM EST
DECEMBER 19 2018......SUNRISE   715 AM EST   SUNSET   540 PM EST


-  INDICATES NEGATIVE NUMBERS.
R  INDICATES RECORD WAS SET OR TIED.
MM INDICATES DATA IS MISSING.
T  INDICATES TRACE AMOUNT.




$$


&&
------------------------------------------------------------------
******************** SUPPLEMENTAL DATA ***************************

...GULF WATER TEMPERATURE AT VENICE 66 DEGREES
