000
CDUS42 KTBW 180829
CLISRQ


CLIMATE REPORT
NATIONAL WEATHER SERVICE TAMPA BAY FL
427 AM EDT TUE SEP 18 2018


...................................

...THE SARASOTA BRADENTON CLIMATE SUMMARY FOR SEPTEMBER 17 2018...

CLIMATE NORMAL PERIOD 1981 TO 2010
CLIMATE RECORD PERIOD 1911 TO 2018


WEATHER ITEM   OBSERVED TIME   RECORD YEAR NORMAL DEPARTURE LAST
                VALUE   (LST)  VALUE       VALUE  FROM      YEAR
                                                  NORMAL
..................................................................
TEMPERATURE (F)
 YESTERDAY
  MAXIMUM         90    322 PM  95    2005  89      1       91
                                      1990
                                      1987
  MINIMUM         77    648 AM  65    1927  74      3       75
  AVERAGE         84                        82      2       83

PRECIPITATION (IN)
  YESTERDAY        0.00          3.67 2000   0.23  -0.23     0.00
  MONTH TO DATE    4.82                      4.77   0.05     8.75
  SINCE SEP 1      4.82                      4.77   0.05     8.75
  SINCE JAN 1     36.56                     43.10  -6.54    58.26

DEGREE DAYS
 HEATING
  YESTERDAY        0                         0      0        0
  MONTH TO DATE    0                         0      0        0
  SINCE SEP 1      0                         0      0        0
  SINCE JUL 1      0                         0      0        0

 COOLING
  YESTERDAY       19                        17      2       18
  MONTH TO DATE  301                       289     12      285
  SINCE SEP 1    301                       289     12      285
  SINCE JAN 1   2894                      2586    308     2944
..................................................................


WIND (MPH)
  HIGHEST WIND SPEED    12   HIGHEST WIND DIRECTION     W (270)
  HIGHEST GUST SPEED    18   HIGHEST GUST DIRECTION    SW (240)
  AVERAGE WIND SPEED     6.3


SKY COVER
  POSSIBLE SUNSHINE  MM
  AVERAGE SKY COVER 0.1


WEATHER CONDITIONS
 THE FOLLOWING WEATHER WAS RECORDED YESTERDAY.
  NO SIGNIFICANT WEATHER WAS OBSERVED.


RELATIVE HUMIDITY (PERCENT)
 HIGHEST   100           100 AM
 LOWEST     64           100 PM

..........................................................


THE SARASOTA BRADENTON CLIMATE NORMALS FOR TODAY
                         NORMAL    RECORD    YEAR
 MAXIMUM TEMPERATURE (F)   89        95      2005
                                             1990
                                             1987
 MINIMUM TEMPERATURE (F)   74        67      1957
                                             1914


SUNRISE AND SUNSET
SEPTEMBER 18 2018.....SUNRISE   717 AM EDT   SUNSET   731 PM EDT
SEPTEMBER 19 2018.....SUNRISE   717 AM EDT   SUNSET   730 PM EDT


-  INDICATES NEGATIVE NUMBERS.
R  INDICATES RECORD WAS SET OR TIED.
MM INDICATES DATA IS MISSING.
T  INDICATES TRACE AMOUNT.




$$


&&
------------------------------------------------------------------
******************** SUPPLEMENTAL DATA ***************************

...GULF WATER TEMPERATURE AT VENICE 88 DEGREES
