746
CDUS42 KTBW 252214
CLISRQ


CLIMATE REPORT
NATIONAL WEATHER SERVICE TAMPA BAY FL
511 PM EST SUN FEB 25 2018


...................................

...THE SARASOTA BRADENTON CLIMATE SUMMARY FOR FEBRUARY 25 2018...
VALID TODAY AS OF 0500 PM LOCAL TIME.

CLIMATE NORMAL PERIOD 1981 TO 2010
CLIMATE RECORD PERIOD 1911 TO 2018


WEATHER ITEM   OBSERVED TIME   RECORD YEAR NORMAL DEPARTURE LAST
                VALUE   (LST)  VALUE       VALUE  FROM      YEAR
                                                  NORMAL
..................................................................
TEMPERATURE (F)
 TODAY
  MAXIMUM         83    144 PM  87    1922  74      9       78
  MINIMUM         65    714 AM  28    1989  55     10       63
  AVERAGE         74                        64     10       71

PRECIPITATION (IN)
  TODAY            0.01          2.19 1992   0.13  -0.12     0.00
  MONTH TO DATE    0.44                      2.25  -1.81     0.72
  SINCE DEC 1      4.16                      7.27  -3.11     3.67
  SINCE JAN 1      3.09                      4.74  -1.65     2.42

DEGREE DAYS
 HEATING
  TODAY            0                         3     -3        0
  MONTH TO DATE    3                        89    -86       26
  SINCE DEC 1    286                       376    -90      137
  SINCE JUL 1    299                       409   -110      148

 COOLING
  TODAY            9                         2      7        6
  MONTH TO DATE  181                        46    135       65
  SINCE DEC 1    325                       172    153      314
  SINCE JAN 1    216                        98    118      151
..................................................................


WIND (MPH)
  RESULTANT WIND SPEED   7   RESULTANT WIND DIRECTION   S (190)
  HIGHEST WIND SPEED    20   HIGHEST WIND DIRECTION    SW (210)
  HIGHEST GUST SPEED    22   HIGHEST GUST DIRECTION    SW (220)
  AVERAGE WIND SPEED     8.7


SKY COVER
  POSSIBLE SUNSHINE  MM
  AVERAGE SKY COVER 0.2


WEATHER CONDITIONS
 THE FOLLOWING WEATHER WAS RECORDED TODAY.
  LIGHT RAIN


RELATIVE HUMIDITY (PERCENT)
 HIGHEST   100           600 AM
 LOWEST     62          1100 AM

..........................................................


THE SARASOTA BRADENTON CLIMATE NORMALS FOR TOMORROW
                         NORMAL    RECORD    YEAR
 MAXIMUM TEMPERATURE (F)   74        87      1962
 MINIMUM TEMPERATURE (F)   55        27      1967


SUNRISE AND SUNSET
FEBRUARY 25 2018......SUNRISE   658 AM EST   SUNSET   628 PM EST
FEBRUARY 26 2018......SUNRISE   657 AM EST   SUNSET   629 PM EST


-  INDICATES NEGATIVE NUMBERS.
R  INDICATES RECORD WAS SET OR TIED.
MM INDICATES DATA IS MISSING.
T  INDICATES TRACE AMOUNT.




$$


&&
------------------------------------------------------------------
******************** SUPPLEMENTAL DATA ***************************

...GULF WATER TEMPERATURE AT VENICE 77 DEGREES
