000
CDUS42 KTBW 180829
CLISRQ


CLIMATE REPORT
NATIONAL WEATHER SERVICE TAMPA BAY FL
428 AM EDT MON JUN 18 2018


...................................

...THE SARASOTA BRADENTON CLIMATE SUMMARY FOR JUNE 17 2018...

CLIMATE NORMAL PERIOD 1981 TO 2010
CLIMATE RECORD PERIOD 1911 TO 2018


WEATHER ITEM   OBSERVED TIME   RECORD YEAR NORMAL DEPARTURE LAST
                VALUE   (LST)  VALUE       VALUE  FROM      YEAR
                                                  NORMAL
..................................................................
TEMPERATURE (F)
 YESTERDAY
  MAXIMUM         94    242 PM  98    1938  89      5       88
  MINIMUM         74    555 AM  63    1913  73      1       74
  AVERAGE         84                        81      3       81

PRECIPITATION (IN)
  YESTERDAY        0.03          2.52 1999   0.31  -0.28      T
  MONTH TO DATE    1.53                      3.45  -1.92     7.94
  SINCE JUN 1      1.53                      3.45  -1.92     7.94
  SINCE JAN 1     16.41                     17.15  -0.74    16.22

DEGREE DAYS
 HEATING
  YESTERDAY        0                         0      0        0
  MONTH TO DATE    0                         0      0        0
  SINCE JUN 1      0                         0      0        0
  SINCE JUL 1    389                       477    -88      202

 COOLING
  YESTERDAY       19                        16      3       16
  MONTH TO DATE  279                       258     21      256
  SINCE JUN 1    279                       258     21      256
  SINCE JAN 1   1228                      1009    219     1293
..................................................................


WIND (MPH)
  HIGHEST WIND SPEED    16   HIGHEST WIND DIRECTION     W (290)
  HIGHEST GUST SPEED    18   HIGHEST GUST DIRECTION     W (280)
  AVERAGE WIND SPEED     6.9


SKY COVER
  POSSIBLE SUNSHINE  MM
  AVERAGE SKY COVER 0.3


WEATHER CONDITIONS
 THE FOLLOWING WEATHER WAS RECORDED YESTERDAY.
  NO SIGNIFICANT WEATHER WAS OBSERVED.


RELATIVE HUMIDITY (PERCENT)
 HIGHEST   100           600 AM
 LOWEST     49          1200 PM

..........................................................


THE SARASOTA BRADENTON CLIMATE NORMALS FOR TODAY
                         NORMAL    RECORD    YEAR
 MAXIMUM TEMPERATURE (F)   89       100      1998
 MINIMUM TEMPERATURE (F)   73        61      1933


SUNRISE AND SUNSET
JUNE 18 2018..........SUNRISE   635 AM EDT   SUNSET   828 PM EDT
JUNE 19 2018..........SUNRISE   635 AM EDT   SUNSET   828 PM EDT


-  INDICATES NEGATIVE NUMBERS.
R  INDICATES RECORD WAS SET OR TIED.
MM INDICATES DATA IS MISSING.
T  INDICATES TRACE AMOUNT.




$$


&&
------------------------------------------------------------------
******************** SUPPLEMENTAL DATA ***************************

...GULF WATER TEMPERATURE AT VENICE 87 DEGREES
