000
CDUS42 KTBW 210829
CLISRQ


CLIMATE REPORT
NATIONAL WEATHER SERVICE TAMPA BAY FL
427 AM EDT WED OCT 21 2020


...................................

...THE SARASOTA BRADENTON CLIMATE SUMMARY FOR OCTOBER 20 2020...

CLIMATE NORMAL PERIOD 1981 TO 2010
CLIMATE RECORD PERIOD 1911 TO 2020


WEATHER ITEM   OBSERVED TIME   RECORD YEAR NORMAL DEPARTURE LAST
                VALUE   (LST)  VALUE       VALUE  FROM      YEAR
                                                  NORMAL
..................................................................
TEMPERATURE (F)
 YESTERDAY
  MAXIMUM         87    154 PM  91    2005  84      3       88
  MINIMUM         76    838 PM  46    1996  67      9       80
  AVERAGE         82                        75      7       84

PRECIPITATION (IN)
  YESTERDAY        0.26          3.53 1952   0.09   0.17     0.00
  MONTH TO DATE    2.00                      2.26  -0.26     3.22
  SINCE SEP 1      9.83                      9.36   0.47     5.21
  SINCE JAN 1     46.11                     47.69  -1.58    46.60

DEGREE DAYS
 HEATING
  YESTERDAY        0                         0      0        0
  MONTH TO DATE    0                         0      0        0
  SINCE SEP 1      0                         0      0        0
  SINCE JUL 1      0                         0      0        0

 COOLING
  YESTERDAY       17                        11      6       19
  MONTH TO DATE  338                       255     83      354
  SINCE SEP 1    890                       747    143      953
  SINCE JAN 1   3966                      3044    922     3811
..................................................................


WIND (MPH)
  HIGHEST WIND SPEED    20   HIGHEST WIND DIRECTION     E (80)
  HIGHEST GUST SPEED    27   HIGHEST GUST DIRECTION     E (80)
  AVERAGE WIND SPEED    10.6


SKY COVER
  POSSIBLE SUNSHINE  MM
  AVERAGE SKY COVER 0.2


WEATHER CONDITIONS
 THE FOLLOWING WEATHER WAS RECORDED YESTERDAY.
  THUNDERSTORM
  HEAVY RAIN
  LIGHT RAIN
  HAZE


RELATIVE HUMIDITY (PERCENT)
 HIGHEST    94          1200 AM
 LOWEST     59           200 PM

..........................................................


THE SARASOTA BRADENTON CLIMATE NORMALS FOR TODAY
                         NORMAL    RECORD    YEAR
 MAXIMUM TEMPERATURE (F)   84        91      1973
 MINIMUM TEMPERATURE (F)   66        46      1989
                                             1964


SUNRISE AND SUNSET
OCTOBER 21 2020.......SUNRISE   734 AM EDT   SUNSET   655 PM EDT
OCTOBER 22 2020.......SUNRISE   735 AM EDT   SUNSET   654 PM EDT


-  INDICATES NEGATIVE NUMBERS.
R  INDICATES RECORD WAS SET OR TIED.
MM INDICATES DATA IS MISSING.
T  INDICATES TRACE AMOUNT.




$$


&&
------------------------------------------------------------------
******************** SUPPLEMENTAL DATA ***************************

...GULF WATER TEMPERATURE AT VENICE 81 DEGREES
