000
CDUS42 KJAX 240529
CLISSI


CLIMATE REPORT
NATIONAL WEATHER SERVICE JACKSONVILLE FL
127 AM EDT TUE APR 24 2018


...................................

...THE ST SIMONS ISLAND CLIMATE SUMMARY FOR APRIL 23 2018...

CLIMATE NORMAL PERIOD 1981 TO 2010
CLIMATE RECORD PERIOD 1948 TO 2018


WEATHER ITEM   OBSERVED TIME   RECORD YEAR NORMAL DEPARTURE LAST
                VALUE   (LST)  VALUE       VALUE  FROM      YEAR
                                                  NORMAL
..................................................................
TEMPERATURE (F)
 YESTERDAY
  MAXIMUM         73    329 PM  91    1980  77     -4       82
  MINIMUM         67    200 AM  42    1993  60      7       69
  AVERAGE         70                        68      2       76

PRECIPITATION (IN)
  YESTERDAY        1.15          1.47 1997   0.07   1.08     0.08
  MONTH TO DATE    4.16                      2.03   2.13     1.59
  SINCE MAR 1      5.96                      5.91   0.05     2.25
  SINCE JAN 1     10.75                     12.60  -1.85     8.11

SNOWFALL (IN)
  YESTERDAY        0.0           0.0    MM                   0.0
  MONTH TO DATE    0.0                                       0.0
  SINCE MAR 1      0.0                                       0.0
  SINCE JUL 1      0.0                                       0.0
  SNOW DEPTH       0

DEGREE DAYS
 HEATING
  YESTERDAY        0                         1     -1        0
  MONTH TO DATE   45                        50     -5       12
  SINCE MAR 1    243                       227     16      166
  SINCE JUL 1   1296                      1478   -182      781

 COOLING
  YESTERDAY        5                         4      1       11
  MONTH TO DATE   63                        67     -4      132
  SINCE MAR 1     94                        98     -4      217
  SINCE JAN 1    156                       107     49      269
..................................................................


WIND (MPH)
  HIGHEST WIND SPEED    26   HIGHEST WIND DIRECTION     E (100)
  HIGHEST GUST SPEED    34   HIGHEST GUST DIRECTION     E (100)
  AVERAGE WIND SPEED    11.0


SKY COVER
  POSSIBLE SUNSHINE  MM
  AVERAGE SKY COVER 0.6


WEATHER CONDITIONS
 THE FOLLOWING WEATHER WAS RECORDED YESTERDAY.
  THUNDERSTORM
  HEAVY RAIN
  RAIN
  LIGHT RAIN
  FOG


RELATIVE HUMIDITY (PERCENT)
 HIGHEST   100          1000 AM
 LOWEST     90           400 PM
 AVERAGE    95

..........................................................


THE ST SIMONS ISLAND CLIMATE NORMALS FOR TODAY
                         NORMAL    RECORD    YEAR
 MAXIMUM TEMPERATURE (F)   77        93      1999
 MINIMUM TEMPERATURE (F)   60        47      1986


SUNRISE AND SUNSET
APRIL 24 2018.........SUNRISE   648 AM EDT   SUNSET   800 PM EDT
APRIL 25 2018.........SUNRISE   647 AM EDT   SUNSET   801 PM EDT


-  INDICATES NEGATIVE NUMBERS.
R  INDICATES RECORD WAS SET OR TIED.
MM INDICATES DATA IS MISSING.
T  INDICATES TRACE AMOUNT.




$$
