000
CDUS42 KJAX 190526
CLISSI


CLIMATE REPORT
NATIONAL WEATHER SERVICE JACKSONVILLE FL
126 AM EDT FRI OCT 19 2018


...................................

...THE ST SIMONS ISLAND CLIMATE SUMMARY FOR OCTOBER 18 2018...

CLIMATE NORMAL PERIOD 1981 TO 2010
CLIMATE RECORD PERIOD 1948 TO 2018


WEATHER ITEM   OBSERVED TIME   RECORD YEAR NORMAL DEPARTURE LAST
                VALUE   (LST)  VALUE       VALUE  FROM      YEAR
                                                  NORMAL
..................................................................
TEMPERATURE (F)
 YESTERDAY
  MAXIMUM         82    138 PM  89    2007  77      5       75
  MINIMUM         72    720 AM  43    1977  62     10       61
  AVERAGE         77                        70      7       68

PRECIPITATION (IN)
  YESTERDAY        0.00          4.89 1950   0.15  -0.15     0.00
  MONTH TO DATE    2.58                      3.10  -0.52     1.48
  SINCE SEP 1      6.15                      8.86  -2.71    14.39
  SINCE JAN 1     30.18                     38.97  -8.79    44.47

SNOWFALL (IN)
  YESTERDAY        0.0           0.0    MM                   0.0
  MONTH TO DATE    0.0                                       0.0
  SINCE SEP 1      0.0                                       0.0
  SINCE JUL 1      0.0                                       0.0
  SNOW DEPTH       0

DEGREE DAYS
 HEATING
  YESTERDAY        0                         1     -1        0
  MONTH TO DATE    0                         8     -8        0
  SINCE SEP 1      0                         8     -8        0
  SINCE JUL 1      0                         8     -8        0

 COOLING
  YESTERDAY       12                         5      7        3
  MONTH TO DATE  266                       136    130      245
  SINCE SEP 1    829                       531    298      691
  SINCE JAN 1   3061                      2507    554     3018
..................................................................


WIND (MPH)
  HIGHEST WIND SPEED    23   HIGHEST WIND DIRECTION    NE (50)
  HIGHEST GUST SPEED    32   HIGHEST GUST DIRECTION    NE (30)
  AVERAGE WIND SPEED    12.3


SKY COVER
  POSSIBLE SUNSHINE  MM
  AVERAGE SKY COVER 0.8


WEATHER CONDITIONS
 THE FOLLOWING WEATHER WAS RECORDED YESTERDAY.
  NO SIGNIFICANT WEATHER WAS OBSERVED.


RELATIVE HUMIDITY (PERCENT)
 HIGHEST    84           600 AM
 LOWEST     58          1200 PM
 AVERAGE    71

..........................................................


THE ST SIMONS ISLAND CLIMATE NORMALS FOR TODAY
                         NORMAL    RECORD    YEAR
 MAXIMUM TEMPERATURE (F)   77        89      1980
                                             1972
 MINIMUM TEMPERATURE (F)   61        45      2009


SUNRISE AND SUNSET
OCTOBER 19 2018.......SUNRISE   731 AM EDT   SUNSET   649 PM EDT
OCTOBER 20 2018.......SUNRISE   732 AM EDT   SUNSET   648 PM EDT


-  INDICATES NEGATIVE NUMBERS.
R  INDICATES RECORD WAS SET OR TIED.
MM INDICATES DATA IS MISSING.
T  INDICATES TRACE AMOUNT.




$$
