000
CDUS42 KJAX 040535
CLISSI

CLIMATE REPORT
NATIONAL WEATHER SERVICE JACKSONVILLE FL
135 AM EDT THU JUN 04 2020

...................................

...THE ST SIMONS ISLAND CLIMATE SUMMARY FOR JUNE 3 2020...

CLIMATE NORMAL PERIOD: 1981 TO 2010
CLIMATE RECORD PERIOD: 1948 TO 2020


WEATHER ITEM   OBSERVED TIME   RECORD YEAR NORMAL DEPARTURE LAST
                VALUE   (LST)  VALUE       VALUE  FROM      YEAR
                                                  NORMAL
...................................................................
TEMPERATURE (F)
 YESTERDAY
  MAXIMUM         83  12:40 PM 103    1985  86     -3       97
  MINIMUM         68   5:45 AM  58    1956  71     -3       71
  AVERAGE         76                        79     -3       84

PRECIPITATION (IN)
  YESTERDAY        0.00          2.30 1995   0.14  -0.14     0.00
  MONTH TO DATE    0.00                      0.43  -0.43      T
  SINCE JUN 1      0.00                      0.43  -0.43      T
  SINCE JAN 1     16.09                     15.35   0.74    10.29

SNOWFALL (IN)
  YESTERDAY        0.0           0.0    MM

DEGREE DAYS
 HEATING
  YESTERDAY        0                         0      0        0
  MONTH TO DATE    0                         0      0        0
  SINCE JUN 1      0                         0      0        0
  SINCE JUL 1    938                      1488   -550     1013

 COOLING
  YESTERDAY       11                        14     -3       19
  MONTH TO DATE   42                        40      2       59
  SINCE JUN 1     42                        40      2       59
  SINCE JAN 1    760                       482    278      788
...................................................................


WIND (MPH)
  HIGHEST WIND SPEED    12   HIGHEST WIND DIRECTION    SE (130)
  HIGHEST GUST SPEED    15   HIGHEST GUST DIRECTION    SE (130)
  AVERAGE WIND SPEED     5.5


SKY COVER
  AVERAGE SKY COVER 0.0


WEATHER CONDITIONS
THE FOLLOWING WEATHER WAS RECORDED YESTERDAY.
  NO SIGNIFICANT WEATHER WAS OBSERVED.


RELATIVE HUMIDITY (PERCENT)
 HIGHEST    84           7:00 AM
 LOWEST     54           4:00 PM
 AVERAGE    69

..........................................................


THE ST SIMONS ISLAND CLIMATE NORMALS FOR TODAY
                         NORMAL    RECORD    YEAR
 MAXIMUM TEMPERATURE (F)   86        97      1998
 MINIMUM TEMPERATURE (F)   72        63      1988


SUNRISE AND SUNSET
JUNE  4 2020..........SUNRISE   6:22 AM EDT   SUNSET   8:27 PM EDT
JUNE  5 2020..........SUNRISE   6:21 AM EDT   SUNSET   8:27 PM EDT


-  INDICATES NEGATIVE NUMBERS.
R  INDICATES RECORD WAS SET OR TIED.
MM INDICATES DATA IS MISSING.
T  INDICATES TRACE AMOUNT.




$$
