000
CDUS43 KMPX 230641
CLISTC


CLIMATE REPORT
NATIONAL WEATHER SERVICE CHANHASSEN MN
1241 AM CST WED JAN 23 2019


...................................

...THE ST CLOUD MN CLIMATE SUMMARY FOR JANUARY 22 2019...

CLIMATE NORMAL PERIOD 1981 TO 2010
CLIMATE RECORD PERIOD 1893 TO 2019


WEATHER ITEM   OBSERVED TIME   RECORD YEAR NORMAL DEPARTURE LAST
                VALUE   (LST)  VALUE       VALUE  FROM      YEAR
                                                  NORMAL
..................................................................
TEMPERATURE (F)
 YESTERDAY
  MAXIMUM         18    410 PM  52    1942  22     -4       30
  MINIMUM          6    745 PM -37    1936   1      5       24
  AVERAGE         12                        11      1       27

PRECIPITATION (IN)
  YESTERDAY        0.05          0.45 1979   0.02   0.03     0.00
  MONTH TO DATE    0.09                      0.49  -0.40     0.17
  SINCE DEC 1      0.98                      1.31  -0.33     0.61
  SINCE JAN 1      0.09                      0.49  -0.40     0.17

SNOWFALL (IN)
  YESTERDAY        1.3           5.6  1979   0.3    0.0      0.0
  MONTH TO DATE    1.8                       6.4   -4.6      4.4
  SINCE DEC 1     10.1                      15.8   -5.7      9.1
  SINCE JUL 1     16.9                      25.0   -8.1     16.2
  SNOW DEPTH       6

DEGREE DAYS
 HEATING
  YESTERDAY       53                        54     -1       38
  MONTH TO DATE 1105                      1181    -76     1184
  SINCE DEC 1   2440                      2703   -263     2727
  SINCE JUL 1   4599                      4628    -29     4493

 COOLING
  YESTERDAY        0                         0      0        0
  MONTH TO DATE    0                         0      0        0
  SINCE DEC 1      0                         0      0        0
  SINCE JAN 1      0                         0      0        0
..................................................................


WIND (MPH)
  HIGHEST WIND SPEED    17   HIGHEST WIND DIRECTION    SE (130)
  HIGHEST GUST SPEED    24   HIGHEST GUST DIRECTION    SE (130)
  AVERAGE WIND SPEED     4.5


SKY COVER
  POSSIBLE SUNSHINE  MM
  AVERAGE SKY COVER 0.8


WEATHER CONDITIONS
 THE FOLLOWING WEATHER WAS RECORDED YESTERDAY.
  LIGHT SNOW
  FOG
  HAZE


RELATIVE HUMIDITY (PERCENT)
 HIGHEST    92           300 AM
 LOWEST     67          1200 AM
 AVERAGE    80

..........................................................


THE ST CLOUD MN CLIMATE NORMALS FOR TODAY
                         NORMAL    RECORD    YEAR
 MAXIMUM TEMPERATURE (F)   22        55      1942
 MINIMUM TEMPERATURE (F)    1       -33      1936
                                             1935


SUNRISE AND SUNSET
JANUARY 23 2019.......SUNRISE   747 AM CST   SUNSET   510 PM CST
JANUARY 24 2019.......SUNRISE   746 AM CST   SUNSET   511 PM CST


-  INDICATES NEGATIVE NUMBERS.
R  INDICATES RECORD WAS SET OR TIED.
MM INDICATES DATA IS MISSING.
T  INDICATES TRACE AMOUNT.




$$
