000
CDUS43 KMPX 270645
CLISTC


CLIMATE REPORT
NATIONAL WEATHER SERVICE CHANHASSEN MN
142 AM CDT SUN MAY 27 2018


...................................

...THE ST CLOUD MN CLIMATE SUMMARY FOR MAY 26 2018...

CLIMATE NORMAL PERIOD 1981 TO 2010
CLIMATE RECORD PERIOD 1893 TO 2018


WEATHER ITEM   OBSERVED TIME   RECORD YEAR NORMAL DEPARTURE LAST
                VALUE   (LST)  VALUE       VALUE  FROM      YEAR
                                                  NORMAL
..................................................................
TEMPERATURE (F)
 YESTERDAY
  MAXIMUM         95R   312 PM  93    1914  72     23       76
  MINIMUM         60    535 AM  30    1992  47     13       53
  AVERAGE         78                        59     19       65

PRECIPITATION (IN)
  YESTERDAY        0.00          2.13 1906   0.09  -0.09     0.00
  MONTH TO DATE    0.41                      2.44  -2.03     4.32
  SINCE MAR 1      3.81                      6.56  -2.75     8.26
  SINCE JAN 1      5.39                      7.80  -2.41     9.58

SNOWFALL (IN)
  YESTERDAY        0.0           T    1951   0.0    0.0      0.0
  MONTH TO DATE    0.0                       0.0    0.0      1.0
  SINCE MAR 1     30.2                      11.5   18.7      3.0
  SINCE JUL 1     62.7                      45.7   17.0     31.9
  SNOW DEPTH       0

DEGREE DAYS
 HEATING
  YESTERDAY        0                         7     -7        0
  MONTH TO DATE  148                       258   -110      269
  SINCE MAR 1   2210                      1979    231     1892
  SINCE JUL 1   8665                      8425    240     7248

 COOLING
  YESTERDAY       13                         1     12        0
  MONTH TO DATE   49                        18     31        3
  SINCE MAR 1     49                        20     29        3
  SINCE JAN 1     49                        20     29        3
..................................................................


WIND (MPH)
  HIGHEST WIND SPEED    20   HIGHEST WIND DIRECTION    NW (300)
  HIGHEST GUST SPEED    26   HIGHEST GUST DIRECTION     W (270)
  AVERAGE WIND SPEED     5.5


SKY COVER
  POSSIBLE SUNSHINE  MM
  AVERAGE SKY COVER 0.0


WEATHER CONDITIONS
 THE FOLLOWING WEATHER WAS RECORDED YESTERDAY.
  NO SIGNIFICANT WEATHER WAS OBSERVED.


RELATIVE HUMIDITY (PERCENT)
 HIGHEST    90           500 AM
 LOWEST     19          1200 PM
 AVERAGE    55

..........................................................


THE ST CLOUD MN CLIMATE NORMALS FOR TODAY
                         NORMAL    RECORD    YEAR
 MAXIMUM TEMPERATURE (F)   72        97      1969
 MINIMUM TEMPERATURE (F)   48        28      1907


SUNRISE AND SUNSET
MAY 27 2018...........SUNRISE   534 AM CDT   SUNSET   853 PM CDT
MAY 28 2018...........SUNRISE   533 AM CDT   SUNSET   854 PM CDT


-  INDICATES NEGATIVE NUMBERS.
R  INDICATES RECORD WAS SET OR TIED.
MM INDICATES DATA IS MISSING.
T  INDICATES TRACE AMOUNT.




$$
