000
CDUS43 KMPX 170802
CLISTC


CLIMATE REPORT
NATIONAL WEATHER SERVICE CHANHASSEN MN
201 AM CST SAT FEB 17 2018


...................................

...THE ST CLOUD MN CLIMATE SUMMARY FOR FEBRUARY 16 2018...

CLIMATE NORMAL PERIOD 1981 TO 2010
CLIMATE RECORD PERIOD 1893 TO 2018


WEATHER ITEM   OBSERVED TIME   RECORD YEAR NORMAL DEPARTURE LAST
                VALUE   (LST)  VALUE       VALUE  FROM      YEAR
                                                  NORMAL
..................................................................
TEMPERATURE (F)
 YESTERDAY
  MAXIMUM         24    413 PM  53    1981  27     -3       41
  MINIMUM         -4    612 AM -34    1936   8    -12       27
  AVERAGE         10                        17     -7       34

PRECIPITATION (IN)
  YESTERDAY        0.00          0.38 1898   0.02  -0.02     0.00
  MONTH TO DATE    0.19                      0.28  -0.09     0.10
  SINCE DEC 1      0.81                      1.75  -0.94     2.19
  SINCE JAN 1      0.37                      0.93  -0.56     0.64

SNOWFALL (IN)
  YESTERDAY        0.0           3.2  1938   0.3   -0.3      0.0
  MONTH TO DATE    2.9                       3.7   -0.8      0.3
  SINCE DEC 1     12.2                      21.7   -9.5     19.1
  SINCE JUL 1     19.3                      30.9  -11.6     26.4
  SNOW DEPTH       1

DEGREE DAYS
 HEATING
  YESTERDAY       55                        48      7       31
  MONTH TO DATE  967                       801    166      689
  SINCE DEC 1   4105                      3978    127     3631
  SINCE JUL 1   5871                      5903    -32     5005

 COOLING
  YESTERDAY        0                         0      0        0
  MONTH TO DATE    0                         0      0        0
  SINCE DEC 1      0                         0      0        0
  SINCE JAN 1      0                         0      0        0
..................................................................


WIND (MPH)
  HIGHEST WIND SPEED    22   HIGHEST WIND DIRECTION     S (170)
  HIGHEST GUST SPEED    30   HIGHEST GUST DIRECTION    NW (310)
  AVERAGE WIND SPEED    11.5


SKY COVER
  POSSIBLE SUNSHINE  MM
  AVERAGE SKY COVER 0.0


WEATHER CONDITIONS
 THE FOLLOWING WEATHER WAS RECORDED YESTERDAY.
  NO SIGNIFICANT WEATHER WAS OBSERVED.


RELATIVE HUMIDITY (PERCENT)
 HIGHEST    79           500 AM
 LOWEST     42           300 PM
 AVERAGE    61

..........................................................


THE ST CLOUD MN CLIMATE NORMALS FOR TODAY
                         NORMAL    RECORD    YEAR
 MAXIMUM TEMPERATURE (F)   27        59      2017
 MINIMUM TEMPERATURE (F)    8       -28      1903


SUNRISE AND SUNSET
FEBRUARY 17 2018......SUNRISE   715 AM CST   SUNSET   546 PM CST
FEBRUARY 18 2018......SUNRISE   713 AM CST   SUNSET   548 PM CST


-  INDICATES NEGATIVE NUMBERS.
R  INDICATES RECORD WAS SET OR TIED.
MM INDICATES DATA IS MISSING.
T  INDICATES TRACE AMOUNT.




$$
