000
CDUS43 KMPX 200112
CLISTC

CLIMATE REPORT
NATIONAL WEATHER SERVICE TWIN CITIES/CHANHASSEN MN
812 PM CDT MON OCT 19 2020

...................................

...THE ST CLOUD MN CLIMATE SUMMARY FOR OCTOBER 19 2020...
VALID TODAY AS OF 0700 PM LOCAL TIME.

CLIMATE NORMAL PERIOD 1981 TO 2010
CLIMATE RECORD PERIOD 1893 TO 2020


WEATHER ITEM   OBSERVED TIME   RECORD YEAR NORMAL DEPARTURE LAST
                VALUE   (LST)  VALUE       VALUE  FROM      YEAR
                                                  NORMAL
...................................................................
TEMPERATURE (F)
 TODAY
  MAXIMUM         33    326 PM  85    2000  55    -22       66
  MINIMUM         20    504 AM   9    1972  34    -14       38
  AVERAGE         27                        45    -18       52

PRECIPITATION (IN)
  TODAY            0.08          1.65 1934   0.08   0.00      T
  MONTH TO DATE    1.52                      1.72  -0.20     2.42
  SINCE SEP 1      3.50                      5.18  -1.68     9.97
  SINCE JAN 1     23.29                     24.76  -1.47    37.31

SNOWFALL (IN)
  TODAY           MM             3.5  1916   0.0   MM        0.0
  MONTH TO DATE    0.2                       0.2    0.0      0.5
  SINCE SEP 1      0.2                       0.2    0.0      0.5
  SINCE JUL 1      0.2                       0.2    0.0      0.5
  SNOW DEPTH      MM

DEGREE DAYS
 HEATING
  TODAY           38                        20     18       13
  MONTH TO DATE  354                       321     33      340
  SINCE SEP 1    588                       549     39      482
  SINCE JUL 1    611                       607      4      515

 COOLING
  TODAY            0                         0      0        0
  MONTH TO DATE    2                         0      2        0
  SINCE SEP 1     12                        34    -22       54
  SINCE JAN 1    579                       463    116      452
...................................................................


WIND (MPH)
  HIGHEST WIND SPEED    10   HIGHEST WIND DIRECTION    SW (210)
  HIGHEST GUST SPEED    15   HIGHEST GUST DIRECTION     S (180)
  AVERAGE WIND SPEED     3.9


SKY COVER
  POSSIBLE SUNSHINE  MM
  AVERAGE SKY COVER 0.7


WEATHER CONDITIONS
THE FOLLOWING WEATHER WAS RECORDED TODAY.
  LIGHT SNOW
  FOG
  HAZE


RELATIVE HUMIDITY (PERCENT)
 HIGHEST    96
 LOWEST     78
 AVERAGE    87

..........................................................


THE ST CLOUD MN CLIMATE NORMALS FOR TOMORROW
                         NORMAL    RECORD    YEAR
 MAXIMUM TEMPERATURE (F)   55        81      1953
 MINIMUM TEMPERATURE (F)   34        17      1989


SUNRISE AND SUNSET
OCTOBER 19 2020.......SUNRISE   739 AM CDT   SUNSET   623 PM CDT
OCTOBER 20 2020.......SUNRISE   740 AM CDT   SUNSET   621 PM CDT


-  INDICATES NEGATIVE NUMBERS.
R  INDICATES RECORD WAS SET OR TIED.
MM INDICATES DATA IS MISSING.
T  INDICATES TRACE AMOUNT.




$$
