000
CDUS43 KMPX 210051
CLISTC


CLIMATE REPORT
NATIONAL WEATHER SERVICE CHANHASSEN MN
750 PM CDT SAT OCT 20 2018


...................................

...THE ST CLOUD MN CLIMATE SUMMARY FOR OCTOBER 20 2018...
VALID TODAY AS OF 0700 PM LOCAL TIME.

CLIMATE NORMAL PERIOD 1981 TO 2010
CLIMATE RECORD PERIOD 1893 TO 2018


WEATHER ITEM   OBSERVED TIME   RECORD YEAR NORMAL DEPARTURE LAST
                VALUE   (LST)  VALUE       VALUE  FROM      YEAR
                                                  NORMAL
..................................................................
TEMPERATURE (F)
 TODAY
  MAXIMUM         46   1243 AM  81    1953  55     -9       77
  MINIMUM         31    811 AM  17    1989  34     -3       48
  AVERAGE         39                        44     -5       63

PRECIPITATION (IN)
  TODAY            0.00          0.82 1904   0.07  -0.07     0.00
  MONTH TO DATE    2.90                      1.79   1.11     4.27
  SINCE SEP 1      5.07                      5.25  -0.18     7.20
  SINCE JAN 1     24.94                     24.83   0.11    28.13

SNOWFALL (IN)
  TODAY            0.0           5.8  1936   0.1   -0.1      0.0
  MONTH TO DATE    T                         0.3   -0.3      0.0
  SINCE SEP 1      T                         0.3   -0.3      0.0
  SINCE JUL 1      T                         0.3   -0.3      0.0

DEGREE DAYS
 HEATING
  TODAY           26                        21      5        2
  MONTH TO DATE  450                       342    108      277
  SINCE SEP 1    657                       570     87      416
  SINCE JUL 1    682                       628     54      456

 COOLING
  TODAY            0                         0      0        0
  MONTH TO DATE    0                         0      0        0
  SINCE SEP 1     79                        34     45       71
  SINCE JAN 1    651                       463    188      361
..................................................................


WIND (MPH)
  HIGHEST WIND SPEED    29   HIGHEST WIND DIRECTION    NW (310)
  HIGHEST GUST SPEED    46   HIGHEST GUST DIRECTION    NW (310)
  AVERAGE WIND SPEED    17.0


SKY COVER
  POSSIBLE SUNSHINE  MM
  AVERAGE SKY COVER 0.2


WEATHER CONDITIONS
 THE FOLLOWING WEATHER WAS RECORDED TODAY.
  NO SIGNIFICANT WEATHER WAS OBSERVED.


RELATIVE HUMIDITY (PERCENT)
 HIGHEST    67           200 AM
 LOWEST     30           200 PM
 AVERAGE    49

..........................................................


THE ST CLOUD MN CLIMATE NORMALS FOR TOMORROW
                         NORMAL    RECORD    YEAR
 MAXIMUM TEMPERATURE (F)   54        87      1947
 MINIMUM TEMPERATURE (F)   33        11      1913


SUNRISE AND SUNSET
OCTOBER 20 2018.......SUNRISE   739 AM CDT   SUNSET   622 PM CDT
OCTOBER 21 2018.......SUNRISE   741 AM CDT   SUNSET   620 PM CDT


-  INDICATES NEGATIVE NUMBERS.
R  INDICATES RECORD WAS SET OR TIED.
MM INDICATES DATA IS MISSING.
T  INDICATES TRACE AMOUNT.




$$
