314
CDUS43 KMPX 160749
CLISTC


CLIMATE REPORT
NATIONAL WEATHER SERVICE CHANHASSEN MN
248 AM CDT THU AUG 16 2018


...................................

...THE ST CLOUD MN CLIMATE SUMMARY FOR AUGUST 15 2018...

CLIMATE NORMAL PERIOD 1981 TO 2010
CLIMATE RECORD PERIOD 1893 TO 2018


WEATHER ITEM   OBSERVED TIME   RECORD YEAR NORMAL DEPARTURE LAST
                VALUE   (LST)  VALUE       VALUE  FROM      YEAR
                                                  NORMAL
..................................................................
TEMPERATURE (F)
 YESTERDAY
  MAXIMUM         82    220 PM 105    1936  80      2       78
  MINIMUM         61   1159 PM  39    1979  56      5       50
  AVERAGE         72                        68      4       64

PRECIPITATION (IN)
  YESTERDAY        0.00          1.74 1954   0.13  -0.13     0.00
  MONTH TO DATE    2.60                      1.74   0.86     2.48
  SINCE JUN 1     10.01                      9.22   0.79     8.44
  SINCE JAN 1     16.74                     17.53  -0.79    18.14

SNOWFALL (IN)
  YESTERDAY        0.0           0.0    MM   0.0    0.0      0.0
  MONTH TO DATE    0.0                       0.0    0.0      0.0
  SINCE JUN 1      0.0                       0.0    0.0      0.0
  SINCE JUL 1      0.0                       0.0    0.0      0.0

DEGREE DAYS
 HEATING
  YESTERDAY        0                         1     -1        1
  MONTH TO DATE    3                        15    -12       17
  SINCE JUN 1     28                       110    -82       62
  SINCE JUL 1      6                        32    -26       21

 COOLING
  YESTERDAY        7                         4      3        0
  MONTH TO DATE   99                        73     26       18
  SINCE JUN 1    431                       350     81      274
  SINCE JAN 1    527                       375    152      277
..................................................................


WIND (MPH)
  HIGHEST WIND SPEED    10   HIGHEST WIND DIRECTION     N (350)
  HIGHEST GUST SPEED    16   HIGHEST GUST DIRECTION     N (360)
  AVERAGE WIND SPEED     3.9


SKY COVER
  POSSIBLE SUNSHINE  MM
  AVERAGE SKY COVER 0.2


WEATHER CONDITIONS
 THE FOLLOWING WEATHER WAS RECORDED YESTERDAY.
  NO SIGNIFICANT WEATHER WAS OBSERVED.


RELATIVE HUMIDITY (PERCENT)
 HIGHEST    93          1200 AM
 LOWEST     51           100 PM
 AVERAGE    72

..........................................................


THE ST CLOUD MN CLIMATE NORMALS FOR TODAY
                         NORMAL    RECORD    YEAR
 MAXIMUM TEMPERATURE (F)   80       100      1950
 MINIMUM TEMPERATURE (F)   56        42      1992


SUNRISE AND SUNSET
AUGUST 16 2018........SUNRISE   618 AM CDT   SUNSET   822 PM CDT
AUGUST 17 2018........SUNRISE   619 AM CDT   SUNSET   820 PM CDT


-  INDICATES NEGATIVE NUMBERS.
R  INDICATES RECORD WAS SET OR TIED.
MM INDICATES DATA IS MISSING.
T  INDICATES TRACE AMOUNT.




$$
