000
CDUS43 KEAX 200631
CLISTJ

CLIMATE REPORT
NATIONAL WEATHER SERVICE
131 AM CDT TUE OCT 20 2020

...................................

...THE ST. JOSEPH MO CLIMATE SUMMARY FOR OCTOBER 19 2020...

CLIMATE NORMAL PERIOD: 1981 TO 2010
CLIMATE RECORD PERIOD: 1892 TO 2020


WEATHER ITEM   OBSERVED TIME   RECORD YEAR NORMAL DEPARTURE LAST
                VALUE   (LST)  VALUE       VALUE  FROM      YEAR
                                                  NORMAL
...................................................................
TEMPERATURE (F)
 YESTERDAY
  MAXIMUM         47   4:31 PM  90    1963  66    -19       69
  MINIMUM         38   2:49 AM  18    1972  42     -4       43
  AVERAGE         43                        54    -11       56

PRECIPITATION (IN)
  YESTERDAY        0.00          0.86 1983   0.09  -0.09     0.10
  MONTH TO DATE    0.04                      1.77  -1.73     2.45
  SINCE SEP 1      2.69                      5.19  -2.50     6.78
  SINCE JAN 1     31.95                     31.49   0.46    36.05

DEGREE DAYS
 HEATING
  YESTERDAY       22                        12     10        9
  MONTH TO DATE  153                       170    -17      180
  SINCE SEP 1    227                       245    -18      185
  SINCE JUL 1    228                       250    -22      185

 COOLING
  YESTERDAY        0                         0      0        0
  MONTH TO DATE   27                        18      9       17
  SINCE SEP 1    121                       140    -19      322
  SINCE JAN 1   1307                      1217     90     1466
...................................................................


WIND (MPH)
  HIGHEST WIND SPEED    15   HIGHEST WIND DIRECTION    NE (30)
  HIGHEST GUST SPEED    19   HIGHEST GUST DIRECTION    NE (50)
  AVERAGE WIND SPEED     8.5


SKY COVER
  POSSIBLE SUNSHINE  MM
  AVERAGE SKY COVER 0.9


WEATHER CONDITIONS
THE FOLLOWING WEATHER WAS RECORDED YESTERDAY.
  NO SIGNIFICANT WEATHER WAS OBSERVED.


RELATIVE HUMIDITY (PERCENT)
 HIGHEST    62           5:00 AM
 LOWEST     49          12:00 AM
 AVERAGE    56

..........................................................


THE ST. JOSEPH MO CLIMATE NORMALS FOR TODAY
                         NORMAL    RECORD    YEAR
 MAXIMUM TEMPERATURE (F)   65        90      2003
 MINIMUM TEMPERATURE (F)   41        22      1989


SUNRISE AND SUNSET
OCTOBER 20 2020.......SUNRISE   7:36 AM CDT   SUNSET   6:32 PM CDT
OCTOBER 21 2020.......SUNRISE   7:37 AM CDT   SUNSET   6:31 PM CDT


-  INDICATES NEGATIVE NUMBERS.
R  INDICATES RECORD WAS SET OR TIED.
MM INDICATES DATA IS MISSING.
T  INDICATES TRACE AMOUNT.




$$
