000
CDUS43 KEAX 220633
CLISTJ


CLIMATE REPORT
NATIONAL WEATHER SERVICE KANSAS CITY/PLEASANT HILL MO
133 AM CDT TUE OCT 22 2019


...................................

...THE ST. JOSEPH MO CLIMATE SUMMARY FOR OCTOBER 21 2019...

CLIMATE NORMAL PERIOD 1981 TO 2010
CLIMATE RECORD PERIOD 1892 TO 2019


WEATHER ITEM   OBSERVED TIME   RECORD YEAR NORMAL DEPARTURE LAST
                VALUE   (LST)  VALUE       VALUE  FROM      YEAR
                                                  NORMAL
..................................................................
TEMPERATURE (F)
 YESTERDAY
  MAXIMUM         58    131 PM  88    1979  65     -7       66
  MINIMUM         44    710 AM  20    1982  41      3       29
  AVERAGE         51                        53     -2       48

PRECIPITATION (IN)
  YESTERDAY        0.00          1.88 2017   0.09  -0.09     0.00
  MONTH TO DATE    3.14                      1.95   1.19     6.30
  SINCE SEP 1      7.47                      5.37   2.10     6.71
  SINCE JAN 1     36.74                     31.67   5.07    19.48

DEGREE DAYS
 HEATING
  YESTERDAY       14                        12      2       17
  MONTH TO DATE  206                       194     12      229
  SINCE SEP 1    211                       269    -58      286
  SINCE JUL 1    211                       274    -63      286

 COOLING
  YESTERDAY        0                         0      0        0
  MONTH TO DATE   17                        18     -1       30
  SINCE SEP 1    322                       140    182      229
  SINCE JAN 1   1466                      1217    249     1655
..................................................................


WIND (MPH)
  HIGHEST WIND SPEED    29   HIGHEST WIND DIRECTION     W (270)
  HIGHEST GUST SPEED    43   HIGHEST GUST DIRECTION     W (280)
  AVERAGE WIND SPEED    13.8


SKY COVER
  POSSIBLE SUNSHINE  MM
  AVERAGE SKY COVER 0.6


WEATHER CONDITIONS
 THE FOLLOWING WEATHER WAS RECORDED YESTERDAY.
  FOG


RELATIVE HUMIDITY (PERCENT)
 HIGHEST   100           200 AM
 LOWEST     51           200 PM
 AVERAGE    76

..........................................................


THE ST. JOSEPH MO CLIMATE NORMALS FOR TODAY
                         NORMAL    RECORD    YEAR
 MAXIMUM TEMPERATURE (F)   65        87      1927
 MINIMUM TEMPERATURE (F)   41        23      1982


SUNRISE AND SUNSET
OCTOBER 22 2019.......SUNRISE   737 AM CDT   SUNSET   631 PM CDT
OCTOBER 23 2019.......SUNRISE   738 AM CDT   SUNSET   629 PM CDT


-  INDICATES NEGATIVE NUMBERS.
R  INDICATES RECORD WAS SET OR TIED.
MM INDICATES DATA IS MISSING.
T  INDICATES TRACE AMOUNT.




$$
