000
CDUS43 KEAX 200634
CLISTJ


CLIMATE REPORT
NATIONAL WEATHER SERVICE KANSAS CITY/PLEASANT HILL MO
133 AM CDT WED JUN 20 2018


...................................

...THE ST. JOSEPH MO CLIMATE SUMMARY FOR JUNE 19 2018...

CLIMATE NORMAL PERIOD 1981 TO 2010
CLIMATE RECORD PERIOD 1892 TO 2018


WEATHER ITEM   OBSERVED TIME   RECORD YEAR NORMAL DEPARTURE LAST
                VALUE   (LST)  VALUE       VALUE  FROM      YEAR
                                                  NORMAL
..................................................................
TEMPERATURE (F)
 YESTERDAY
  MAXIMUM         83    801 AM 105    1936  85     -2       88
  MINIMUM         72    200 PM  45    1976  64      8       62
  AVERAGE         78                        75      3       75

PRECIPITATION (IN)
  YESTERDAY        0.83          1.42 1932   0.13   0.70      T
  MONTH TO DATE    3.21                      2.95   0.26     1.12
  SINCE JUN 1      3.21                      2.95   0.26     1.12
  SINCE JAN 1      8.57                     15.90  -7.33    13.20

DEGREE DAYS
 HEATING
  YESTERDAY        0                         0      0        0
  MONTH TO DATE    0                         6     -6        0
  SINCE JUN 1      0                         6     -6        0
  SINCE JUL 1   5143                      5456   -313     4260

 COOLING
  YESTERDAY       13                        10      3       10
  MONTH TO DATE  266                       151    115      232
  SINCE JUN 1    266                       151    115      232
  SINCE JAN 1    560                       264    296      351
..................................................................


WIND (MPH)
  HIGHEST WIND SPEED    16   HIGHEST WIND DIRECTION    SW (230)
  HIGHEST GUST SPEED    23   HIGHEST GUST DIRECTION    SW (240)
  AVERAGE WIND SPEED     5.0


SKY COVER
  POSSIBLE SUNSHINE  MM
  AVERAGE SKY COVER 0.2


WEATHER CONDITIONS
 THE FOLLOWING WEATHER WAS RECORDED YESTERDAY.
  THUNDERSTORM
  HEAVY RAIN
  RAIN
  LIGHT RAIN
  FOG


RELATIVE HUMIDITY (PERCENT)
 HIGHEST   100          1200 PM
 LOWEST     74           800 AM
 AVERAGE    87

..........................................................


THE ST. JOSEPH MO CLIMATE NORMALS FOR TODAY
                         NORMAL    RECORD    YEAR
 MAXIMUM TEMPERATURE (F)   85       101      1988
 MINIMUM TEMPERATURE (F)   65        49      1976


SUNRISE AND SUNSET
JUNE 20 2018..........SUNRISE   552 AM CDT   SUNSET   851 PM CDT
JUNE 21 2018..........SUNRISE   552 AM CDT   SUNSET   851 PM CDT


-  INDICATES NEGATIVE NUMBERS.
R  INDICATES RECORD WAS SET OR TIED.
MM INDICATES DATA IS MISSING.
T  INDICATES TRACE AMOUNT.




$$
