000
CDUS43 KEAX 052126
CLISTJ

CLIMATE REPORT
NATIONAL WEATHER SERVICE
426 PM CDT FRI JUN 05 2020

...................................

...THE ST. JOSEPH MO CLIMATE SUMMARY FOR JUNE 5 2020...
VALID AS OF 0400 PM LOCAL TIME.

CLIMATE NORMAL PERIOD: 1981 TO 2010
CLIMATE RECORD PERIOD: 1892 TO 2020


WEATHER ITEM   OBSERVED TIME   RECORD YEAR NORMAL DEPARTURE LAST
                VALUE   (LST)  VALUE       VALUE  FROM      YEAR
                                                  NORMAL
...................................................................
TEMPERATURE (F)
 TODAY
  MAXIMUM         93   2:57 PM  99    1934  82     11       91
  MINIMUM         67        MM  45    1982  61      6       71
  AVERAGE         80                        71      9       81

PRECIPITATION (IN)
  TODAY            0.10          2.41 1936   0.16  -0.06     0.00
  MONTH TO DATE    0.33                      0.80  -0.47     0.05
  SINCE JUN 1      0.33                      0.80  -0.47     0.05
  SINCE JAN 1     11.91                     13.75  -1.84    15.25

DEGREE DAYS
 HEATING
  TODAY            0                         1     -1        0
  MONTH TO DATE    0                         5     -5        0
  SINCE JUN 1      0                         5     -5        0
  SINCE JUL 1   5051                      5455   -404     5706

 COOLING
  TODAY           15                         7      8       16
  MONTH TO DATE   72                        32     40       48
  SINCE JUN 1     72                        32     40       48
  SINCE JAN 1    150                       145      5      149
...................................................................


WIND (MPH)
  HIGHEST WIND SPEED     5   HIGHEST WIND DIRECTION    SE (140)
  HIGHEST GUST SPEED     8   HIGHEST GUST DIRECTION    SE (150)
  AVERAGE WIND SPEED     5.8


SKY COVER
  AVERAGE SKY COVER 0.1


WEATHER CONDITIONS
THE FOLLOWING WEATHER WAS RECORDED TODAY.
  THUNDERSTORM
  RAIN
  HAZE


RELATIVE HUMIDITY (PERCENT)
 HIGHEST    90           3:00 AM
 LOWEST     46           3:00 PM
 AVERAGE    68

..........................................................


THE ST. JOSEPH MO CLIMATE NORMALS FOR TOMORROW
                         NORMAL    RECORD    YEAR
 MAXIMUM TEMPERATURE (F)   82       102      1933
 MINIMUM TEMPERATURE (F)   61        46      1998


SUNRISE AND SUNSET
JUNE  5 2020..........SUNRISE   5:52 AM CDT   SUNSET   8:45 PM CDT
JUNE  6 2020..........SUNRISE   5:52 AM CDT   SUNSET   8:45 PM CDT


-  INDICATES NEGATIVE NUMBERS.
R  INDICATES RECORD WAS SET OR TIED.
MM INDICATES DATA IS MISSING.
T  INDICATES TRACE AMOUNT.




$$
