239
CDUS43 KEAX 180656
CLISTJ


CLIMATE REPORT
NATIONAL WEATHER SERVICE KANSAS CITY/PLEASANT HILL MO
1251 AM CST TUE DEC 18 2018


...................................

...THE ST. JOSEPH MO CLIMATE SUMMARY FOR DECEMBER 17 2018...

CLIMATE NORMAL PERIOD 1981 TO 2010
CLIMATE RECORD PERIOD 1892 TO 2018


WEATHER ITEM   OBSERVED TIME   RECORD YEAR NORMAL DEPARTURE LAST
                VALUE   (LST)  VALUE       VALUE  FROM      YEAR
                                                  NORMAL
..................................................................
TEMPERATURE (F)
 YESTERDAY
  MAXIMUM         54    329 PM  68    1939  38     16       48
  MINIMUM         20    755 AM -15    1981  19      1       35
  AVERAGE         37                        29      8       42

PRECIPITATION (IN)
  YESTERDAY        0.00         99.99 2016   0.05  -0.05     0.10
  MONTH TO DATE    1.29                      0.86   0.43     0.10
  SINCE DEC 1      1.29                      0.86   0.43     0.10
  SINCE JAN 1     21.32                     34.94 -13.62    25.96

DEGREE DAYS
 HEATING
  YESTERDAY       28                        36     -8       23
  MONTH TO DATE  555                       574    -19      468
  SINCE DEC 1    555                       574    -19      468
  SINCE JUL 1   1818                      1685    133     1443

 COOLING
  YESTERDAY        0                         0      0        0
  MONTH TO DATE    0                         0      0        0
  SINCE DEC 1      0                         0      0        0
  SINCE JAN 1   1655                      1221    434     1271
..................................................................


WIND (MPH)
  HIGHEST WIND SPEED     9   HIGHEST WIND DIRECTION     S (180)
  HIGHEST GUST SPEED    11   HIGHEST GUST DIRECTION     S (180)
  AVERAGE WIND SPEED     2.7


SKY COVER
  POSSIBLE SUNSHINE  MM
  AVERAGE SKY COVER 0.0


WEATHER CONDITIONS
 THE FOLLOWING WEATHER WAS RECORDED YESTERDAY.
  FOG
  FOG W/VISIBILITY <= 1/4 MILE


RELATIVE HUMIDITY (PERCENT)
 HIGHEST   100          1200 AM
 LOWEST     32           300 PM
 AVERAGE    66

..........................................................


THE ST. JOSEPH MO CLIMATE NORMALS FOR TODAY
                         NORMAL    RECORD    YEAR
 MAXIMUM TEMPERATURE (F)   38        64      1976
 MINIMUM TEMPERATURE (F)   19       -19      1983


SUNRISE AND SUNSET
DECEMBER 18 2018......SUNRISE   736 AM CST   SUNSET   457 PM CST
DECEMBER 19 2018......SUNRISE   736 AM CST   SUNSET   457 PM CST


-  INDICATES NEGATIVE NUMBERS.
R  INDICATES RECORD WAS SET OR TIED.
MM INDICATES DATA IS MISSING.
T  INDICATES TRACE AMOUNT.




$$
