000
CDUS43 KEAX 240632
CLISTJ


CLIMATE REPORT
NATIONAL WEATHER SERVICE KANSAS CITY/PLEASANT HILL MO
132 AM CDT MON SEP 24 2018


...................................

...THE ST. JOSEPH MO CLIMATE SUMMARY FOR SEPTEMBER 23 2018...

CLIMATE NORMAL PERIOD 1981 TO 2010
CLIMATE RECORD PERIOD 1892 TO 2018


WEATHER ITEM   OBSERVED TIME   RECORD YEAR NORMAL DEPARTURE LAST
                VALUE   (LST)  VALUE       VALUE  FROM      YEAR
                                                  NORMAL
..................................................................
TEMPERATURE (F)
 YESTERDAY
  MAXIMUM         79    334 PM  92    2017  76      3       92
  MINIMUM         46    610 AM  31    2012  51     -5       67
  AVERAGE         63                        64     -1       80

PRECIPITATION (IN)
  YESTERDAY        0.00          2.00 1958   0.10  -0.10     0.00
  MONTH TO DATE    0.30                      2.80  -2.50     0.30
  SINCE SEP 1      0.30                      2.80  -2.50     0.30
  SINCE JAN 1     13.07                     29.10 -16.03    20.55

DEGREE DAYS
 HEATING
  YESTERDAY        2                         4     -2        0
  MONTH TO DATE   14                        40    -26       14
  SINCE SEP 1     14                        40    -26       14
  SINCE JUL 1     14                        45    -31       20

 COOLING
  YESTERDAY        0                         3     -3       15
  MONTH TO DATE  197                       106     91      160
  SINCE SEP 1    197                       106     91      160
  SINCE JAN 1   1623                      1183    440     1204
..................................................................


WIND (MPH)
  HIGHEST WIND SPEED    15   HIGHEST WIND DIRECTION    SE (140)
  HIGHEST GUST SPEED    20   HIGHEST GUST DIRECTION    SE (140)
  AVERAGE WIND SPEED     5.1


SKY COVER
  POSSIBLE SUNSHINE  MM
  AVERAGE SKY COVER 0.0


WEATHER CONDITIONS
 THE FOLLOWING WEATHER WAS RECORDED YESTERDAY.
  FOG


RELATIVE HUMIDITY (PERCENT)
 HIGHEST   100           400 AM
 LOWEST     42           300 PM
 AVERAGE    71

..........................................................


THE ST. JOSEPH MO CLIMATE NORMALS FOR TODAY
                         NORMAL    RECORD    YEAR
 MAXIMUM TEMPERATURE (F)   76        92      2017
 MINIMUM TEMPERATURE (F)   50        30      1989


SUNRISE AND SUNSET
SEPTEMBER 24 2018.....SUNRISE   709 AM CDT   SUNSET   713 PM CDT
SEPTEMBER 25 2018.....SUNRISE   710 AM CDT   SUNSET   712 PM CDT


-  INDICATES NEGATIVE NUMBERS.
R  INDICATES RECORD WAS SET OR TIED.
MM INDICATES DATA IS MISSING.
T  INDICATES TRACE AMOUNT.




$$
