000
CDUS43 KLSX 190750
CLISTL


CLIMATE REPORT
NATIONAL WEATHER SERVICE ST LOUIS MO
149 AM CST SAT JAN 19 2019


...................................

...THE ST. LOUIS CLIMATE SUMMARY FOR JANUARY 18 2019...

CLIMATE NORMAL PERIOD 1981 TO 2010
CLIMATE RECORD PERIOD 1874 TO 2019


WEATHER ITEM   OBSERVED TIME   RECORD YEAR NORMAL DEPARTURE LAST
                VALUE   (LST)  VALUE       VALUE  FROM      YEAR
                                                  NORMAL
..................................................................
TEMPERATURE (F)
 YESTERDAY
  MAXIMUM         37   1159 PM  72    1880  40     -3       46
  MINIMUM         34    830 AM -19    1930  24     10       19
  AVERAGE         36                        32      4       33

PRECIPITATION (IN)
  YESTERDAY        0.19          1.62 1949   0.08   0.11     0.00
  MONTH TO DATE    1.45                      1.44   0.01     0.46
  SINCE DEC 1      5.43                      4.28   1.15     1.30
  SINCE JAN 1      1.45                      1.44   0.01     0.46

SNOWFALL (IN)
  YESTERDAY        0.0          10.0  1892   0.1   -0.1      0.0
  MONTH TO DATE   11.4                       3.2    8.2      1.2
  SINCE DEC 1     13.1                       7.6    5.5      4.7
  SINCE JUL 1     18.3                       8.3    RRR      4.7
  SNOW DEPTH       T

DEGREE DAYS
 HEATING
  YESTERDAY       29                        33     -4       32
  MONTH TO DATE  504                       602    -98      792
  SINCE DEC 1   1302                      1541   -239     1720
  SINCE JUL 1   2364                      2367     -3     2422

 COOLING
  YESTERDAY        0                         0      0        0
  MONTH TO DATE    0                         0      0        0
  SINCE DEC 1      0                         0      0        0
  SINCE JAN 1      0                         0      0        0
..................................................................


WIND (MPH)
  HIGHEST WIND SPEED    23   HIGHEST WIND DIRECTION     E (110)
  HIGHEST GUST SPEED    29   HIGHEST GUST DIRECTION     E (110)
  AVERAGE WIND SPEED    10.1


SKY COVER
  AVERAGE SKY COVER 1.0


WEATHER CONDITIONS
 THE FOLLOWING WEATHER WAS RECORDED YESTERDAY.
  RAIN
  LIGHT RAIN
  FOG


RELATIVE HUMIDITY (PERCENT)
 HIGHEST    96           700 AM
 LOWEST     82           100 PM
 AVERAGE    89

..........................................................


THE ST. LOUIS CLIMATE NORMALS FOR TODAY
                         NORMAL    RECORD    YEAR
 MAXIMUM TEMPERATURE (F)   40        75      1952
 MINIMUM TEMPERATURE (F)   24       -14      1940


SUNRISE AND SUNSET
JANUARY 19 2019.......SUNRISE   717 AM CST   SUNSET   508 PM CST
JANUARY 20 2019.......SUNRISE   716 AM CST   SUNSET   509 PM CST


-  INDICATES NEGATIVE NUMBERS.
R  INDICATES RECORD WAS SET OR TIED.
MM INDICATES DATA IS MISSING.
T  INDICATES TRACE AMOUNT.




$$
