000
CDUS43 KLSX 040730
CLISTL

CLIMATE REPORT
NATIONAL WEATHER SERVICE ST LOUIS MO
230 AM CDT THU JUN 04 2020

...................................

...THE ST. LOUIS CLIMATE SUMMARY FOR JUNE 3 2020...

CLIMATE NORMAL PERIOD 1981 TO 2010
CLIMATE RECORD PERIOD 1874 TO 2020


WEATHER ITEM   OBSERVED TIME   RECORD YEAR NORMAL DEPARTURE LAST
                VALUE   (LST)  VALUE       VALUE  FROM      YEAR
                                                  NORMAL
...................................................................
TEMPERATURE (F)
 YESTERDAY
  MAXIMUM         93    428 PM  96    1895  82     11       78
                                      1911
                                      2011
  MINIMUM         71   1018 PM  43    1969  63      8       57
  AVERAGE         82                        72     10       68

PRECIPITATION (IN)
  YESTERDAY        0.08          1.54 1904   0.16  -0.08     0.00
  MONTH TO DATE    0.08                      0.47  -0.39     1.12
  SINCE JUN 1      0.08                      0.47  -0.39     1.12
  SINCE JAN 1     23.58                     16.84   6.74    27.49

SNOWFALL (IN)
  YESTERDAY        0.0           0.0  2015   0.0    0.0      0.0
  MONTH TO DATE    0.0                       0.0    0.0      0.0
  SINCE JUN 1      0.0                       0.0    0.0      0.0
  SINCE JUL 1     14.3                      17.7   -3.4     24.2
  SNOW DEPTH       0

DEGREE DAYS
 HEATING
  YESTERDAY        0                         1     -1        0
  MONTH TO DATE    0                         3     -3        0
  SINCE JUN 1      0                         3     -3        0
  SINCE JUL 1   4327                      4533   -206     4746

 COOLING
  YESTERDAY       17                         8      9        3
  MONTH TO DATE   41                        22     19       21
  SINCE JUN 1     41                        22     19       21
  SINCE JAN 1    188                       196     -8      233
...................................................................


WIND (MPH)
  HIGHEST WIND SPEED    21   HIGHEST WIND DIRECTION    SW (240)
  HIGHEST GUST SPEED    29   HIGHEST GUST DIRECTION     W (290)
  AVERAGE WIND SPEED     9.2


SKY COVER
  AVERAGE SKY COVER 0.6


WEATHER CONDITIONS
THE FOLLOWING WEATHER WAS RECORDED YESTERDAY.
  THUNDERSTORM
  LIGHT RAIN


RELATIVE HUMIDITY (PERCENT)
 HIGHEST    76          1000 PM
 LOWEST     46           400 PM
 AVERAGE    61

..........................................................


THE ST. LOUIS CLIMATE NORMALS FOR TODAY
                         NORMAL    RECORD    YEAR
 MAXIMUM TEMPERATURE (F)   82        98      2011
 MINIMUM TEMPERATURE (F)   63        47      1945


SUNRISE AND SUNSET
JUNE  4 2020..........SUNRISE   537 AM CDT   SUNSET   823 PM CDT
JUNE  5 2020..........SUNRISE   537 AM CDT   SUNSET   824 PM CDT


-  INDICATES NEGATIVE NUMBERS.
R  INDICATES RECORD WAS SET OR TIED.
MM INDICATES DATA IS MISSING.
T  INDICATES TRACE AMOUNT.




$$
