000
CDUS46 KMTR 270837
CLISTS


CLIMATE REPORT
NATIONAL WEATHER SERVICE SAN FRANCISCO BAY AREA
137 AM PDT SUN MAY 27 2018


...................................

...THE SANTA ROSA AIRPORT CLIMATE SUMMARY FOR MAY 26 2018...

CLIMATE NORMAL PERIOD 1981 TO 2010
CLIMATE RECORD PERIOD 1998 TO 2018


WEATHER ITEM   OBSERVED TIME   RECORD YEAR NORMAL DEPARTURE LAST
                VALUE   (LST)  VALUE       VALUE  FROM      YEAR
                                                  NORMAL
..................................................................
TEMPERATURE (F)
 YESTERDAY
  MAXIMUM         74    241 PM  93    2014  77     -3       66
  MINIMUM         50   1114 PM  43    2012  48      2       48
  AVERAGE         62                        62      0       57

PRECIPITATION (IN)
  YESTERDAY        0.02R         0.01 2011   0.02   0.00     0.00
  MONTH TO DATE    0.13                      1.21  -1.08     0.03
  SINCE OCT 1     24.83                     35.48 -10.65    60.10
  SINCE JAN 1     18.52                     21.73  -3.21    41.68

DEGREE DAYS
 HEATING
  YESTERDAY        3                                         8
  MONTH TO DATE  109                                       109
  SINCE MAR 1    798                                       663
  SINCE JUL 1   2671                                      2686

 COOLING
  YESTERDAY        0                                         0
  MONTH TO DATE    4                                        37
  SINCE MAR 1      5                                        37
  SINCE JAN 1      5                                        37
..................................................................


WIND (MPH)
  RESULTANT WIND SPEED   2   RESULTANT WIND DIRECTION  SE (150)
  HIGHEST WIND SPEED    14   HIGHEST WIND DIRECTION     S (190)
  HIGHEST GUST SPEED    18   HIGHEST GUST DIRECTION     S (190)
  AVERAGE WIND SPEED     3.3


SKY COVER
  POSSIBLE SUNSHINE  MM
  AVERAGE SKY COVER 0.6


WEATHER CONDITIONS
 THE FOLLOWING WEATHER WAS RECORDED YESTERDAY.
  LIGHT RAIN
  FOG


RELATIVE HUMIDITY (PERCENT)
 HIGHEST   100          1200 AM
 LOWEST     49           400 PM
 AVERAGE    75

..........................................................


THE SANTA ROSA AIRPORT CLIMATE NORMALS FOR TODAY
                         NORMAL    RECORD    YEAR
 MAXIMUM TEMPERATURE (F)   77        89      2014
                                             2003
 MINIMUM TEMPERATURE (F)   48        43      2010
                                             2006


SUNRISE AND SUNSET
MAY 27 2018...........SUNRISE   551 AM PDT   SUNSET   826 PM PDT
MAY 28 2018...........SUNRISE   551 AM PDT   SUNSET   827 PM PDT


-  INDICATES NEGATIVE NUMBERS.
R  INDICATES RECORD WAS SET OR TIED.
MM INDICATES DATA IS MISSING.
T  INDICATES TRACE AMOUNT.




$$
