757
CDUS46 KMTR 250025
CLISTS


CLIMATE REPORT
NATIONAL WEATHER SERVICE SAN FRANCISCO BAY AREA
525 PM PDT THU MAY 24 2018


...................................

...THE SANTA ROSA AIRPORT CLIMATE SUMMARY FOR MAY 24 2018...
VALID TODAY AS OF 0500 PM LOCAL TIME.

CLIMATE NORMAL PERIOD 1981 TO 2010
CLIMATE RECORD PERIOD 1998 TO 2018


WEATHER ITEM   OBSERVED TIME   RECORD YEAR NORMAL DEPARTURE LAST
                VALUE   (LST)  VALUE       VALUE  FROM      YEAR
                                                  NORMAL
..................................................................
TEMPERATURE (F)
 TODAY
  MAXIMUM         66    100 PM  85    2001  76    -10       64
  MINIMUM         54    507 AM  39    2013  48      6       50
  AVERAGE         60                        62     -2       57

PRECIPITATION (IN)
  TODAY            0.00          0.02 2008   0.03  -0.03      T
  MONTH TO DATE    T                         1.17  -1.17      T
  SINCE OCT 1     24.70                     35.44 -10.74    60.07
  SINCE JAN 1     18.39                     21.69  -3.30    41.65

DEGREE DAYS
 HEATING
  TODAY            5                                         8
  MONTH TO DATE  101                                        94
  SINCE MAR 1    790                                       648
  SINCE JUL 1   2663                                      2671

 COOLING
  TODAY            0                                         0
  MONTH TO DATE    4                                        37
  SINCE MAR 1      5                                        37
  SINCE JAN 1      5                                        37
..................................................................


WIND (MPH)
  RESULTANT WIND SPEED   5   RESULTANT WIND DIRECTION   S (180)
  HIGHEST WIND SPEED    14   HIGHEST WIND DIRECTION    SW (220)
  HIGHEST GUST SPEED    19   HIGHEST GUST DIRECTION     S (170)
  AVERAGE WIND SPEED     5.6


SKY COVER
  POSSIBLE SUNSHINE  MM
  AVERAGE SKY COVER 0.9


WEATHER CONDITIONS
 THE FOLLOWING WEATHER WAS RECORDED TODAY.
  NO SIGNIFICANT WEATHER WAS OBSERVED.


RELATIVE HUMIDITY (PERCENT)
 HIGHEST    86           200 AM
 LOWEST     63           100 PM
 AVERAGE    75

..........................................................


THE SANTA ROSA AIRPORT CLIMATE NORMALS FOR TOMORROW
                         NORMAL    RECORD    YEAR
 MAXIMUM TEMPERATURE (F)   76        96      2014
 MINIMUM TEMPERATURE (F)   48        41      2008


SUNRISE AND SUNSET
MAY 24 2018...........SUNRISE   553 AM PDT   SUNSET   824 PM PDT
MAY 25 2018...........SUNRISE   552 AM PDT   SUNSET   825 PM PDT


-  INDICATES NEGATIVE NUMBERS.
R  INDICATES RECORD WAS SET OR TIED.
MM INDICATES DATA IS MISSING.
T  INDICATES TRACE AMOUNT.




$$
