000
CDUS43 KFSD 230632
CLISUX


CLIMATE REPORT
NATIONAL WEATHER SERVICE SIOUX FALLS SD
1232 AM CST WED JAN 23 2019


...................................

...THE SIOUX CITY IA CLIMATE SUMMARY FOR JANUARY 22 2019...

CLIMATE NORMAL PERIOD 1981 TO 2010
CLIMATE RECORD PERIOD 1889 TO 2019


WEATHER ITEM   OBSERVED TIME   RECORD YEAR NORMAL DEPARTURE LAST
                VALUE   (LST)  VALUE       VALUE  FROM      YEAR
                                                  NORMAL
..................................................................
TEMPERATURE (F)
 YESTERDAY
  MAXIMUM         23    110 PM  62    1989  31     -8       35
  MINIMUM         14    918 PM -21    1936  10      4       27
  AVERAGE         19                        20     -1       31

PRECIPITATION (IN)
  YESTERDAY        0.01          1.26 2018   0.02  -0.01     1.26
  MONTH TO DATE    0.02                      0.44  -0.42     1.38
  SINCE DEC 1      1.91                      1.24   0.67     1.77
  SINCE JAN 1      0.02                      0.44  -0.42     1.38

SNOWFALL (IN)
  YESTERDAY        T            17.4  1982   0.2   -0.2     12.1
  MONTH TO DATE    0.2                       4.6   -4.4     13.4
  SINCE DEC 1      4.7                      12.4   -7.7     20.7
  SINCE JUL 1      5.4                      17.8  -12.4     20.7
  SNOW DEPTH       T

DEGREE DAYS
 HEATING
  YESTERDAY       46                        45      1       34
  MONTH TO DATE  865                       990   -125     1037
  SINCE DEC 1   2072                      2306   -234     2315
  SINCE JUL 1   3769                      3782    -13     3634

 COOLING
  YESTERDAY        0                         0      0        0
  MONTH TO DATE    0                         0      0        0
  SINCE DEC 1      0                         0      0        0
  SINCE JAN 1      0                         0      0        0
..................................................................


WIND (MPH)
  HIGHEST WIND SPEED    24   HIGHEST WIND DIRECTION    NW (330)
  HIGHEST GUST SPEED    34   HIGHEST GUST DIRECTION    NW (330)
  AVERAGE WIND SPEED    12.9


SKY COVER
  POSSIBLE SUNSHINE  MM
  AVERAGE SKY COVER 1.0


WEATHER CONDITIONS
 THE FOLLOWING WEATHER WAS RECORDED YESTERDAY.
  LT FREEZING RAIN
  LIGHT SNOW
  FOG
  HAZE


RELATIVE HUMIDITY (PERCENT)
 HIGHEST    92           100 AM
 LOWEST     77           400 PM
 AVERAGE    85

..........................................................


THE SIOUX CITY IA CLIMATE NORMALS FOR TODAY
                         NORMAL    RECORD    YEAR
 MAXIMUM TEMPERATURE (F)   31        60      1981
 MINIMUM TEMPERATURE (F)   10       -23      1948


SUNRISE AND SUNSET
JANUARY 23 2019.......SUNRISE   747 AM CST   SUNSET   528 PM CST
JANUARY 24 2019.......SUNRISE   747 AM CST   SUNSET   529 PM CST


-  INDICATES NEGATIVE NUMBERS.
R  INDICATES RECORD WAS SET OR TIED.
MM INDICATES DATA IS MISSING.
T  INDICATES TRACE AMOUNT.




$$
