000
CDUS43 KFSD 202226
CLISUX


CLIMATE REPORT
NATIONAL WEATHER SERVICE SIOUX FALLS SD
525 PM CDT SAT OCT 20 2018


...................................

...THE SIOUX CITY IA CLIMATE SUMMARY FOR OCTOBER 20 2018...
VALID TODAY AS OF 0500 PM LOCAL TIME.

CLIMATE NORMAL PERIOD 1981 TO 2010
CLIMATE RECORD PERIOD 1889 TO 2018


WEATHER ITEM   OBSERVED TIME   RECORD YEAR NORMAL DEPARTURE LAST
                VALUE   (LST)  VALUE       VALUE  FROM      YEAR
                                                  NORMAL
..................................................................
TEMPERATURE (F)
 TODAY
  MAXIMUM         52    247 PM  88    1947  62    -10       78
  MINIMUM         38   1201 AM  16    1960  37      1       48
  AVERAGE         45                        49     -4       63

PRECIPITATION (IN)
  TODAY            0.00          1.23 1935   0.06  -0.06     0.00
  MONTH TO DATE    2.70                      1.56   1.14     6.53
  SINCE SEP 1     10.12                      4.52   5.60     8.71
  SINCE JAN 1     34.81                     25.06   9.75    28.90

SNOWFALL (IN)
  TODAY            0.0           0.1  1936   0.1   -0.1      0.0
  MONTH TO DATE    0.1                       0.4   -0.3      0.0
  SINCE SEP 1      0.1                       0.4   -0.3      0.0
  SINCE JUL 1      0.1                       0.4   -0.3      0.0
  SNOW DEPTH       0

DEGREE DAYS
 HEATING
  TODAY           20                        16      4        2
  MONTH TO DATE  358                       250    108      185
  SINCE SEP 1    474                       382     92      251
  SINCE JUL 1    485                       397     88      259

 COOLING
  TODAY            0                         0      0        0
  MONTH TO DATE    2                         8     -6        0
  SINCE SEP 1    134                        92     42      119
  SINCE JAN 1   1045                       869    176      951
..................................................................


WIND (MPH)
  HIGHEST WIND SPEED    28   HIGHEST WIND DIRECTION     N (340)
  HIGHEST GUST SPEED    36   HIGHEST GUST DIRECTION     N (340)
  AVERAGE WIND SPEED    13.4


SKY COVER
  POSSIBLE SUNSHINE  MM
  AVERAGE SKY COVER 0.0


WEATHER CONDITIONS
 THE FOLLOWING WEATHER WAS RECORDED TODAY.
  NO SIGNIFICANT WEATHER WAS OBSERVED.


RELATIVE HUMIDITY (PERCENT)
 HIGHEST    70          1200 AM
 LOWEST     35           200 PM
 AVERAGE    53

..........................................................


THE SIOUX CITY IA CLIMATE NORMALS FOR TOMORROW
                         NORMAL    RECORD    YEAR
 MAXIMUM TEMPERATURE (F)   61        88      1947
 MINIMUM TEMPERATURE (F)   36        14      1913


SUNRISE AND SUNSET
OCTOBER 20 2018.......SUNRISE   744 AM CDT   SUNSET   636 PM CDT
OCTOBER 21 2018.......SUNRISE   746 AM CDT   SUNSET   634 PM CDT


-  INDICATES NEGATIVE NUMBERS.
R  INDICATES RECORD WAS SET OR TIED.
MM INDICATES DATA IS MISSING.
T  INDICATES TRACE AMOUNT.




$$
