000
CDUS43 KFSD 040639
CLISUX

CLIMATE REPORT
NATIONAL WEATHER SERVICE SIOUX FALLS SD
139 AM CDT THU JUN 04 2020

...................................

...THE SIOUX CITY IA CLIMATE SUMMARY FOR JUNE 3 2020...

CLIMATE NORMAL PERIOD: 1981 TO 2010
CLIMATE RECORD PERIOD: 1889 TO 2020


WEATHER ITEM   OBSERVED TIME   RECORD YEAR NORMAL DEPARTURE LAST
                VALUE   (LST)  VALUE       VALUE  FROM      YEAR
                                                  NORMAL
...................................................................
TEMPERATURE (F)
 YESTERDAY
  MAXIMUM         92   4:06 PM  95    1968  79     13       73
  MINIMUM         60   5:10 AM  39    1945  55      5       56
                                      1946
  AVERAGE         76                        67      9       65

PRECIPITATION (IN)
  YESTERDAY        T             4.50 1940   0.14  -0.14     0.05
  MONTH TO DATE    T                         0.41  -0.41     0.05
  SINCE JUN 1      T                         0.41  -0.41     0.05
  SINCE JAN 1      7.68                     10.39  -2.71    13.30

SNOWFALL (IN)
  YESTERDAY        0.0           0.0    MM   0.0    0.0      0.0
  MONTH TO DATE    0.0                       0.0    0.0      0.0
  SINCE JUN 1      0.0                       0.0    0.0      0.0
  SINCE JUL 1     36.0                      34.8    1.2     29.5
  SNOW DEPTH       0

DEGREE DAYS
 HEATING
  YESTERDAY        0                         2     -2        0
  MONTH TO DATE    0                         6     -6        6
  SINCE JUN 1      0                         6     -6        6
  SINCE JUL 1   6637                      6840   -203     7422

 COOLING
  YESTERDAY       11                         4      7        0
  MONTH TO DATE   48                        11     37        0
  SINCE JUN 1     48                        11     37        0
  SINCE JAN 1     75                        75      0       24
...................................................................


WIND (MPH)
  HIGHEST WIND SPEED    13   HIGHEST WIND DIRECTION     E (70)
  HIGHEST GUST SPEED    17   HIGHEST GUST DIRECTION     E (80)
  AVERAGE WIND SPEED     6.1


SKY COVER
  POSSIBLE SUNSHINE  MM
  AVERAGE SKY COVER 0.0


WEATHER CONDITIONS
THE FOLLOWING WEATHER WAS RECORDED YESTERDAY.
  LIGHT RAIN


RELATIVE HUMIDITY (PERCENT)
 HIGHEST    84           5:00 AM
 LOWEST     28           4:00 PM
 AVERAGE    56

..........................................................


THE SIOUX CITY IA CLIMATE NORMALS FOR TODAY
                         NORMAL    RECORD    YEAR
 MAXIMUM TEMPERATURE (F)   79        96      1958
 MINIMUM TEMPERATURE (F)   55        38      1945


SUNRISE AND SUNSET
JUNE  4 2020..........SUNRISE   5:50 AM CDT   SUNSET   8:59 PM CDT
JUNE  5 2020..........SUNRISE   5:49 AM CDT   SUNSET   8:59 PM CDT


-  INDICATES NEGATIVE NUMBERS.
R  INDICATES RECORD WAS SET OR TIED.
MM INDICATES DATA IS MISSING.
T  INDICATES TRACE AMOUNT.




$$
