543
CDUS43 KFSD 210614
CLISUX


CLIMATE REPORT
NATIONAL WEATHER SERVICE SIOUX FALLS SD
113 AM CDT MON OCT 21 2019


...................................

...THE SIOUX CITY IA CLIMATE SUMMARY FOR OCTOBER 20 2019...

CLIMATE NORMAL PERIOD 1981 TO 2010
CLIMATE RECORD PERIOD 1889 TO 2019


WEATHER ITEM   OBSERVED TIME   RECORD YEAR NORMAL DEPARTURE LAST
                VALUE   (LST)  VALUE       VALUE  FROM      YEAR
                                                  NORMAL
..................................................................
TEMPERATURE (F)
 YESTERDAY
  MAXIMUM         63        MM  88    1947  62      1       52
  MINIMUM         37        MM  16    1960  37      0       27
  AVERAGE         50                        49      1       40

PRECIPITATION (IN)
  YESTERDAY        T             1.23 1935   0.06  -0.06     0.00
  MONTH TO DATE    2.18                      1.56   0.62     2.70
  SINCE SEP 1      6.20                      4.52   1.68    10.12
  SINCE JAN 1     30.29                     25.06   5.23    34.81

SNOWFALL (IN)
  YESTERDAY        0.0           0.1  1936   0.1   -0.1      0.0
  MONTH TO DATE    T                         0.4   -0.4      0.1
  SINCE SEP 1      T                         0.4   -0.4      0.1
  SINCE JUL 1      T                         0.4   -0.4      0.1
  SNOW DEPTH       0

DEGREE DAYS
 HEATING
  YESTERDAY       15                        16     -1       25
  MONTH TO DATE  306                       250     56      363
  SINCE SEP 1    337                       382    -45      479
  SINCE JUL 1    342                       397    -55      490

 COOLING
  YESTERDAY        0                         0      0        0
  MONTH TO DATE    0                         8     -8        2
  SINCE SEP 1    172                        92     80      134
  SINCE JAN 1    910                       869     41     1045
..................................................................


WIND (MPH)
  HIGHEST WIND SPEED    20   HIGHEST WIND DIRECTION    SE (140)
  HIGHEST GUST SPEED    35   HIGHEST GUST DIRECTION    SE (150)
  AVERAGE WIND SPEED    11.9


SKY COVER
  POSSIBLE SUNSHINE  MM
  AVERAGE SKY COVER 0.4


WEATHER CONDITIONS
 THE FOLLOWING WEATHER WAS RECORDED YESTERDAY.
  LIGHT RAIN


RELATIVE HUMIDITY (PERCENT)
 HIGHEST    92           300 AM
 LOWEST     42           500 PM
 AVERAGE    67

..........................................................


THE SIOUX CITY IA CLIMATE NORMALS FOR TODAY
                         NORMAL    RECORD    YEAR
 MAXIMUM TEMPERATURE (F)   61        88      1947
 MINIMUM TEMPERATURE (F)   36        14      1913


SUNRISE AND SUNSET
OCTOBER 21 2019.......SUNRISE   745 AM CDT   SUNSET   634 PM CDT
OCTOBER 22 2019.......SUNRISE   746 AM CDT   SUNSET   633 PM CDT


-  INDICATES NEGATIVE NUMBERS.
R  INDICATES RECORD WAS SET OR TIED.
MM INDICATES DATA IS MISSING.
T  INDICATES TRACE AMOUNT.




$$
