000
CDUS43 KFSD 310621
CLISUX

CLIMATE REPORT
NATIONAL WEATHER SERVICE SIOUX FALLS SD
121 AM CDT SAT OCT 31 2020

...................................

...THE SIOUX CITY IA CLIMATE SUMMARY FOR OCTOBER 30 2020...

CLIMATE NORMAL PERIOD: 1981 TO 2010
CLIMATE RECORD PERIOD: 1889 TO 2020


WEATHER ITEM   OBSERVED TIME   RECORD YEAR NORMAL DEPARTURE LAST
                VALUE   (LST)  VALUE       VALUE  FROM      YEAR
                                                  NORMAL
...................................................................
TEMPERATURE (F)
 YESTERDAY
  MAXIMUM         53   3:46 PM  85    1950  57     -4       34
  MINIMUM         24   6:01 AM   6    1925  33     -9       20
  AVERAGE         39                        45     -6       27

PRECIPITATION (IN)
  YESTERDAY        0.00          4.42 1979   0.05  -0.05     0.00
  MONTH TO DATE    1.17                      2.09  -0.92     2.40
  SINCE SEP 1      2.77                      5.05  -2.28     6.42
  SINCE JAN 1     17.48                     25.59  -8.11    30.51

SNOWFALL (IN)
  YESTERDAY        0.0           1.0  1991   0.0    0.0      0.0
                                      2002
  MONTH TO DATE    4.2                       0.9    3.3       T
  SINCE SEP 1      4.2                       0.9    3.3       T
  SINCE JUL 1      4.2                       0.9    3.3       T
  SNOW DEPTH       0

DEGREE DAYS
 HEATING
  YESTERDAY       26                        20      6       38
  MONTH TO DATE  595                       432    163      571
  SINCE SEP 1    703                       564    139      602
  SINCE JUL 1    705                       579    126      607

 COOLING
  YESTERDAY        0                         0      0        0
  MONTH TO DATE    6                         8     -2        0
  SINCE SEP 1     63                        92    -29      172
  SINCE JAN 1   1061                       869    192      910
...................................................................


WIND (MPH)
  HIGHEST WIND SPEED    13   HIGHEST WIND DIRECTION    SE (130)
  HIGHEST GUST SPEED    17   HIGHEST GUST DIRECTION    SE (120)
  AVERAGE WIND SPEED     8.2


SKY COVER
  POSSIBLE SUNSHINE  MM
  AVERAGE SKY COVER 0.0


WEATHER CONDITIONS
THE FOLLOWING WEATHER WAS RECORDED YESTERDAY.
  NO SIGNIFICANT WEATHER WAS OBSERVED.


RELATIVE HUMIDITY (PERCENT)
 HIGHEST    88           5:00 AM
 LOWEST     52           2:00 PM
 AVERAGE    70

..........................................................


THE SIOUX CITY IA CLIMATE NORMALS FOR TODAY
                         NORMAL    RECORD    YEAR
 MAXIMUM TEMPERATURE (F)   56        81      1944
 MINIMUM TEMPERATURE (F)   33        12      1993


SUNRISE AND SUNSET
OCTOBER 31 2020.......SUNRISE   7:58 AM CDT   SUNSET   6:19 PM CDT
NOVEMBER  1 2020......SUNRISE   7:00 AM CST   SUNSET   5:18 PM CST


-  INDICATES NEGATIVE NUMBERS.
R  INDICATES RECORD WAS SET OR TIED.
MM INDICATES DATA IS MISSING.
T  INDICATES TRACE AMOUNT.




$$
