160
CDUS41 KBGM 150657
CLISYR

CLIMATE REPORT
NATIONAL WEATHER SERVICE BINGHAMTON, NY
257 AM EDT TUE JUN 15 2021

...................................

...THE SYRACUSE NY CLIMATE SUMMARY FOR JUNE 14 2021...

CLIMATE NORMAL PERIOD 1991 TO 2020
CLIMATE RECORD PERIOD 1902 TO 2021


WEATHER ITEM   OBSERVED TIME   RECORD YEAR NORMAL DEPARTURE LAST
                VALUE   (LST)  VALUE       VALUE  FROM      YEAR
                                                  NORMAL
...................................................................
TEMPERATURE (F)
 YESTERDAY
  MAXIMUM         80   1222 PM  95    1988  77      3       68
  MINIMUM         60   1157 PM  42    2020  56      4       42
  AVERAGE         70                        67      3       55

PRECIPITATION (IN)
  YESTERDAY        0.59          2.86 2002   0.12   0.47     0.00
  MONTH TO DATE    1.76                      1.66   0.10     0.30
  SINCE JUN 1      1.76                      1.66   0.10     0.30
  SINCE JAN 1     12.67                     16.64  -3.97    15.75

SNOWFALL (IN)
  YESTERDAY        0.0           0.0  2002   0.0    0.0      0.0
  MONTH TO DATE    0.0                       0.0    0.0      0.0
  SINCE JUN 1      0.0                       0.0    0.0      0.0
  SINCE JUL 1     73.3                     127.8  -54.5     87.6
  SNOW DEPTH       0

DEGREE DAYS
 HEATING
  YESTERDAY        0                         2     -2       10
  MONTH TO DATE    2                        40    -38       44
  SINCE JUN 1      2                        40    -38       44
  SINCE JUL 1   5852                      6571   -719     6182

 COOLING
  YESTERDAY        5                         4      1        0
  MONTH TO DATE  115                        37     78       52
  SINCE JUN 1    115                        37     78       52
  SINCE JAN 1    174                        75     99      124
...................................................................


WIND (MPH)
  HIGHEST WIND SPEED    26   HIGHEST WIND DIRECTION    NW (300)
  HIGHEST GUST SPEED    32   HIGHEST GUST DIRECTION    NW (300)
  AVERAGE WIND SPEED     6.8


SKY COVER
  POSSIBLE SUNSHINE  MM
  AVERAGE SKY COVER 0.8


WEATHER CONDITIONS
THE FOLLOWING WEATHER WAS RECORDED YESTERDAY.
  THUNDERSTORM
  HEAVY RAIN
  RAIN
  LIGHT RAIN
  FOG


RELATIVE HUMIDITY (PERCENT)
 HIGHEST    90           100 AM
 LOWEST     48          1200 PM
 AVERAGE    69

..........................................................


THE SYRACUSE NY CLIMATE NORMALS FOR TODAY
                         NORMAL    RECORD    YEAR
 MAXIMUM TEMPERATURE (F)   77        97      1988
 MINIMUM TEMPERATURE (F)   57        42      1965


SUNRISE AND SUNSET
JUNE 15 2021..........SUNRISE   524 AM EDT   SUNSET   846 PM EDT
JUNE 16 2021..........SUNRISE   524 AM EDT   SUNSET   846 PM EDT


-  INDICATES NEGATIVE NUMBERS.
R  INDICATES RECORD WAS SET OR TIED.
MM INDICATES DATA IS MISSING.
T  INDICATES TRACE AMOUNT.




$$
