000
CDUS41 KBGM 112118
CLISYR


CLIMATE REPORT
NATIONAL WEATHER SERVICE BINGHAMTON NY
518 PM EDT TUE AUG 11 2020


...................................

...THE SYRACUSE NY CLIMATE SUMMARY FOR AUGUST 11 2020...
VALID TODAY AS OF 0500 PM LOCAL TIME.

CLIMATE NORMAL PERIOD 1981 TO 2010
CLIMATE RECORD PERIOD 1902 TO 2020


WEATHER ITEM   OBSERVED TIME   RECORD YEAR NORMAL DEPARTURE LAST
                VALUE   (LST)  VALUE       VALUE  FROM      YEAR
                                                  NORMAL
..................................................................
TEMPERATURE (F)
 TODAY
  MAXIMUM         93    243 PM  97    1944  81     12       79
  MINIMUM         68    449 AM  46    1941  60      8       57
  AVERAGE         81                        71     10       68

PRECIPITATION (IN)
  TODAY            T             2.12 1938   0.11  -0.11     0.00
  MONTH TO DATE    1.50                      1.25   0.25     1.12
  SINCE JUN 1      8.18                      8.34  -0.16     8.91
  SINCE JAN 1     23.63                     22.27   1.36    26.56

SNOWFALL (IN)
  TODAY            0.0           0.0  2002   0.0    0.0      0.0
                                      2000
                                      2001
  MONTH TO DATE    0.0                       0.0    0.0      0.0
  SINCE JUN 1      0.0                       0.0    0.0       T
  SINCE JUL 1      0.0                       0.0    0.0       T
  SNOW DEPTH       0

DEGREE DAYS
 HEATING
  TODAY            0                         0      0        0
  MONTH TO DATE    0                         0      0        0
  SINCE JUN 1     47                        69    -22       47
  SINCE JUL 1      0                         8     -8        0

 COOLING
  TODAY           16                         6     10        3
  MONTH TO DATE  113                        66     47       67
  SINCE JUN 1    681                       382    299      464
  SINCE JAN 1    753                       412    341      477
..................................................................


WIND (MPH)
  HIGHEST WIND SPEED    22   HIGHEST WIND DIRECTION     S (200)
  HIGHEST GUST SPEED    30   HIGHEST GUST DIRECTION     S (200)
  AVERAGE WIND SPEED     8.4


SKY COVER
  POSSIBLE SUNSHINE  MM
  AVERAGE SKY COVER 0.5


WEATHER CONDITIONS
 THE FOLLOWING WEATHER WAS RECORDED TODAY.
  NO SIGNIFICANT WEATHER WAS OBSERVED.


RELATIVE HUMIDITY (PERCENT)
 HIGHEST    84           500 AM
 LOWEST     38           100 PM
 AVERAGE    61

..........................................................


THE SYRACUSE NY CLIMATE NORMALS FOR TOMORROW
                         NORMAL    RECORD    YEAR
 MAXIMUM TEMPERATURE (F)   81        95      2002
                                             1947
                                             1944
 MINIMUM TEMPERATURE (F)   60        48      1987
                                             1950


SUNRISE AND SUNSET
AUGUST 11 2020........SUNRISE   606 AM EDT   SUNSET   812 PM EDT
AUGUST 12 2020........SUNRISE   607 AM EDT   SUNSET   811 PM EDT


-  INDICATES NEGATIVE NUMBERS.
R  INDICATES RECORD WAS SET OR TIED.
MM INDICATES DATA IS MISSING.
T  INDICATES TRACE AMOUNT.




$$
