713
CDUS41 KBGM 292131
CLISYR

CLIMATE REPORT
NATIONAL WEATHER SERVICE BINGHAMTON,NY
531 PM EDT WED MAY 29 2024

...................................

...THE SYRACUSE NY CLIMATE SUMMARY FOR MAY 29 2024...
VALID AS OF 0500 PM LOCAL TIME.

CLIMATE NORMAL PERIOD 1991 TO 2020
CLIMATE RECORD PERIOD 1902 TO 2024


WEATHER ITEM   OBSERVED TIME   RECORD YEAR NORMAL DEPARTURE LAST
                VALUE   (LST)  VALUE       VALUE  FROM      YEAR
                                                  NORMAL
...................................................................
TEMPERATURE (F)
 TODAY
  MAXIMUM         70    356 PM  93    2012  73     -3       87
  MINIMUM         59    543 AM  37    1992  52      7       50
  AVERAGE         65                        62      3       69

PRECIPITATION (IN)
  TODAY            0.00          2.42 2016   0.12  -0.12     0.00
  MONTH TO DATE    3.40                      3.19   0.21     1.28
  SINCE MAR 1     10.54                      9.71   0.83     9.27
  SINCE JAN 1     16.13                     14.75   1.38    15.92

SNOWFALL (IN)
  TODAY            0.0           0.0  2001   0.0    0.0      0.0
                                      2002
  MONTH TO DATE    0.0                       0.1   -0.1      0.0
  SINCE MAR 1     15.2                      22.9   -7.7     13.7
  SINCE JUL 1     60.8                     127.8  -67.0     65.6
  SNOW DEPTH       0

DEGREE DAYS
 HEATING
  TODAY            0                         5     -5        0
  MONTH TO DATE   68                       235   -167      244
  SINCE MAR 1   1254                      1767   -513     1577
  SINCE JUL 1   5130                      6523  -1393     5606

 COOLING
  TODAY            0                         2     -2        4
  MONTH TO DATE   81                        30     51       11
  SINCE MAR 1     81                        34     47       39
  SINCE JAN 1     81                        34     47       39
...................................................................


WIND (MPH)
  HIGHEST WIND SPEED    17   HIGHEST WIND DIRECTION    NW (330)
  HIGHEST GUST SPEED    22   HIGHEST GUST DIRECTION    NW (330)
  AVERAGE WIND SPEED     8.1


SKY COVER
  POSSIBLE SUNSHINE  MM
  AVERAGE SKY COVER 0.6


WEATHER CONDITIONS
THE FOLLOWING WEATHER WAS RECORDED TODAY.
  NO SIGNIFICANT WEATHER WAS OBSERVED.


RELATIVE HUMIDITY (PERCENT)
 HIGHEST    90           100 AM
 LOWEST     30           400 PM
 AVERAGE    60

..........................................................


THE SYRACUSE NY CLIMATE NORMALS FOR TOMORROW
                         NORMAL    RECORD    YEAR
 MAXIMUM TEMPERATURE (F)   73        93      1987
 MINIMUM TEMPERATURE (F)   52        39      1961
                                             1966
                                             1996


SUNRISE AND SUNSET
MAY 29 2024...........SUNRISE   529 AM EDT   SUNSET   835 PM EDT
MAY 30 2024...........SUNRISE   528 AM EDT   SUNSET   836 PM EDT


-  INDICATES NEGATIVE NUMBERS.
R  INDICATES RECORD WAS SET OR TIED.
MM INDICATES DATA IS MISSING.
T  INDICATES TRACE AMOUNT.




$$