000
CDUS41 KBGM 160526
CLISYR


CLIMATE REPORT
NATIONAL WEATHER SERVICE BINGHAMTON NY
125 AM EDT WED OCT 16 2019


...................................

...THE SYRACUSE NY CLIMATE SUMMARY FOR OCTOBER 15 2019...

CLIMATE NORMAL PERIOD 1981 TO 2010
CLIMATE RECORD PERIOD 1902 TO 2019


WEATHER ITEM   OBSERVED TIME   RECORD YEAR NORMAL DEPARTURE LAST
                VALUE   (LST)  VALUE       VALUE  FROM      YEAR
                                                  NORMAL
..................................................................
TEMPERATURE (F)
 YESTERDAY
  MAXIMUM         61    316 PM  83    1947  60      1       63
  MINIMUM         37    519 AM  29    1996  41     -4       41
  AVERAGE         49                        51     -2       52

PRECIPITATION (IN)
  YESTERDAY        0.00          1.20 2003   0.11  -0.11     0.05
  MONTH TO DATE    1.67                      1.69  -0.02     1.56
  SINCE SEP 1      5.16                      5.38  -0.22     4.81
  SINCE JAN 1     35.80                     29.97   5.83    29.88

SNOWFALL (IN)
  YESTERDAY        0.0           T    1972   0.0    0.0      0.0
  MONTH TO DATE    0.0                       0.0    0.0      0.0
  SINCE SEP 1      T                         0.0    0.0      0.0
  SINCE JUL 1      T                         0.0    0.0      0.0
  SNOW DEPTH       0

DEGREE DAYS
 HEATING
  YESTERDAY       16                        14      2       13
  MONTH TO DATE  167                       180    -13      113
  SINCE SEP 1    237                       321    -84      223
  SINCE JUL 1    242                       347   -105      223

 COOLING
  YESTERDAY        0                         0      0        0
  MONTH TO DATE   11                         0     11       22
  SINCE SEP 1     54                        52      2      156
  SINCE JAN 1    622                       565     57      806
..................................................................


WIND (MPH)
  HIGHEST WIND SPEED    10   HIGHEST WIND DIRECTION    SW (230)
  HIGHEST GUST SPEED    14   HIGHEST GUST DIRECTION    SW (220)
  AVERAGE WIND SPEED     4.3


SKY COVER
  POSSIBLE SUNSHINE  MM
  AVERAGE SKY COVER 0.5


WEATHER CONDITIONS
 THE FOLLOWING WEATHER WAS RECORDED YESTERDAY.
  NO SIGNIFICANT WEATHER WAS OBSERVED.


RELATIVE HUMIDITY (PERCENT)
 HIGHEST    92           400 AM
 LOWEST     36           200 PM
 AVERAGE    64

..........................................................


THE SYRACUSE NY CLIMATE NORMALS FOR TODAY
                         NORMAL    RECORD    YEAR
 MAXIMUM TEMPERATURE (F)   60        82      1962
                                             1947
 MINIMUM TEMPERATURE (F)   41        27      1940


SUNRISE AND SUNSET
OCTOBER 16 2019.......SUNRISE   719 AM EDT   SUNSET   620 PM EDT
OCTOBER 17 2019.......SUNRISE   720 AM EDT   SUNSET   619 PM EDT


-  INDICATES NEGATIVE NUMBERS.
R  INDICATES RECORD WAS SET OR TIED.
MM INDICATES DATA IS MISSING.
T  INDICATES TRACE AMOUNT.




$$
