000
CDUS41 KBGM 220548
CLISYR


CLIMATE REPORT
NATIONAL WEATHER SERVICE BINGHAMTON NY
147 AM EDT SAT SEP 22 2018


...................................

...THE SYRACUSE NY CLIMATE SUMMARY FOR SEPTEMBER 21 2018...

CLIMATE NORMAL PERIOD 1981 TO 2010
CLIMATE RECORD PERIOD 1902 TO 2018


WEATHER ITEM   OBSERVED TIME   RECORD YEAR NORMAL DEPARTURE LAST
                VALUE   (LST)  VALUE       VALUE  FROM      YEAR
                                                  NORMAL
..................................................................
TEMPERATURE (F)
 YESTERDAY
  MAXIMUM         79    225 PM  91    1931  70      9       82
  MINIMUM         65   1204 AM  35    1973  50     15       59
                                      1929
  AVERAGE         72                        60     12       71

PRECIPITATION (IN)
  YESTERDAY        0.05          1.40 1913   0.13  -0.08     0.00
  MONTH TO DATE    1.83                      2.54  -0.71     1.22
  SINCE SEP 1      1.83                      2.54  -0.71     1.22
  SINCE JAN 1     26.90                     27.13  -0.23    33.74

SNOWFALL (IN)
  YESTERDAY        0.0           0.0  2002   0.0    0.0      0.0
                                      2000
                                      2001
  MONTH TO DATE    0.0                       0.0    0.0      0.0
  SINCE SEP 1      0.0                       0.0    0.0      0.0
  SINCE JUL 1      0.0                       0.0    0.0      0.0
  SNOW DEPTH       0

DEGREE DAYS
 HEATING
  YESTERDAY        0                         6     -6        0
  MONTH TO DATE   42                        71    -29       72
  SINCE SEP 1     42                        71    -29       72
  SINCE JUL 1     42                        97    -55      108

 COOLING
  YESTERDAY        7                         1      6        6
  MONTH TO DATE  134                        46     88       43
  SINCE SEP 1    134                        46     88       43
  SINCE JAN 1    784                       559    225      493
..................................................................


WIND (MPH)
  HIGHEST WIND SPEED    35   HIGHEST WIND DIRECTION     S (180)
  HIGHEST GUST SPEED    43   HIGHEST GUST DIRECTION     S (180)
  AVERAGE WIND SPEED    16.7


SKY COVER
  POSSIBLE SUNSHINE  MM
  AVERAGE SKY COVER 0.7


WEATHER CONDITIONS
 THE FOLLOWING WEATHER WAS RECORDED YESTERDAY.
  LIGHT RAIN
  FOG


RELATIVE HUMIDITY (PERCENT)
 HIGHEST   100          1200 AM
 LOWEST     74          1200 PM
 AVERAGE    87

..........................................................


THE SYRACUSE NY CLIMATE NORMALS FOR TODAY
                         NORMAL    RECORD    YEAR
 MAXIMUM TEMPERATURE (F)   70        92      1931
 MINIMUM TEMPERATURE (F)   50        35      1991
                                             1963


SUNRISE AND SUNSET
SEPTEMBER 22 2018.....SUNRISE   652 AM EDT   SUNSET   702 PM EDT
SEPTEMBER 23 2018.....SUNRISE   653 AM EDT   SUNSET   700 PM EDT


-  INDICATES NEGATIVE NUMBERS.
R  INDICATES RECORD WAS SET OR TIED.
MM INDICATES DATA IS MISSING.
T  INDICATES TRACE AMOUNT.




$$
