000
CDUS41 KBGM 170533
CLISYR


CLIMATE REPORT
NATIONAL WEATHER SERVICE BINGHAMTON NY
1231 AM EST MON DEC 17 2018


...................................

...THE SYRACUSE NY CLIMATE SUMMARY FOR DECEMBER 16 2018...

CLIMATE NORMAL PERIOD 1981 TO 2010
CLIMATE RECORD PERIOD 1902 TO 2018


WEATHER ITEM   OBSERVED TIME   RECORD YEAR NORMAL DEPARTURE LAST
                VALUE   (LST)  VALUE       VALUE  FROM      YEAR
                                                  NORMAL
..................................................................
TEMPERATURE (F)
 YESTERDAY
  MAXIMUM         36    144 PM  55    1971  36      0       26
  MINIMUM         28   1232 AM  -2    2016  22      6        8
  AVERAGE         32                        29      3       17

PRECIPITATION (IN)
  YESTERDAY        0.06          1.22 1927   0.10  -0.04     0.05
  MONTH TO DATE    1.08                      1.77  -0.69     0.91
  SINCE DEC 1      1.08                      1.77  -0.69     0.91
  SINCE JAN 1     39.91                     37.02   2.89    44.55

SNOWFALL (IN)
  YESTERDAY        T            10.7  2007   1.1   -1.1      1.6
  MONTH TO DATE    7.7                      16.2   -8.5     18.5
  SINCE DEC 1      7.7                      16.2   -8.5     18.5
  SINCE JUL 1     30.5                      26.1    4.4     23.7
  SNOW DEPTH       0

DEGREE DAYS
 HEATING
  YESTERDAY       33                        36     -3       48
  MONTH TO DATE  561                       530     31      576
  SINCE DEC 1    561                       530     31      576
  SINCE JUL 1   2061                      1879    182     1773

 COOLING
  YESTERDAY        0                         0      0        0
  MONTH TO DATE    0                         0      0        0
  SINCE DEC 1      0                         0      0        0
  SINCE JAN 1    806                       569    237      562
..................................................................


WIND (MPH)
  HIGHEST WIND SPEED    14   HIGHEST WIND DIRECTION     E (80)
  HIGHEST GUST SPEED    17   HIGHEST GUST DIRECTION     E (90)
  AVERAGE WIND SPEED     6.1


SKY COVER
  POSSIBLE SUNSHINE  MM
  AVERAGE SKY COVER 1.0


WEATHER CONDITIONS
 THE FOLLOWING WEATHER WAS RECORDED YESTERDAY.
  RAIN
  LIGHT RAIN
  SNOW
  LIGHT SNOW
  SLEET
  FOG


RELATIVE HUMIDITY (PERCENT)
 HIGHEST   100          1200 AM
 LOWEST     70          1000 AM
 AVERAGE    85

..........................................................


THE SYRACUSE NY CLIMATE NORMALS FOR TODAY
                         NORMAL    RECORD    YEAR
 MAXIMUM TEMPERATURE (F)   36        62      2000
 MINIMUM TEMPERATURE (F)   22       -10      1919


SUNRISE AND SUNSET
DECEMBER 17 2018......SUNRISE   731 AM EST   SUNSET   431 PM EST
DECEMBER 18 2018......SUNRISE   731 AM EST   SUNSET   431 PM EST


-  INDICATES NEGATIVE NUMBERS.
R  INDICATES RECORD WAS SET OR TIED.
MM INDICATES DATA IS MISSING.
T  INDICATES TRACE AMOUNT.

$$
