000
CDKA40 PTYA 121600
CLIT11
DAILY CLIMATE REPORT
NATIONAL WEATHER SERVICE YAP FM
2AM LST THU AUG 13 2020
THE YAP FM CLIMATE SUMMARY FOR AUGUST 12 2020
CLIMATE NORMAL PERIOD  1981  TO 2010
CLIMATE RECORD PERIOD  1951  TO 2020
WEATHER ITEM OBSERVED TIME  RECORD YEAR NORMAL DEPARTURE     LAST
              VALUE   (LST) VALUE       VALUE    FROM        YEAR
                                                NORMAL
TEMPERATURE   (F)
YESTERDAY
MAXIMUM       86  1445        97  2014     87      -1          88
MINIMUM       78  2400        63  1999     78      0           81
AVERAGE       82                           82      0           85
PRECIPITATION INCHES
YESTERDAY       0.55         164.24/1996    0.48     0.07       0.00
MONTH TO DATE   3.18                        6.16    -2.98       1.31
SINCE 01 JUN   29.45                       34.40    -4.92      26.70
SINCE JAN 01   48.05                       67.25   -19.20      59.12
