467
CDKA40 PTYA 201600
CLIT11
DAILY CLIMATE REPORT
NATIONAL WEATHER SERVICE YAP FM
2AM LST SAT JUL 21 2018
THE YAP FM CLIMATE SUMMARY FOR JULY 20 2018
CLIMATE NORMAL PERIOD  1981  TO 2010
CLIMATE RECORD PERIOD  1951  TO 2018
WEATHER ITEM OBSERVED TIME  RECORD YEAR NORMAL DEPARTURE LAST
              VALUE   (LST) VALUE       VALUE    FROM    YEAR
                                                NORMAL
TEMPERATURE   (F)
YESTERDAY
MAXIMUM       89  0945        97  2014     88      1        82
MINIMUM       80  2345        63  1999     78      2        77
AVERAGE       85                           83      2        80
PRECIPITATION INCHES
YESTERDAY       0.86         164.24/1996   0.48     0.38    2.49
MONTH TO DATE  11.02                       9.48     1.54   12.00
SINCE 01 JUN   22.69                      22.68     0.01   20.16
SINCE JAN 01   66.27                      55.53    10.74   72.96
