000
CDKA40 PTYA 151600
CLIT11
DAILY CLIMATE REPORT
NATIONAL WEATHER SERVICE YAP FM
2AM LST TUE OCT 16 2018
THE YAP FM CLIMATE SUMMARY FOR OCTOBER 15 2018
CLIMATE NORMAL PERIOD  1981  TO 2010
CLIMATE RECORD PERIOD  1951  TO 2018
WEATHER ITEM OBSERVED TIME  RECORD YEAR NORMAL DEPARTURE LAST
              VALUE   (LST) VALUE       VALUE    FROM    YEAR
                                                NORMAL
TEMPERATURE   (F)
YESTERDAY
MAXIMUM       89  1145        97  2014     88      1        80
MINIMUM       80  0145        63  1999     78      2        77
AVERAGE       85                           83      2        79
PRECIPITATION INCHES
YESTERDAY       0.12         164.24/1996   0.40   -0.28    1.73
MONTH TO DATE   2.38                       6.19   -3.81    6.85
SINCE 01 SEP   17.03                      19.95   -2.92   19.44
SINCE JAN 01  102.87                      96.50    6.37  106.87
