000
CDKA40 PTYA 091600
CLIT11
DAILY CLIMATE REPORT
NATIONAL WEATHER SERVICE YAP FM
2AM LST THU JAN 10 2019
THE YAP FM CLIMATE SUMMARY FOR JANUARY 09 2018
CLIMATE NORMAL PERIOD  1981  TO 2010
CLIMATE RECORD PERIOD  1951  TO 2018
WEATHER ITEM OBSERVED TIME  RECORD YEAR NORMAL DEPARTURE LAST
              VALUE   (LST) VALUE       VALUE    FROM    YEAR
                                                NORMAL
TEMPERATURE   (F)
YESTERDAY
MAXIMUM       86  1145        97  2014     87    -1       85
MINIMUM       80  2350        63  1999     78     2       77
AVERAGE       83                           82     1       81
PRECIPITATION INCHES
YESTERDAY       0.37          164.24/1996  0.31    0.06    0.67
MONTH TO DATE   2.38                       1.94    0.44    2.99
SINCE 01 DEC    2.38                       1.94    0.44    2.99
SINCE JAN 01  131.10                     122.60    8.50  142.67
