354
CDKA40 PTYA 201600
CLIT11
DAILY CLIMATE REPORT
NATIONAL WEATHER SERVICE YAP FM
2AM LST MON OCT 21 2019
THE YAP FM CLIMATE SUMMARY FOR OCTOBER 21 2019
CLIMATE NORMAL PERIOD  1981  TO 2010
CLIMATE RECORD PERIOD  1951  TO 2019
WEATHER ITEM OBSERVED TIME  RECORD YEAR NORMAL DEPARTURE LAST
              VALUE   (LST) VALUE       VALUE    FROM    YEAR
                                                NORMAL
TEMPERATURE   (F)
YESTERDAY
MAXIMUM       88  1445        97  2014     88      0       88
MINIMUM       79  0845        63  1999     78      1       78
AVERAGE       83                           83      1       83
PRECIPITATION INCHES
YESTERDAY      0.04         164.24/1996   0.39   -0.35    0.83
MONTH TO DATE  5.32                       8.17   -2.85    3.50
SINCE 01 SEP  14.12                      21.93   -7.81   18.15
SINCE JAN 01  83.53                      98.48  -14.95  104.03
