000
CDUS45 KPUB 111136
CLITAD


CLIMATE REPORT
NATIONAL WEATHER SERVICE PUEBLO
435 AM MST TUE DEC 11 2018


...................................

...THE TRINIDAD CO CLIMATE SUMMARY FOR DECEMBER 10 2018...

CLIMATE NORMAL PERIOD 1981 TO 2010
CLIMATE RECORD PERIOD 9999 TO 9999


WEATHER ITEM   OBSERVED TIME   NORMAL DEPARTURE LAST
                VALUE   (LST)  VALUE  FROM      YEAR
                                      NORMAL
......................................................
TEMPERATURE (F)
 YESTERDAY
  MAXIMUM         56    227 PM  46     10       60
  MINIMUM         18    710 AM  17      1       25
  AVERAGE         37            32      5       43

PRECIPITATION (IN)
  YESTERDAY        0.00          0.02  -0.02     0.00
  MONTH TO DATE    0.05          0.19  -0.14     0.00
  SINCE DEC 1      0.05          0.19  -0.14     0.00
  SINCE JAN 1      8.39         13.49  -5.10    20.64

DEGREE DAYS
 HEATING
  YESTERDAY       28            33     -5       22
  MONTH TO DATE  350           323     27      261
  SINCE DEC 1    350           323     27      261
  SINCE JUL 1   1616          1556     60     1228

 COOLING
  YESTERDAY        0             0      0        0
  MONTH TO DATE    0             0      0        0
  SINCE DEC 1      0             0      0        0
  SINCE JAN 1   1154           719    435      796
......................................................


WIND (MPH)
  HIGHEST WIND SPEED    21   HIGHEST WIND DIRECTION     W (270)
  HIGHEST GUST SPEED    24   HIGHEST GUST DIRECTION     W (270)
  AVERAGE WIND SPEED    10.0


SKY COVER
  POSSIBLE SUNSHINE  MM
  AVERAGE SKY COVER 0.0


WEATHER CONDITIONS
 THE FOLLOWING WEATHER WAS RECORDED YESTERDAY.
  NO SIGNIFICANT WEATHER WAS OBSERVED.


RELATIVE HUMIDITY (PERCENT)
 HIGHEST    71          1200 AM
 LOWEST      5           200 PM
 AVERAGE    38

..........................................................




SUNRISE AND SUNSET
DECEMBER 11 2018......SUNRISE   701 AM MST   SUNSET   440 PM MST
DECEMBER 12 2018......SUNRISE   702 AM MST   SUNSET   440 PM MST


-  INDICATES NEGATIVE NUMBERS.
R  INDICATES RECORD WAS SET OR TIED.
MM INDICATES DATA IS MISSING.
T  INDICATES TRACE AMOUNT.




$$
