000
CDUS45 KPUB 201203
CLITAD


CLIMATE REPORT
NATIONAL WEATHER SERVICE PUEBLO
502 AM MST TUE FEB 20 2018


...................................

...THE TRINIDAD CO CLIMATE SUMMARY FOR FEBRUARY 19 2018...

CLIMATE NORMAL PERIOD 1981 TO 2010
CLIMATE RECORD PERIOD 9999 TO 9999


WEATHER ITEM   OBSERVED TIME   NORMAL DEPARTURE LAST
                VALUE   (LST)  VALUE  FROM      YEAR
                                      NORMAL
......................................................
TEMPERATURE (F)
 YESTERDAY
  MAXIMUM         51   1206 AM  51      0       59
  MINIMUM         18   1159 PM  21     -3       38
  AVERAGE         35            36     -1       49

PRECIPITATION (IN)
  YESTERDAY        0.02          0.02   0.00     0.00
  MONTH TO DATE    0.29          0.31  -0.02     0.06
  SINCE DEC 1      0.43          1.25  -0.82     1.86
  SINCE JAN 1      0.42          0.71  -0.29     1.56

DEGREE DAYS
 HEATING
  YESTERDAY       30            29      1       16
  MONTH TO DATE  489           589   -100      371
  SINCE DEC 1   2259          2638   -379     2465
  SINCE JUL 1   3226          3871   -645     3231

 COOLING
  YESTERDAY        0             0      0        0
  MONTH TO DATE    0             0      0        0
  SINCE DEC 1      0             0      0        0
  SINCE JAN 1      0             0      0        0
......................................................


WIND (MPH)
  HIGHEST WIND SPEED    23   HIGHEST WIND DIRECTION    NE (60)
  HIGHEST GUST SPEED    26   HIGHEST GUST DIRECTION    NE (50)
  AVERAGE WIND SPEED     9.4


SKY COVER
  POSSIBLE SUNSHINE  MM
  AVERAGE SKY COVER 0.7


WEATHER CONDITIONS
 THE FOLLOWING WEATHER WAS RECORDED YESTERDAY.
  LIGHT SNOW
  FOG
  FOG W/VISIBILITY <= 1/4 MILE


RELATIVE HUMIDITY (PERCENT)
 HIGHEST   100           700 AM
 LOWEST     24           200 AM
 AVERAGE    62

..........................................................




SUNRISE AND SUNSET
FEBRUARY 20 2018......SUNRISE   640 AM MST   SUNSET   542 PM MST
FEBRUARY 21 2018......SUNRISE   639 AM MST   SUNSET   543 PM MST


-  INDICATES NEGATIVE NUMBERS.
R  INDICATES RECORD WAS SET OR TIED.
MM INDICATES DATA IS MISSING.
T  INDICATES TRACE AMOUNT.




$$
