000
CDUS45 KPUB 241031
CLITAD


CLIMATE REPORT
NATIONAL WEATHER SERVICE PUEBLO
431 AM MDT SUN JUN 24 2018


...................................

...THE TRINIDAD CO CLIMATE SUMMARY FOR JUNE 23 2018...

CLIMATE NORMAL PERIOD 1981 TO 2010
CLIMATE RECORD PERIOD 9999 TO 9999


WEATHER ITEM   OBSERVED TIME   NORMAL DEPARTURE LAST
                VALUE   (LST)  VALUE  FROM      YEAR
                                      NORMAL
......................................................
TEMPERATURE (F)
 YESTERDAY
  MAXIMUM         91    319 PM  86      5       67
  MINIMUM         54    407 AM  55     -1       52
  AVERAGE         73            71      2       60

PRECIPITATION (IN)
  YESTERDAY        0.00          0.04  -0.04     0.06
  MONTH TO DATE    0.11          1.08  -0.97     0.39
  SINCE JUN 1      0.11          1.08  -0.97     0.39
  SINCE JAN 1      2.44          5.60  -3.16     8.80

DEGREE DAYS
 HEATING
  YESTERDAY        0             0      0        5
  MONTH TO DATE    0            38    -38        7
  SINCE JUN 1      0            38    -38        7
  SINCE JUL 1   4630          5533   -903     4607

 COOLING
  YESTERDAY        8             6      2        0
  MONTH TO DATE  226            92    134      145
  SINCE JUN 1    226            92    134      145
  SINCE JAN 1    312           120    192      160
......................................................


WIND (MPH)
  HIGHEST WIND SPEED    30   HIGHEST WIND DIRECTION     S (190)
  HIGHEST GUST SPEED    43   HIGHEST GUST DIRECTION     S (190)
  AVERAGE WIND SPEED    10.1


SKY COVER
  POSSIBLE SUNSHINE  MM
  AVERAGE SKY COVER 0.1


WEATHER CONDITIONS
 THE FOLLOWING WEATHER WAS RECORDED YESTERDAY.
  THUNDERSTORM


RELATIVE HUMIDITY (PERCENT)
 HIGHEST    93           400 AM
 LOWEST     15           200 PM
 AVERAGE    54

..........................................................




SUNRISE AND SUNSET
JUNE 24 2018..........SUNRISE   538 AM MDT   SUNSET   822 PM MDT
JUNE 25 2018..........SUNRISE   538 AM MDT   SUNSET   822 PM MDT


-  INDICATES NEGATIVE NUMBERS.
R  INDICATES RECORD WAS SET OR TIED.
MM INDICATES DATA IS MISSING.
T  INDICATES TRACE AMOUNT.




$$
