000
CDUS45 KPUB 211041
CLITAD


CLIMATE REPORT
NATIONAL WEATHER SERVICE PUEBLO
441 AM MDT FRI SEP 21 2018


...................................

...THE TRINIDAD CO CLIMATE SUMMARY FOR SEPTEMBER 20 2018...

CLIMATE NORMAL PERIOD 1981 TO 2010
CLIMATE RECORD PERIOD 9999 TO 9999


WEATHER ITEM   OBSERVED TIME   NORMAL DEPARTURE LAST
                VALUE   (LST)  VALUE  FROM      YEAR
                                      NORMAL
......................................................
TEMPERATURE (F)
 YESTERDAY
  MAXIMUM         75    359 PM  78     -3       82
  MINIMUM         54   1159 PM  47      7       39
  AVERAGE         65            62      3       61

PRECIPITATION (IN)
  YESTERDAY        0.09          0.04   0.05     0.00
  MONTH TO DATE    0.33          0.92  -0.59     0.97
  SINCE SEP 1      0.33          0.92  -0.59     0.97
  SINCE JAN 1      6.03         11.38  -5.35    17.17

DEGREE DAYS
 HEATING
  YESTERDAY        0             4     -4        4
  MONTH TO DATE    7            43    -36       12
  SINCE SEP 1      7            43    -36       12
  SINCE JUL 1      8            53    -45       15

 COOLING
  YESTERDAY        0             2     -2        0
  MONTH TO DATE  130            66     64       95
  SINCE SEP 1    130            66     64       95
  SINCE JAN 1   1131           708    423      780
......................................................


WIND (MPH)
  HIGHEST WIND SPEED    20   HIGHEST WIND DIRECTION    NW (310)
  HIGHEST GUST SPEED    26   HIGHEST GUST DIRECTION    NW (310)
  AVERAGE WIND SPEED     7.0


SKY COVER
  POSSIBLE SUNSHINE  MM
  AVERAGE SKY COVER 0.3


WEATHER CONDITIONS
 THE FOLLOWING WEATHER WAS RECORDED YESTERDAY.
  LIGHT RAIN
  FOG


RELATIVE HUMIDITY (PERCENT)
 HIGHEST    86          1000 PM
 LOWEST     43           400 PM
 AVERAGE    65

..........................................................




SUNRISE AND SUNSET
SEPTEMBER 21 2018.....SUNRISE   644 AM MDT   SUNSET   656 PM MDT
SEPTEMBER 22 2018.....SUNRISE   645 AM MDT   SUNSET   654 PM MDT


-  INDICATES NEGATIVE NUMBERS.
R  INDICATES RECORD WAS SET OR TIED.
MM INDICATES DATA IS MISSING.
T  INDICATES TRACE AMOUNT.




$$
