000
CDUS44 KBMX 092131
CLITCL


CLIMATE REPORT
NATIONAL WEATHER SERVICE BIRMINGHAM, AL
430 PM CDT SUN AUG 9 2020


...................................

...THE TUSCALOOSA CLIMATE SUMMARY FOR AUGUST 9 2020...
VALID TODAY AS OF 0400 PM LOCAL TIME.

CLIMATE NORMAL PERIOD 1981 TO 2010
CLIMATE RECORD PERIOD 1948 TO 2020


WEATHER ITEM   OBSERVED TIME   RECORD YEAR NORMAL DEPARTURE LAST
                VALUE   (LST)  VALUE       VALUE  FROM      YEAR
                                                  NORMAL
..................................................................
TEMPERATURE (F)
 TODAY
  MAXIMUM         96    259 PM 103    2007  92      4       95
  MINIMUM         72    454 AM  57    1989  71      1       74
  AVERAGE         84                        82      2       85

PRECIPITATION (IN)
  TODAY            0.00          1.60 1970   0.11  -0.11      T
  MONTH TO DATE    0.12                      1.07  -0.95     2.05
  SINCE JUN 1      9.98                     10.24  -0.26    10.11
  SINCE JAN 1     50.35                     33.64  16.71    35.23

DEGREE DAYS
 COOLING
  TODAY           19                        17      2
  MONTH TO DATE  104                       153    -49
  SINCE JUN 1   1066                      1074     -8
  SINCE JAN 1   1430                      1385     45
..................................................................


WIND (MPH)
  HIGHEST WIND SPEED     9   HIGHEST WIND DIRECTION    SW (210)
  HIGHEST GUST SPEED    13   HIGHEST GUST DIRECTION     S (200)
  AVERAGE WIND SPEED     2.0


SKY COVER
  AVERAGE SKY COVER 0.0


WEATHER CONDITIONS
 THE FOLLOWING WEATHER WAS RECORDED TODAY.
  FOG


RELATIVE HUMIDITY (PERCENT)
 HIGHEST   100           500 AM
 LOWEST     45           200 PM
 AVERAGE    73

..........................................................


THE TUSCALOOSA CLIMATE NORMALS FOR TOMORROW
                         NORMAL    RECORD    YEAR
 MAXIMUM TEMPERATURE (F)   92       107      2007
 MINIMUM TEMPERATURE (F)   71        60      1953


SUNRISE AND SUNSET
AUGUST  9 2020........SUNRISE   609 AM CDT   SUNSET   742 PM CDT
AUGUST 10 2020........SUNRISE   610 AM CDT   SUNSET   741 PM CDT


-  INDICATES NEGATIVE NUMBERS.
R  INDICATES RECORD WAS SET OR TIED.
MM INDICATES DATA IS MISSING.
T  INDICATES TRACE AMOUNT.




$$
