000
CDUS44 KBMX 250738
CLITCL


CLIMATE REPORT
NATIONAL WEATHER SERVICE BIRMINGHAM, AL
237 AM CDT WED APR 25 2018


...................................

...THE TUSCALOOSA CLIMATE SUMMARY FOR APRIL 24 2018...

CLIMATE NORMAL PERIOD 1981 TO 2010
CLIMATE RECORD PERIOD 1948 TO 2018


WEATHER ITEM   OBSERVED TIME   RECORD YEAR NORMAL DEPARTURE LAST
                VALUE   (LST)  VALUE       VALUE  FROM      YEAR
                                                  NORMAL
..................................................................
TEMPERATURE (F)
 YESTERDAY
  MAXIMUM         70    433 PM  89    1960  78     -8       73
                                      1949
  MINIMUM         55   1100 PM  36    1986  53      2       52
  AVERAGE         63                        66     -3       63

PRECIPITATION (IN)
  YESTERDAY        T             3.09 2003   0.13  -0.13      T
  MONTH TO DATE    7.09                      3.40   3.69     6.22
  SINCE MAR 1     10.91                      7.94   2.97     9.94
  SINCE JAN 1     22.71                     18.61   4.10    21.15

SNOWFALL (IN)
  YESTERDAY        0.0                       0.0    0.0
  MONTH TO DATE    0.0                       0.0    0.0
  SINCE MAR 1      0.0                       0.3   -0.3
  SINCE JUL 1      0.0                       0.7   -0.7

DEGREE DAYS
 HEATING
  YESTERDAY        2                         2      0
  MONTH TO DATE  126                       108     18
  SINCE MAR 1    401                       402     -1
  SINCE JUL 1   2307                      2492   -185
..................................................................


WIND (MPH)
  HIGHEST WIND SPEED    15   HIGHEST WIND DIRECTION     W (290)
  HIGHEST GUST SPEED    19   HIGHEST GUST DIRECTION     W (290)
  AVERAGE WIND SPEED     5.4


SKY COVER
  AVERAGE SKY COVER 0.8


WEATHER CONDITIONS
 THE FOLLOWING WEATHER WAS RECORDED YESTERDAY.
  LIGHT RAIN
  FOG


RELATIVE HUMIDITY (PERCENT)
 HIGHEST   100           500 AM
 LOWEST     61           500 PM
 AVERAGE    81

..........................................................


THE TUSCALOOSA CLIMATE NORMALS FOR TODAY
                         NORMAL    RECORD    YEAR
 MAXIMUM TEMPERATURE (F)   78        87      2009
                                             1954
 MINIMUM TEMPERATURE (F)   53        39      2005


SUNRISE AND SUNSET
APRIL 25 2018.........SUNRISE   609 AM CDT   SUNSET   728 PM CDT
APRIL 26 2018.........SUNRISE   608 AM CDT   SUNSET   729 PM CDT


-  INDICATES NEGATIVE NUMBERS.
R  INDICATES RECORD WAS SET OR TIED.
MM INDICATES DATA IS MISSING.
T  INDICATES TRACE AMOUNT.




$$
