000
CDUS44 KBMX 152123
CLITCL


CLIMATE REPORT
NATIONAL WEATHER SERVICE BIRMINGHAM, AL
423 PM CDT MON OCT 15 2018


...................................

...THE TUSCALOOSA CLIMATE SUMMARY FOR OCTOBER 15 2018...
VALID TODAY AS OF 0400 PM LOCAL TIME.

CLIMATE NORMAL PERIOD 1981 TO 2010
CLIMATE RECORD PERIOD 1948 TO 2018


WEATHER ITEM   OBSERVED TIME   RECORD YEAR NORMAL DEPARTURE LAST
                VALUE   (LST)  VALUE       VALUE  FROM      YEAR
                                                  NORMAL
..................................................................
TEMPERATURE (F)
 TODAY
  MAXIMUM         88    258 PM  91    1962  77     11       87
  MINIMUM         65    549 AM  34    1987  52     13       63
  AVERAGE         77                        65     12       75

PRECIPITATION (IN)
  TODAY            T             1.21 1964   0.11  -0.11     0.15
  MONTH TO DATE    0.03                      1.72  -1.69     2.61
  SINCE SEP 1      4.16                      5.24  -1.08     4.24
  SINCE JAN 1     51.46                     41.11  10.35    52.53

SNOWFALL (IN)
  TODAY            0.0                       0.0    0.0
  MONTH TO DATE    0.0                       0.0    0.0
  SINCE SEP 1      0.0                       0.0    0.0
  SINCE JUL 1      0.0                       0.0    0.0
  SNOW DEPTH       0

DEGREE DAYS

 COOLING
  TODAY           12                         3      9
  MONTH TO DATE  188                        64    124
  SINCE SEP 1    700                       384    316
  SINCE JAN 1   2768                      2121    647
..................................................................


WIND (MPH)
  HIGHEST WIND SPEED     9   HIGHEST WIND DIRECTION     W (260)
  HIGHEST GUST SPEED    14   HIGHEST GUST DIRECTION     S (200)
  AVERAGE WIND SPEED     1.7


SKY COVER
  AVERAGE SKY COVER 0.4


WEATHER CONDITIONS
 THE FOLLOWING WEATHER WAS RECORDED TODAY.
  LIGHT RAIN


RELATIVE HUMIDITY (PERCENT)
 HIGHEST    93           200 AM
 LOWEST     50           300 PM
 AVERAGE    72

..........................................................


THE TUSCALOOSA CLIMATE NORMALS FOR TOMORROW
                         NORMAL    RECORD    YEAR
 MAXIMUM TEMPERATURE (F)   77        90      1962
 MINIMUM TEMPERATURE (F)   52        35      1977


SUNRISE AND SUNSET
OCTOBER 15 2018.......SUNRISE   655 AM CDT   SUNSET   617 PM CDT
OCTOBER 16 2018.......SUNRISE   656 AM CDT   SUNSET   616 PM CDT


-  INDICATES NEGATIVE NUMBERS.
R  INDICATES RECORD WAS SET OR TIED.
MM INDICATES DATA IS MISSING.
T  INDICATES TRACE AMOUNT.




$$
