000
CDUS44 KBMX 230903
CLITCL


CLIMATE REPORT
NATIONAL WEATHER SERVICE BIRMINGHAM, AL
302 AM CST WED JAN 23 2019


...................................

...THE TUSCALOOSA CLIMATE SUMMARY FOR JANUARY 22 2019...

CLIMATE NORMAL PERIOD 1981 TO 2010
CLIMATE RECORD PERIOD 1948 TO 2019


WEATHER ITEM   OBSERVED TIME   RECORD YEAR NORMAL DEPARTURE LAST
                VALUE   (LST)  VALUE       VALUE  FROM      YEAR
                                                  NORMAL
..................................................................
TEMPERATURE (F)
 YESTERDAY
  MAXIMUM         56    308 PM  76    1952  56      0       66
  MINIMUM         31   1204 AM  10    1985  34     -3       52
  AVERAGE         44                        45     -1       59

PRECIPITATION (IN)
  YESTERDAY        T             2.48 1980   0.18  -0.18     0.27
  MONTH TO DATE    3.47                      3.61  -0.14     1.31
  SINCE DEC 1     14.10                      8.23   5.87     3.68
  SINCE JAN 1      3.47                      3.61  -0.14     1.31

SNOWFALL (IN)
  YESTERDAY        0.0                       0.0    0.0
  MONTH TO DATE    0.0                       0.2   -0.2
  SINCE DEC 1      0.0                       0.2   -0.2
  SINCE JUL 1      0.0                       0.2   -0.2

DEGREE DAYS
 HEATING
  YESTERDAY       21                        20      1
  MONTH TO DATE  363                       454    -91
  SINCE DEC 1    823                      1018   -195
  SINCE JUL 1   1295                      1455   -160
..................................................................


WIND (MPH)
  HIGHEST WIND SPEED    15   HIGHEST WIND DIRECTION    SE (130)
  HIGHEST GUST SPEED    22   HIGHEST GUST DIRECTION    SE (150)
  AVERAGE WIND SPEED     7.4


SKY COVER
  AVERAGE SKY COVER 0.6


WEATHER CONDITIONS
 THE FOLLOWING WEATHER WAS RECORDED YESTERDAY.
  NO SIGNIFICANT WEATHER WAS OBSERVED.


RELATIVE HUMIDITY (PERCENT)
 HIGHEST    69          1200 AM
 LOWEST     47           100 AM
 AVERAGE    58

..........................................................


THE TUSCALOOSA CLIMATE NORMALS FOR TODAY
                         NORMAL    RECORD    YEAR
 MAXIMUM TEMPERATURE (F)   56        77      2002
                                             1949
 MINIMUM TEMPERATURE (F)   34         6      1963


SUNRISE AND SUNSET
JANUARY 23 2019.......SUNRISE   651 AM CST   SUNSET   513 PM CST
JANUARY 24 2019.......SUNRISE   651 AM CST   SUNSET   514 PM CST


-  INDICATES NEGATIVE NUMBERS.
R  INDICATES RECORD WAS SET OR TIED.
MM INDICATES DATA IS MISSING.
T  INDICATES TRACE AMOUNT.




$$
