000
CDUS44 KBMX 150735
CLITCL


CLIMATE REPORT
NATIONAL WEATHER SERVICE BIRMINGHAM, AL
235 AM CDT SUN JUL 15 2018


...................................

...THE TUSCALOOSA CLIMATE SUMMARY FOR JULY 14 2018...

CLIMATE NORMAL PERIOD 1981 TO 2010
CLIMATE RECORD PERIOD 1948 TO 2018


WEATHER ITEM   OBSERVED TIME   RECORD YEAR NORMAL DEPARTURE LAST
                VALUE   (LST)  VALUE       VALUE  FROM      YEAR
                                                  NORMAL
..................................................................
TEMPERATURE (F)
 YESTERDAY
  MAXIMUM         94   1239 PM 103    2000  92      2       93
                                      1980
  MINIMUM         75    536 AM  60    1967  71      4       74
                                      1964
  AVERAGE         85                        82      3       84

PRECIPITATION (IN)
  YESTERDAY        0.05          1.40 1963   0.14  -0.09    MM
  MONTH TO DATE   10.00                      2.10   7.90     0.75
  SINCE JUN 1     11.82                      6.87   4.95    13.17
  SINCE JAN 1     40.33                     30.27  10.06    39.16

..................................................................


WIND (MPH)
  HIGHEST WIND SPEED    13   HIGHEST WIND DIRECTION     S (180)
  HIGHEST GUST SPEED    16   HIGHEST GUST DIRECTION     W (290)
  AVERAGE WIND SPEED     2.0


SKY COVER
  AVERAGE SKY COVER 0.2


WEATHER CONDITIONS
 THE FOLLOWING WEATHER WAS RECORDED YESTERDAY.
  THUNDERSTORM
  LIGHT RAIN
  FOG


RELATIVE HUMIDITY (PERCENT)
 HIGHEST   100           800 PM
 LOWEST     60           100 PM
 AVERAGE    80

..........................................................


THE TUSCALOOSA CLIMATE NORMALS FOR TODAY
                         NORMAL    RECORD    YEAR
 MAXIMUM TEMPERATURE (F)   92       105      2000
 MINIMUM TEMPERATURE (F)   72        56      1967


SUNRISE AND SUNSET
JULY 15 2018..........SUNRISE   552 AM CDT   SUNSET   800 PM CDT
JULY 16 2018..........SUNRISE   553 AM CDT   SUNSET   800 PM CDT


-  INDICATES NEGATIVE NUMBERS.
R  INDICATES RECORD WAS SET OR TIED.
MM INDICATES DATA IS MISSING.
T  INDICATES TRACE AMOUNT.




$$
