000
CDUS44 KBMX 112119
CLITCL

CLIMATE REPORT
NATIONAL WEATHER SERVICE BIRMINGHAM AL
419 PM CDT TUE MAY 11 2021

...................................

...THE TUSCALOOSA CLIMATE SUMMARY FOR MAY 11 2021...
VALID AS OF 0400 PM LOCAL TIME.

CLIMATE NORMAL PERIOD 1991 TO 2020
CLIMATE RECORD PERIOD 1948 TO 2021


WEATHER ITEM   OBSERVED TIME   RECORD YEAR NORMAL DEPARTURE LAST
                VALUE   (LST)  VALUE       VALUE  FROM      YEAR
                                                  NORMAL
...................................................................
TEMPERATURE (F)
 TODAY
  MAXIMUM         72    258 PM  92    1955  82    -10       74
                                      1967
                                      2007
  MINIMUM         62    641 AM  44    1997  60      2       49
  AVERAGE         67                        71     -4       62

PRECIPITATION (IN)
  TODAY            T             2.08 1974   0.12  -0.12     0.00
  MONTH TO DATE    3.47                      1.36   2.11     0.17
  SINCE MAR 1     15.15                     11.18   3.97    15.29
  SINCE JAN 1     23.29                     21.52   1.77    37.41

DEGREE DAYS
 COOLING
  TODAY            2                         6     -4        0
  MONTH TO DATE   51                        58     -7       28
  SINCE MAR 1    153                       151      2      166
  SINCE JAN 1    176                       158     18      175
...................................................................


WIND (MPH)
  HIGHEST WIND SPEED    10   HIGHEST WIND DIRECTION     N (20)
  HIGHEST GUST SPEED    12   HIGHEST GUST DIRECTION    NE (30)
  AVERAGE WIND SPEED     4.6


SKY COVER
  AVERAGE SKY COVER 0.9


WEATHER CONDITIONS
THE FOLLOWING WEATHER WAS RECORDED TODAY.
  NO SIGNIFICANT WEATHER WAS OBSERVED.


RELATIVE HUMIDITY (PERCENT)
 HIGHEST    90           100 AM
 LOWEST     78           900 AM
 AVERAGE    84

..........................................................


THE TUSCALOOSA CLIMATE NORMALS FOR TOMORROW
                         NORMAL    RECORD    YEAR
 MAXIMUM TEMPERATURE (F)   82        94      1962
 MINIMUM TEMPERATURE (F)   60        41      1952


SUNRISE AND SUNSET
MAY 11 2021...........SUNRISE   553 AM CDT   SUNSET   741 PM CDT
MAY 12 2021...........SUNRISE   553 AM CDT   SUNSET   741 PM CDT


-  INDICATES NEGATIVE NUMBERS.
R  INDICATES RECORD WAS SET OR TIED.
MM INDICATES DATA IS MISSING.
T  INDICATES TRACE AMOUNT.




$$
