000
CDUS44 KBMX 182130
CLITCL


CLIMATE REPORT
NATIONAL WEATHER SERVICE BIRMINGHAM, AL
429 PM CDT FRI OCT 18 2019


...................................

...THE TUSCALOOSA CLIMATE SUMMARY FOR OCTOBER 18 2019...
VALID TODAY AS OF 0400 PM LOCAL TIME.

CLIMATE NORMAL PERIOD 1981 TO 2010
CLIMATE RECORD PERIOD 1948 TO 2019


WEATHER ITEM   OBSERVED TIME   RECORD YEAR NORMAL DEPARTURE LAST
                VALUE   (LST)  VALUE       VALUE  FROM      YEAR
                                                  NORMAL
..................................................................
TEMPERATURE (F)
 TODAY
  MAXIMUM         64    205 PM  90    2016  76    -12       77
  MINIMUM         44    459 AM  30    1948  51     -7       53
  AVERAGE         54                        64    -10       65

PRECIPITATION (IN)
  TODAY            0.00          1.49 1966   0.11  -0.11     0.00
  MONTH TO DATE    1.96                      2.05  -0.09     0.12
  SINCE SEP 1      1.97                      5.57  -3.60     4.25
  SINCE JAN 1     42.06                     41.44   0.62    51.55

SNOWFALL (IN)
  TODAY            0.0                       0.0    0.0
  MONTH TO DATE    0.0                       0.0    0.0
  SINCE SEP 1      0.0                       0.0    0.0
  SINCE JUL 1      0.0                       0.0    0.0
  SNOW DEPTH       0

DEGREE DAYS

 COOLING
  TODAY            0                         2     -2
  MONTH TO DATE  169                        72     97
  SINCE SEP 1    695                       392    303
  SINCE JAN 1   2794                      2129    665
..................................................................


WIND (MPH)
  HIGHEST WIND SPEED     9   HIGHEST WIND DIRECTION     E (90)
  HIGHEST GUST SPEED    12   HIGHEST GUST DIRECTION    NE (40)
  AVERAGE WIND SPEED     2.8


SKY COVER
  AVERAGE SKY COVER 0.0


WEATHER CONDITIONS
 THE FOLLOWING WEATHER WAS RECORDED TODAY.
  FOG


RELATIVE HUMIDITY (PERCENT)
 HIGHEST    93           100 AM
 LOWEST     52          1200 PM
 AVERAGE    73

..........................................................


THE TUSCALOOSA CLIMATE NORMALS FOR TOMORROW
                         NORMAL    RECORD    YEAR
 MAXIMUM TEMPERATURE (F)   76        91      2016
 MINIMUM TEMPERATURE (F)   51        28      1948


SUNRISE AND SUNSET
OCTOBER 18 2019.......SUNRISE   657 AM CDT   SUNSET   614 PM CDT
OCTOBER 19 2019.......SUNRISE   658 AM CDT   SUNSET   613 PM CDT


-  INDICATES NEGATIVE NUMBERS.
R  INDICATES RECORD WAS SET OR TIED.
MM INDICATES DATA IS MISSING.
T  INDICATES TRACE AMOUNT.




$$
