000
CDUS44 KBMX 292127
CLITCL

CLIMATE REPORT
NATIONAL WEATHER SERVICE BIRMINGHAM AL
427 PM CDT WED JUN 29 2022

...................................

...THE TUSCALOOSA CLIMATE SUMMARY FOR JUNE 29 2022...
VALID AS OF 0400 PM LOCAL TIME.

CLIMATE NORMAL PERIOD 1991 TO 2020
CLIMATE RECORD PERIOD 1948 TO 2022


WEATHER ITEM   OBSERVED TIME   RECORD YEAR NORMAL DEPARTURE LAST
                VALUE   (LST)  VALUE       VALUE  FROM      YEAR
                                                  NORMAL
...................................................................
TEMPERATURE (F)
 TODAY
  MAXIMUM         94    246 PM 105    2012  91      3       86
  MINIMUM         72    458 AM  55    1974  71      1       71
  AVERAGE         83                        81      2       79

PRECIPITATION (IN)
  TODAY            1.22          1.23 1966   0.16   1.06      T
  MONTH TO DATE    3.86                      4.50  -0.64    16.28
  SINCE JUN 1      3.86                      4.50  -0.64    16.28
  SINCE JAN 1     33.28                     28.30   4.98    40.74

DEGREE DAYS
 COOLING
  TODAY           18                        16      2       14
  MONTH TO DATE  505                       407     98      397
  SINCE JUN 1    505                       407     98      397
  SINCE JAN 1    960                       745    215      726
...................................................................


WIND (MPH)
  HIGHEST WIND SPEED    28   HIGHEST WIND DIRECTION     E (70)
  HIGHEST GUST SPEED    40   HIGHEST GUST DIRECTION     E (80)
  AVERAGE WIND SPEED     4.2


SKY COVER
  AVERAGE SKY COVER 0.1


WEATHER CONDITIONS
THE FOLLOWING WEATHER WAS RECORDED TODAY.
  THUNDERSTORM


RELATIVE HUMIDITY (PERCENT)
 HIGHEST    93           400 AM
 LOWEST     50           300 PM
 AVERAGE    72

..........................................................


THE TUSCALOOSA CLIMATE NORMALS FOR TOMORROW
                         NORMAL    RECORD    YEAR
 MAXIMUM TEMPERATURE (F)   91       104      2012
 MINIMUM TEMPERATURE (F)   71        58      1974


SUNRISE AND SUNSET
JUNE 29 2022..........SUNRISE   544 AM CDT   SUNSET   804 PM CDT
JUNE 30 2022..........SUNRISE   545 AM CDT   SUNSET   804 PM CDT


-  INDICATES NEGATIVE NUMBERS.
R  INDICATES RECORD WAS SET OR TIED.
MM INDICATES DATA IS MISSING.
T  INDICATES TRACE AMOUNT.




$$
