000
CDUS44 KBMX 260739
CLITCL

CLIMATE REPORT
NATIONAL WEATHER SERVICE BIRMINGHAM AL
239 AM CDT MON OCT 26 2020

...................................

...THE TUSCALOOSA CLIMATE SUMMARY FOR OCTOBER 25 2020...

CLIMATE NORMAL PERIOD 1981 TO 2010
CLIMATE RECORD PERIOD 1948 TO 2020


WEATHER ITEM   OBSERVED TIME   RECORD YEAR NORMAL DEPARTURE LAST
                VALUE   (LST)  VALUE       VALUE  FROM      YEAR
                                                  NORMAL
...................................................................
TEMPERATURE (F)
 YESTERDAY
  MAXIMUM         71    257 PM  86    2010  74     -3       69
                                      2016
  MINIMUM         61    711 AM  29    1965  49     12       60
  AVERAGE         66                        62      4       65

PRECIPITATION (IN)
  YESTERDAY        0.00          6.48 2019   0.11  -0.11     6.48
  MONTH TO DATE    2.04                      2.88  -0.84     8.54
  SINCE SEP 1      2.89                      6.40  -3.51     8.55
  SINCE JAN 1     57.73                     42.27  15.46    48.64

SNOWFALL (IN)
  YESTERDAY        0.0                       0.0    0.0
  MONTH TO DATE    0.0                       0.0    0.0
  SINCE SEP 1      0.0                       0.0    0.0
  SINCE JUL 1      0.0                       0.0    0.0

DEGREE DAYS
 HEATING
  YESTERDAY        0                         5     -5        0
  MONTH TO DATE   26                        73    -47       59
  SINCE SEP 1     27                        80    -53       59
  SINCE JUL 1     27                        80    -53       59

 COOLING
  YESTERDAY        1                         2     -1        0
  MONTH TO DATE  123                        86     37      175
  SINCE SEP 1    488                       406     82      701
  SINCE JAN 1   2302                      2143    159     2800
...................................................................


WIND (MPH)
  HIGHEST WIND SPEED     9   HIGHEST WIND DIRECTION    NW (310)
  HIGHEST GUST SPEED    12   HIGHEST GUST DIRECTION    NW (310)
  AVERAGE WIND SPEED     3.8


SKY COVER
  AVERAGE SKY COVER 1.0


WEATHER CONDITIONS
THE FOLLOWING WEATHER WAS RECORDED YESTERDAY.
  NO SIGNIFICANT WEATHER WAS OBSERVED.


RELATIVE HUMIDITY (PERCENT)
 HIGHEST    97           100 AM
 LOWEST     76           200 PM
 AVERAGE    87

..........................................................


THE TUSCALOOSA CLIMATE NORMALS FOR TODAY
                         NORMAL    RECORD    YEAR
 MAXIMUM TEMPERATURE (F)   74        89      2010
 MINIMUM TEMPERATURE (F)   49        28      1962
                                             1968


SUNRISE AND SUNSET
OCTOBER 26 2020.......SUNRISE   704 AM CDT   SUNSET   604 PM CDT
OCTOBER 27 2020.......SUNRISE   705 AM CDT   SUNSET   603 PM CDT


-  INDICATES NEGATIVE NUMBERS.
R  INDICATES RECORD WAS SET OR TIED.
MM INDICATES DATA IS MISSING.
T  INDICATES TRACE AMOUNT.




$$
