000
CDUS42 KTAE 212137
CLITLH


CLIMATE REPORT
NATIONAL WEATHER SERVICE TALLAHASSEE FL
534 PM EDT MON OCT 21 2019

...................................

...THE TALLAHASSEE CLIMATE SUMMARY FOR OCTOBER 21 2019...
VALID TODAY AS OF 0500 PM LOCAL TIME.

CLIMATE NORMAL PERIOD 1981 TO 2010
CLIMATE RECORD PERIOD 1896 TO 2019


WEATHER ITEM   OBSERVED TIME   RECORD YEAR NORMAL DEPARTURE LAST
                VALUE   (LST)  VALUE       VALUE  FROM      YEAR
                                                  NORMAL
..................................................................
TEMPERATURE (F)
 TODAY
  MAXIMUM         83    248 PM  90    2005  80      3       73
                                      1993
                                      1943
  MINIMUM         57    529 AM  30    1989  55      2       59
  AVERAGE         70                        68      2       66

PRECIPITATION (IN)
  TODAY            0.00          1.35 1959   0.10  -0.10     0.00
  MONTH TO DATE    3.70                      2.27   1.43     3.34
  SINCE SEP 1      3.70                      6.96  -3.26     7.41
  SINCE JAN 1     34.07                     50.87 -16.80    58.25

SNOWFALL (IN)
  TODAY            0.0                       0.0    0.0

DEGREE DAYS
 HEATING
  TODAY            0                               -2
  MONTH TO DATE    1                              -19
  SINCE SEP 1      1                              -20
  SINCE JUL 1      1                              -20

 COOLING
  TODAY            5                                0
  MONTH TO DATE  258                              112
  SINCE SEP 1    817                              272
  SINCE JAN 1   3149                              651
..................................................................


WIND (MPH)
  HIGHEST WIND SPEED    13   HIGHEST WIND DIRECTION     S (180)
  HIGHEST GUST SPEED    16   HIGHEST GUST DIRECTION     S (180)
  AVERAGE WIND SPEED     4.3




RELATIVE HUMIDITY (PERCENT)
 HIGHEST    97
 LOWEST     51
 AVERAGE    74

..........................................................


THE TALLAHASSEE CLIMATE NORMALS FOR TOMORROW
                         NORMAL    RECORD    YEAR
 MAXIMUM TEMPERATURE (F)   80        90      1993
 MINIMUM TEMPERATURE (F)   55        34      1989


SUNRISE AND SUNSET
OCTOBER 21 2019.......SUNRISE   744 AM EDT   SUNSET   700 PM EDT
OCTOBER 22 2019.......SUNRISE   744 AM EDT   SUNSET   659 PM EDT


-  INDICATES NEGATIVE NUMBERS.
R  INDICATES RECORD WAS SET OR TIED.
MM INDICATES DATA IS MISSING.
T  INDICATES TRACE AMOUNT.

$$
