000
CDUS42 KTAE 170637
CLITLH


CLIMATE REPORT
NATIONAL WEATHER SERVICE TALLAHASSEE FL
136 AM EST SAT FEB 17 2018


...................................

...THE TALLAHASSEE CLIMATE SUMMARY FOR FEBRUARY 16 2018...

CLIMATE NORMAL PERIOD 1981 TO 2010
CLIMATE RECORD PERIOD 1896 TO 2018


WEATHER ITEM   OBSERVED TIME   RECORD YEAR NORMAL DEPARTURE LAST
                VALUE   (LST)  VALUE       VALUE  FROM      YEAR
                                                  NORMAL
..................................................................
TEMPERATURE (F)
 YESTERDAY
  MAXIMUM         84    408 PM  85    1989  68     16       67
  MINIMUM         60   1258 AM  24    2010  42     18       38
                                      1991
                                      1905
  AVERAGE         72                        55     17       53

PRECIPITATION (IN)
  YESTERDAY        T             2.78 1942   0.18  -0.18     0.00
  MONTH TO DATE    3.26                      2.56   0.70     1.43
  SINCE DEC 1      6.98                     10.80  -3.82    12.84
  SINCE JAN 1      4.99                      6.90  -1.91     8.64

SNOWFALL (IN)
  YESTERDAY        0.0                       0.0    0.0

DEGREE DAYS
 HEATING
  YESTERDAY        0                              -10
  MONTH TO DATE   66                             -121
  SINCE DEC 1    907                              -90
  SINCE JUL 1   1079                             -154

 COOLING
  YESTERDAY        7                                7
  MONTH TO DATE   13                               13
  SINCE DEC 1     52                               34
  SINCE JAN 1     22                               17
..................................................................


WIND (MPH)
  HIGHEST WIND SPEED    22   HIGHEST WIND DIRECTION     W (250)
  HIGHEST GUST SPEED    29   HIGHEST GUST DIRECTION     W (290)
  AVERAGE WIND SPEED     7.2




RELATIVE HUMIDITY (PERCENT)
 HIGHEST   100
 LOWEST     40
 AVERAGE    70

..........................................................


THE TALLAHASSEE CLIMATE NORMALS FOR TODAY
                         NORMAL    RECORD    YEAR
 MAXIMUM TEMPERATURE (F)   68        83      1932
 MINIMUM TEMPERATURE (F)   42        18      2007


SUNRISE AND SUNSET
FEBRUARY 17 2018......SUNRISE   716 AM EST   SUNSET   627 PM EST
FEBRUARY 18 2018......SUNRISE   715 AM EST   SUNSET   628 PM EST


-  INDICATES NEGATIVE NUMBERS.
R  INDICATES RECORD WAS SET OR TIED.
MM INDICATES DATA IS MISSING.
T  INDICATES TRACE AMOUNT.




$$
