348
CDUS42 KTAE 230630
CLITLH


CLIMATE REPORT
NATIONAL WEATHER SERVICE TALLAHASSEE FL
230 AM EDT SUN SEP 23 2018


...................................

...THE TALLAHASSEE CLIMATE SUMMARY FOR SEPTEMBER 22 2018...

CLIMATE NORMAL PERIOD 1981 TO 2010
CLIMATE RECORD PERIOD 1896 TO 2018


WEATHER ITEM   OBSERVED TIME   RECORD YEAR NORMAL DEPARTURE LAST
                VALUE   (LST)  VALUE       VALUE  FROM      YEAR
                                                  NORMAL
..................................................................
TEMPERATURE (F)
 YESTERDAY
  MAXIMUM         92    405 PM  97    1925  87      5       90
  MINIMUM         74    721 AM  49    1913  67      7       69
  AVERAGE         83                        77      6       80

PRECIPITATION (IN)
  YESTERDAY        0.00          7.86 2000   0.14  -0.14     0.00
  MONTH TO DATE    2.96                      3.58  -0.62     3.43
  SINCE SEP 1      2.96                      3.58  -0.62     3.43
  SINCE JAN 1     53.80                     47.49   6.31    48.70

SNOWFALL (IN)
  YESTERDAY        0.0                       0.0    0.0

DEGREE DAYS
 HEATING
  YESTERDAY        0                                0
  MONTH TO DATE    0                                0
  SINCE SEP 1      0                                0
  SINCE JUL 1      0                                0

 COOLING
  YESTERDAY       18                                6
  MONTH TO DATE  402                               90
  SINCE SEP 1    402                               90
  SINCE JAN 1   2578                              313
..................................................................


WIND (MPH)
  HIGHEST WIND SPEED    12   HIGHEST WIND DIRECTION     E (90)
  HIGHEST GUST SPEED    19   HIGHEST GUST DIRECTION     E (80)
  AVERAGE WIND SPEED     5.2




RELATIVE HUMIDITY (PERCENT)
 HIGHEST    93
 LOWEST     44
 AVERAGE    69

..........................................................


THE TALLAHASSEE CLIMATE NORMALS FOR TODAY
                         NORMAL    RECORD    YEAR
 MAXIMUM TEMPERATURE (F)   87        98      1925
 MINIMUM TEMPERATURE (F)   66        48      1983
                                             1982


SUNRISE AND SUNSET
SEPTEMBER 23 2018.....SUNRISE   726 AM EDT   SUNSET   733 PM EDT
SEPTEMBER 24 2018.....SUNRISE   727 AM EDT   SUNSET   731 PM EDT


-  INDICATES NEGATIVE NUMBERS.
R  INDICATES RECORD WAS SET OR TIED.
MM INDICATES DATA IS MISSING.
T  INDICATES TRACE AMOUNT.




$$
