000
CDUS42 KTAE 280637
CLITLH

CLIMATE REPORT
NATIONAL WEATHER SERVICE TALLAHASSEE FL
237 AM EDT WED OCT 28 2020

...................................

...THE TALLAHASSEE CLIMATE SUMMARY FOR OCTOBER 27 2020...

CLIMATE NORMAL PERIOD 1981 TO 2010
CLIMATE RECORD PERIOD 1896 TO 2020


WEATHER ITEM   OBSERVED TIME   RECORD YEAR NORMAL DEPARTURE LAST
                VALUE   (LST)  VALUE       VALUE  FROM      YEAR
                                                  NORMAL
...................................................................
TEMPERATURE (F)
 YESTERDAY
  MAXIMUM         83    410 PM  89    1984  79      4       82
  MINIMUM         74    804 AM  32    1968  53     21       63
  AVERAGE         79                        66     13       73

PRECIPITATION (IN)
  YESTERDAY        0.04          2.71 2006   0.09  -0.05     0.01
  MONTH TO DATE    1.50                      2.84  -1.34     3.93
  SINCE SEP 1     11.05                      7.53   3.52     3.93
  SINCE JAN 1     53.50                     51.44   2.06    34.30

SNOWFALL (IN)
  YESTERDAY        0.0                       0.0    0.0

DEGREE DAYS
 HEATING
  YESTERDAY        0                               -3
  MONTH TO DATE    0                              -33
  SINCE SEP 1      0                              -34
  SINCE JUL 1      0                              -34

 COOLING
  YESTERDAY       14                               11
  MONTH TO DATE  287                              118
  SINCE SEP 1    715                              147
  SINCE JAN 1   3050                              529
...................................................................


WIND (MPH)
  HIGHEST WIND SPEED    12   HIGHEST WIND DIRECTION     E (80)
  HIGHEST GUST SPEED    15   HIGHEST GUST DIRECTION     E (80)
  AVERAGE WIND SPEED     7.1


RELATIVE HUMIDITY (PERCENT)
 HIGHEST    96
 LOWEST     79
 AVERAGE    88

..........................................................


THE TALLAHASSEE CLIMATE NORMALS FOR TODAY
                         NORMAL    RECORD    YEAR
 MAXIMUM TEMPERATURE (F)   78        88      1963
                                             1991
                                             2010
 MINIMUM TEMPERATURE (F)   53        35      1957
                                             1962


SUNRISE AND SUNSET
OCTOBER 28 2020.......SUNRISE   749 AM EDT   SUNSET   653 PM EDT
OCTOBER 29 2020.......SUNRISE   750 AM EDT   SUNSET   652 PM EDT


-  INDICATES NEGATIVE NUMBERS.
R  INDICATES RECORD WAS SET OR TIED.
MM INDICATES DATA IS MISSING.
T  INDICATES TRACE AMOUNT.




$$
