726
CDUS42 KTAE 260635
CLITLH

CLIMATE REPORT
NATIONAL WEATHER SERVICE TALLAHASSEE FL
235 AM EDT SUN MAY 26 2024

...................................

...THE TALLAHASSEE CLIMATE SUMMARY FOR MAY 25 2024...

CLIMATE NORMAL PERIOD 1991 TO 2020
CLIMATE RECORD PERIOD 1896 TO 2024


WEATHER ITEM   OBSERVED TIME   RECORD YEAR NORMAL DEPARTURE LAST
                VALUE   (LST)  VALUE       VALUE  FROM      YEAR
                                                  NORMAL
...................................................................
TEMPERATURE (F)
 YESTERDAY
  MAXIMUM         94    248 PM 100    1953  89      5       86
  MINIMUM         69    557 AM  48    1979  66      3       65
  AVERAGE         82                        78      4       76

PRECIPITATION (IN)
  YESTERDAY        0.00          2.54 1997   0.14  -0.14     0.00
  MONTH TO DATE    6.93                      2.39   4.54     2.79
  SINCE MAR 1     22.01                     11.16  10.85     9.61
  SINCE JAN 1     29.61                     19.85   9.76    20.18

SNOWFALL (IN)
  YESTERDAY        0.0                      MM     MM

DEGREE DAYS
 HEATING
  YESTERDAY        0                                0
  MONTH TO DATE    0                                0
  SINCE MAR 1     94                             -121
  SINCE JUL 1   1163                             -306

 COOLING
  YESTERDAY       17                                4
  MONTH TO DATE  328                               87
  SINCE MAR 1    529                              116
  SINCE JAN 1    561                              126
...................................................................


WIND (MPH)
  HIGHEST WIND SPEED    13   HIGHEST WIND DIRECTION     S (180)
  HIGHEST GUST SPEED    18   HIGHEST GUST DIRECTION     S (180)
  AVERAGE WIND SPEED     3.6


RELATIVE HUMIDITY (PERCENT)
 HIGHEST    97
 LOWEST     47
 AVERAGE    72

..........................................................


THE TALLAHASSEE CLIMATE NORMALS FOR TODAY
                         NORMAL    RECORD    YEAR
 MAXIMUM TEMPERATURE (F)   89       100      2012
 MINIMUM TEMPERATURE (F)   66        41      1979


SUNRISE AND SUNSET
MAY 26 2024...........SUNRISE   638 AM EDT   SUNSET   832 PM EDT
MAY 27 2024...........SUNRISE   637 AM EDT   SUNSET   832 PM EDT


-  INDICATES NEGATIVE NUMBERS.
R  INDICATES RECORD WAS SET OR TIED.
MM INDICATES DATA IS MISSING.
T  INDICATES TRACE AMOUNT.




$$