000
CDUS42 KTAE 170738
CLITLH


CLIMATE REPORT
NATIONAL WEATHER SERVICE TALLAHASSEE FL
237 AM EST MON DEC 17 2018


...................................

...THE TALLAHASSEE CLIMATE SUMMARY FOR DECEMBER 16 2018...

CLIMATE NORMAL PERIOD 1981 TO 2010
CLIMATE RECORD PERIOD 1896 TO 2018


WEATHER ITEM   OBSERVED TIME   RECORD YEAR NORMAL DEPARTURE LAST
                VALUE   (LST)  VALUE       VALUE  FROM      YEAR
                                                  NORMAL
..................................................................
TEMPERATURE (F)
 YESTERDAY
  MAXIMUM         62    343 PM  84    1971  65     -3       64
  MINIMUM         49   1155 PM  19    1985  41      8       43
                                      1968
  AVERAGE         56                        53      3       54

PRECIPITATION (IN)
  YESTERDAY        0.00          3.15 1911   0.12  -0.12     0.00
  MONTH TO DATE   12.59                      2.05  10.54     1.30
  SINCE DEC 1     12.59                      2.05  10.54     1.30
  SINCE JAN 1     76.68                     57.38  19.30    54.50

SNOWFALL (IN)
  YESTERDAY        0.0                       0.0    0.0

DEGREE DAYS
 HEATING
  YESTERDAY        9                               -3
  MONTH TO DATE  172                               -5
  SINCE DEC 1    172                               -5
  SINCE JUL 1    397                              -16

 COOLING
  YESTERDAY        0                                0
  MONTH TO DATE   12                                4
  SINCE DEC 1     12                                4
  SINCE JAN 1   3075                              487
..................................................................


WIND (MPH)
  HIGHEST WIND SPEED    18   HIGHEST WIND DIRECTION    NW (310)
  HIGHEST GUST SPEED    22   HIGHEST GUST DIRECTION    NW (310)
  AVERAGE WIND SPEED     6.9




RELATIVE HUMIDITY (PERCENT)
 HIGHEST    93
 LOWEST     60
 AVERAGE    77

..........................................................


THE TALLAHASSEE CLIMATE NORMALS FOR TODAY
                         NORMAL    RECORD    YEAR
 MAXIMUM TEMPERATURE (F)   65        83      1971
 MINIMUM TEMPERATURE (F)   41        19      1945


SUNRISE AND SUNSET
DECEMBER 17 2018......SUNRISE   728 AM EST   SUNSET   539 PM EST
DECEMBER 18 2018......SUNRISE   728 AM EST   SUNSET   540 PM EST


-  INDICATES NEGATIVE NUMBERS.
R  INDICATES RECORD WAS SET OR TIED.
MM INDICATES DATA IS MISSING.
T  INDICATES TRACE AMOUNT.




$$
