000
CDUS42 KTAE 240736
CLITLH


CLIMATE REPORT
NATIONAL WEATHER SERVICE TALLAHASSEE FL
235 AM EST FRI JAN 24 2020


...................................

...THE TALLAHASSEE CLIMATE SUMMARY FOR JANUARY 23 2020...

CLIMATE NORMAL PERIOD 1981 TO 2010
CLIMATE RECORD PERIOD 1896 TO 2020


WEATHER ITEM   OBSERVED TIME   RECORD YEAR NORMAL DEPARTURE LAST
                VALUE   (LST)  VALUE       VALUE  FROM      YEAR
                                                  NORMAL
..................................................................
TEMPERATURE (F)
 YESTERDAY
  MAXIMUM         69    414 PM  80    1929  64      5       73
                                      1927
  MINIMUM         49    949 AM  20    2011  39     10       57
  AVERAGE         59                        51      8       65

PRECIPITATION (IN)
  YESTERDAY        T             2.77 2015   0.15  -0.15     0.90
  MONTH TO DATE    1.04                      3.10  -2.06     2.65
  SINCE DEC 1      4.50                      7.00  -2.50    18.42
  SINCE JAN 1      1.04                      3.10  -2.06     2.65

SNOWFALL (IN)
  YESTERDAY       MM                         0.0   MM

DEGREE DAYS
 HEATING
  YESTERDAY        6                               -8
  MONTH TO DATE  184                             -138
  SINCE DEC 1    424                             -277
  SINCE JUL 1    648                             -289

 COOLING
  YESTERDAY        0                                0
  MONTH TO DATE   45                               45
  SINCE DEC 1     71                               58
  SINCE JAN 1     45                               45
..................................................................


WIND (MPH)
  HIGHEST WIND SPEED    16   HIGHEST WIND DIRECTION     E (100)
  HIGHEST GUST SPEED    20   HIGHEST GUST DIRECTION     E (90)
  AVERAGE WIND SPEED     8.4




RELATIVE HUMIDITY (PERCENT)
 HIGHEST    75
 LOWEST     35
 AVERAGE    55

..........................................................


THE TALLAHASSEE CLIMATE NORMALS FOR TODAY
                         NORMAL    RECORD    YEAR
 MAXIMUM TEMPERATURE (F)   64        80      1929
 MINIMUM TEMPERATURE (F)   39        17      1963


SUNRISE AND SUNSET
JANUARY 24 2020.......SUNRISE   733 AM EST   SUNSET   607 PM EST
JANUARY 25 2020.......SUNRISE   732 AM EST   SUNSET   608 PM EST


-  INDICATES NEGATIVE NUMBERS.
R  INDICATES RECORD WAS SET OR TIED.
MM INDICATES DATA IS MISSING.
T  INDICATES TRACE AMOUNT.




$$
