000
CDUS44 KBMX 170736
CLITOI


CLIMATE REPORT
NATIONAL WEATHER SERVICE BIRMINGHAM, AL
236 AM CDT WED OCT 17 2018


...................................

...THE TROY CLIMATE SUMMARY FOR OCTOBER 16 2018...

CLIMATE NORMAL PERIOD 1981 TO 2010
CLIMATE RECORD PERIOD 9999 TO 9999


WEATHER ITEM   OBSERVED TIME   RECORD YEAR NORMAL DEPARTURE LAST
                VALUE   (LST)  VALUE       VALUE  FROM      YEAR
                                                  NORMAL
..................................................................
TEMPERATURE (F)
 YESTERDAY
  MAXIMUM         87    112 PM  MM      MM  78      9       72
  MINIMUM         67    602 AM  MM      MM  52     15       55
  AVERAGE         77                        65     12       64

PRECIPITATION (IN)
  YESTERDAY        0.00                      0.10  -0.10     0.03
  MONTH TO DATE    3.92                      1.57   2.35     0.03
  SINCE SEP 1      9.11                      5.53   3.58     3.36
  SINCE JAN 1     37.48                     43.48  -6.00    58.16

SNOWFALL (IN)
  YESTERDAY        0.0                      MM     MM        0.0
  MONTH TO DATE    0.0                      MM     MM        0.0
  SINCE SEP 1      0.0                      MM     MM        0.0
  SINCE JUL 1      0.0                      MM     MM        0.0
  SNOW DEPTH       0

DEGREE DAYS
 HEATING
  YESTERDAY        0                         3     -3        1
  MONTH TO DATE    2                        26    -24        1
  SINCE SEP 1      2                        30    -28        5
  SINCE JUL 1      2                        30    -28        5

 COOLING
  YESTERDAY       12                         3      9        0
  MONTH TO DATE  163                        68     95      127
  SINCE SEP 1    617                       382    235      431
  SINCE JAN 1   2418                      2016    402     2139
..................................................................


WIND (MPH)
  HIGHEST WIND SPEED    12   HIGHEST WIND DIRECTION    SW (210)
  HIGHEST GUST SPEED    14   HIGHEST GUST DIRECTION    SW (220)
  AVERAGE WIND SPEED     1.7


SKY COVER
  AVERAGE SKY COVER 0.5


WEATHER CONDITIONS
 THE FOLLOWING WEATHER WAS RECORDED YESTERDAY.
  FOG
  FOG W/VISIBILITY <= 1/4 MILE


RELATIVE HUMIDITY (PERCENT)
 HIGHEST   100           100 AM
 LOWEST     61          1200 PM
 AVERAGE    81

..........................................................


THE TROY CLIMATE NORMALS FOR TODAY
                         NORMAL    RECORD    YEAR
 MAXIMUM TEMPERATURE (F)   78        MM        MM
 MINIMUM TEMPERATURE (F)   52        MM        MM


SUNRISE AND SUNSET
OCTOBER 17 2018.......SUNRISE   649 AM CDT   SUNSET   609 PM CDT
OCTOBER 18 2018.......SUNRISE   650 AM CDT   SUNSET   608 PM CDT


-  INDICATES NEGATIVE NUMBERS.
R  INDICATES RECORD WAS SET OR TIED.
MM INDICATES DATA IS MISSING.
T  INDICATES TRACE AMOUNT.




$$
