000
CDUS44 KBMX 152123
CLITOI

CLIMATE REPORT
NATIONAL WEATHER SERVICE BIRMINGHAM AL
423 PM CDT FRI OCT 15 2021

...................................

...THE TROY CLIMATE SUMMARY FOR OCTOBER 15 2021...
VALID AS OF 0400 PM LOCAL TIME.

CLIMATE NORMAL PERIOD 1991 TO 2020
CLIMATE RECORD PERIOD 9999 TO 9999


WEATHER ITEM   OBSERVED TIME   RECORD YEAR NORMAL DEPARTURE LAST
                VALUE   (LST)  VALUE       VALUE  FROM      YEAR
                                                  NORMAL
...................................................................
TEMPERATURE (F)
 TODAY
  MAXIMUM         90    212 PM  MM      MM  79     11       85
  MINIMUM         62    614 AM  MM      MM  53      9       MM
  AVERAGE         76                        66     10       MM

PRECIPITATION (IN)
  TODAY            0.00                      0.09  -0.09     0.00
  MONTH TO DATE    3.11                      1.45   1.66     1.37
  SINCE SEP 1      6.20                      4.51   1.69    12.34
  SINCE JAN 1     47.80                     41.12   6.68    50.55

SNOWFALL (IN)
  TODAY            0.0                      MM     MM        0.0
  MONTH TO DATE    0.0                       0.0    0.0      0.0
  SINCE SEP 1      0.0                      MM     MM        0.0
  SINCE JUL 1      0.0                      MM     MM        0.0
  SNOW DEPTH       0

DEGREE DAYS
 HEATING
  TODAY            0                         2     -2       MM
  MONTH TO DATE    0                        21    -21        9
  SINCE SEP 1      0                        24    -24       14
  SINCE JUL 1      0                        24    -24       14

 COOLING
  TODAY           11                         3      8       MM
  MONTH TO DATE  167                        75     92      101
  SINCE SEP 1    544                       402    142      404
  SINCE JAN 1   2478                      2079    399     2350
...................................................................


WIND (MPH)
  HIGHEST WIND SPEED     8   HIGHEST WIND DIRECTION     S (200)
  HIGHEST GUST SPEED    12   HIGHEST GUST DIRECTION     W (260)
  AVERAGE WIND SPEED     1.8


SKY COVER
  AVERAGE SKY COVER 0.1


WEATHER CONDITIONS
THE FOLLOWING WEATHER WAS RECORDED TODAY.
  FOG
  HAZE


RELATIVE HUMIDITY (PERCENT)
 HIGHEST    90           200 AM
 LOWEST     45           100 PM
 AVERAGE    68

..........................................................


THE TROY CLIMATE NORMALS FOR TOMORROW
                         NORMAL    RECORD    YEAR
 MAXIMUM TEMPERATURE (F)   78        MM        MM
 MINIMUM TEMPERATURE (F)   53        MM        MM


SUNRISE AND SUNSET
OCTOBER 15 2021.......SUNRISE   648 AM CDT   SUNSET   611 PM CDT
OCTOBER 16 2021.......SUNRISE   648 AM CDT   SUNSET   610 PM CDT


-  INDICATES NEGATIVE NUMBERS.
R  INDICATES RECORD WAS SET OR TIED.
MM INDICATES DATA IS MISSING.
T  INDICATES TRACE AMOUNT.




$$
