000
CDUS44 KBMX 252223
CLITOI


CLIMATE REPORT
NATIONAL WEATHER SERVICE BIRMINGHAM, AL
423 PM CST SUN FEB 25 2018


...................................

...THE TROY CLIMATE SUMMARY FOR FEBRUARY 25 2018...
VALID TODAY AS OF 0400 PM LOCAL TIME.

CLIMATE NORMAL PERIOD 1981 TO 2010
CLIMATE RECORD PERIOD 9999 TO 9999


WEATHER ITEM   OBSERVED TIME   RECORD YEAR NORMAL DEPARTURE LAST
                VALUE   (LST)  VALUE       VALUE  FROM      YEAR
                                                  NORMAL
..................................................................
TEMPERATURE (F)
 TODAY
  MAXIMUM         76    922 AM  MM      MM  65     11       70
  MINIMUM         61   1039 AM  MM      MM  39     22       44
  AVERAGE         69                        52     17       57

PRECIPITATION (IN)
  TODAY            0.04                      0.16  -0.12      T
  MONTH TO DATE    3.42                      4.05  -0.63     3.82
  SINCE DEC 1      6.92                     13.44  -6.52    21.93
  SINCE JAN 1      4.20                      8.60  -4.40    17.26

SNOWFALL (IN)
  TODAY            0.0                      MM     MM       MM
  MONTH TO DATE    0.0                      MM     MM        0.0
  SINCE DEC 1      T                        MM     MM        0.0
  SINCE JUL 1      T                        MM     MM        0.0
  SNOW DEPTH       0

DEGREE DAYS
 HEATING
  TODAY            0                        13    -13        8
  MONTH TO DATE  147                       388   -241      193
  SINCE DEC 1   1294                      1487   -193      889
  SINCE JUL 1   1648                      1880   -232     1141
..................................................................


WIND (MPH)
  HIGHEST WIND SPEED    26   HIGHEST WIND DIRECTION     W (290)
  HIGHEST GUST SPEED    33   HIGHEST GUST DIRECTION     W (290)
  AVERAGE WIND SPEED     7.4


SKY COVER
  AVERAGE SKY COVER 0.9


WEATHER CONDITIONS
 THE FOLLOWING WEATHER WAS RECORDED TODAY.
  LIGHT RAIN
  FOG


RELATIVE HUMIDITY (PERCENT)
 HIGHEST    93           100 AM
 LOWEST     68           400 PM
 AVERAGE    81

..........................................................


THE TROY CLIMATE NORMALS FOR TOMORROW
                         NORMAL    RECORD    YEAR
 MAXIMUM TEMPERATURE (F)   65        MM        MM
 MINIMUM TEMPERATURE (F)   39        MM        MM


SUNRISE AND SUNSET
FEBRUARY 25 2018......SUNRISE   616 AM CST   SUNSET   539 PM CST
FEBRUARY 26 2018......SUNRISE   615 AM CST   SUNSET   540 PM CST


-  INDICATES NEGATIVE NUMBERS.
R  INDICATES RECORD WAS SET OR TIED.
MM INDICATES DATA IS MISSING.
T  INDICATES TRACE AMOUNT.




$$
