000
CDUS44 KBMX 202122
CLITOI

CLIMATE REPORT
NATIONAL WEATHER SERVICE BIRMINGHAM AL
422 PM CDT TUE OCT 20 2020

...................................

...THE TROY CLIMATE SUMMARY FOR OCTOBER 20 2020...
VALID AS OF 0400 PM LOCAL TIME.

CLIMATE NORMAL PERIOD 1981 TO 2010
CLIMATE RECORD PERIOD 9999 TO 9999


WEATHER ITEM   OBSERVED TIME   RECORD YEAR NORMAL DEPARTURE LAST
                VALUE   (LST)  VALUE       VALUE  FROM      YEAR
                                                  NORMAL
...................................................................
TEMPERATURE (F)
 TODAY
  MAXIMUM         84    257 PM  MM      MM  77      7       77
  MINIMUM         60   1239 AM  MM      MM  51      9       57
  AVERAGE         72                        64      8       67

PRECIPITATION (IN)
  TODAY            0.00                      0.11  -0.11     0.00
  MONTH TO DATE    1.37                      1.99  -0.62     3.24
  SINCE SEP 1     12.34                      5.95   6.39     3.35
  SINCE JAN 1     50.55                     43.90   6.65    34.29

SNOWFALL (IN)
  TODAY            0.0                      MM     MM        0.0
  MONTH TO DATE    0.0                       0.0    0.0      0.0
  SINCE SEP 1      0.0                      MM     MM        0.0
  SINCE JUL 1      0.0                      MM     MM        0.0
  SNOW DEPTH       0

DEGREE DAYS
 HEATING
  TODAY            0                         4     -4        0
  MONTH TO DATE   13                        39    -26       18
  SINCE SEP 1     18                        43    -25       18
  SINCE JUL 1     18                        43    -25       18

 COOLING
  TODAY            7                         2      5        2
  MONTH TO DATE  119                        77     42      189
  SINCE SEP 1    422                       391     31      664
  SINCE JAN 1   2368                      2025    343     2515
...................................................................


WIND (MPH)
  HIGHEST WIND SPEED    14   HIGHEST WIND DIRECTION    NE (40)
  HIGHEST GUST SPEED    17   HIGHEST GUST DIRECTION    NE (40)
  AVERAGE WIND SPEED     5.8


SKY COVER
  AVERAGE SKY COVER 0.4


WEATHER CONDITIONS
THE FOLLOWING WEATHER WAS RECORDED TODAY.
  NO SIGNIFICANT WEATHER WAS OBSERVED.


RELATIVE HUMIDITY (PERCENT)
 HIGHEST    93          1200 AM
 LOWEST     55           300 PM
 AVERAGE    74

..........................................................


THE TROY CLIMATE NORMALS FOR TOMORROW
                         NORMAL    RECORD    YEAR
 MAXIMUM TEMPERATURE (F)   77        MM        MM
 MINIMUM TEMPERATURE (F)   50        MM        MM


SUNRISE AND SUNSET
OCTOBER 20 2020.......SUNRISE   651 AM CDT   SUNSET   606 PM CDT
OCTOBER 21 2020.......SUNRISE   652 AM CDT   SUNSET   605 PM CDT


-  INDICATES NEGATIVE NUMBERS.
R  INDICATES RECORD WAS SET OR TIED.
MM INDICATES DATA IS MISSING.
T  INDICATES TRACE AMOUNT.




$$
