000
CDUS44 KBMX 160746
CLITOI


CLIMATE REPORT
NATIONAL WEATHER SERVICE BIRMINGHAM, AL
246 AM CDT MON JUL 16 2018


...................................

...THE TROY CLIMATE SUMMARY FOR JULY 15 2018...

CLIMATE NORMAL PERIOD 1981 TO 2010
CLIMATE RECORD PERIOD 9999 TO 9999


WEATHER ITEM   OBSERVED TIME   RECORD YEAR NORMAL DEPARTURE LAST
                VALUE   (LST)  VALUE       VALUE  FROM      YEAR
                                                  NORMAL
..................................................................
TEMPERATURE (F)
 YESTERDAY
  MAXIMUM         91   1115 AM  MM      MM  92     -1       91
  MINIMUM         72   1127 PM  MM      MM  70      2       70
  AVERAGE         82                        81      1       81

PRECIPITATION (IN)
  YESTERDAY        T                         0.20  -0.20      T
  MONTH TO DATE    1.48                      2.88  -1.40     1.90
  SINCE JUN 1      6.34                      7.71  -1.37    10.41
  SINCE JAN 1     22.03                     30.54  -8.51    42.91

DEGREE DAYS
 COOLING
  YESTERDAY       17                        16      1       16
  MONTH TO DATE  246                       233     13      238
  SINCE JUN 1    685                       621     64      593
  SINCE JAN 1   1094                       908    186      997
..................................................................


WIND (MPH)
  HIGHEST WIND SPEED    17   HIGHEST WIND DIRECTION    SE (140)
  HIGHEST GUST SPEED    24   HIGHEST GUST DIRECTION    SE (150)
  AVERAGE WIND SPEED     3.0


SKY COVER
  AVERAGE SKY COVER 0.3


WEATHER CONDITIONS
 THE FOLLOWING WEATHER WAS RECORDED YESTERDAY.
  THUNDERSTORM
  LIGHT RAIN
  FOG
  FOG W/VISIBILITY <= 1/4 MILE


RELATIVE HUMIDITY (PERCENT)
 HIGHEST    93          1200 AM
 LOWEST     59          1200 PM
 AVERAGE    76

..........................................................


THE TROY CLIMATE NORMALS FOR TODAY
                         NORMAL    RECORD    YEAR
 MAXIMUM TEMPERATURE (F)   92        MM        MM
 MINIMUM TEMPERATURE (F)   70        MM        MM


SUNRISE AND SUNSET
JULY 16 2018..........SUNRISE   550 AM CDT   SUNSET   750 PM CDT
JULY 17 2018..........SUNRISE   550 AM CDT   SUNSET   750 PM CDT


-  INDICATES NEGATIVE NUMBERS.
R  INDICATES RECORD WAS SET OR TIED.
MM INDICATES DATA IS MISSING.
T  INDICATES TRACE AMOUNT.




$$
