000
CDUS44 KBMX 040810
CLITOI


CLIMATE REPORT
NATIONAL WEATHER SERVICE BIRMINGHAM, AL
300 AM CDT THU JUN 4 2020


...................................

...THE TROY CLIMATE SUMMARY FOR JUNE 3 2020...

CLIMATE NORMAL PERIOD 1981 TO 2010
CLIMATE RECORD PERIOD 9999 TO 9999


WEATHER ITEM   OBSERVED TIME   RECORD YEAR NORMAL DEPARTURE LAST
                VALUE   (LST)  VALUE       VALUE  FROM      YEAR
                                                  NORMAL
..................................................................
TEMPERATURE (F)
 YESTERDAY
  MAXIMUM         89    248 PM  MM      MM  88      1       96
  MINIMUM         67    452 AM  MM      MM  64      3       64
  AVERAGE         78                        76      2       80

PRECIPITATION (IN)
  YESTERDAY        0.00                      0.15  -0.15     0.00
  MONTH TO DATE    0.00                      0.46  -0.46     0.00
  SINCE JUN 1      0.00                      0.46  -0.46     0.00
  SINCE JAN 1     25.53                     23.29   2.24    17.83

DEGREE DAYS
 COOLING
  YESTERDAY       13                        11      2       15
  MONTH TO DATE   38                        31      7       42
  SINCE JUN 1     38                        31      7       42
  SINCE JAN 1    513                       318    195      469
..................................................................


WIND (MPH)
  HIGHEST WIND SPEED    10   HIGHEST WIND DIRECTION     S (180)
  HIGHEST GUST SPEED    16   HIGHEST GUST DIRECTION     S (170)
  AVERAGE WIND SPEED     2.8


SKY COVER
  AVERAGE SKY COVER 0.1


WEATHER CONDITIONS
 THE FOLLOWING WEATHER WAS RECORDED YESTERDAY.
  THUNDERSTORM
  FOG


RELATIVE HUMIDITY (PERCENT)
 HIGHEST    93           400 AM
 LOWEST     50           200 PM
 AVERAGE    72

..........................................................


THE TROY CLIMATE NORMALS FOR TODAY
                         NORMAL    RECORD    YEAR
 MAXIMUM TEMPERATURE (F)   88        MM        MM
 MINIMUM TEMPERATURE (F)   64        MM        MM


SUNRISE AND SUNSET
JUNE  4 2020..........SUNRISE   538 AM CDT   SUNSET   747 PM CDT
JUNE  5 2020..........SUNRISE   538 AM CDT   SUNSET   747 PM CDT


-  INDICATES NEGATIVE NUMBERS.
R  INDICATES RECORD WAS SET OR TIED.
MM INDICATES DATA IS MISSING.
T  INDICATES TRACE AMOUNT.




$$
