000
CDUS41 KCLE 122118
CLITOL

CLIMATE REPORT
NATIONAL WEATHER SERVICE CLEVELAND, OH
518 PM EDT WED AUG 12 2020

...................................

...THE TOLEDO OH CLIMATE SUMMARY FOR AUGUST 12 2020...
VALID TODAY AS OF 0500 PM LOCAL TIME.

CLIMATE NORMAL PERIOD 1981 TO 2010
CLIMATE RECORD PERIOD 1873 TO 2020


WEATHER ITEM   OBSERVED TIME   RECORD YEAR NORMAL DEPARTURE LAST
                VALUE   (LST)  VALUE       VALUE  FROM      YEAR
                                                  NORMAL
...................................................................
TEMPERATURE (F)
 TODAY
  MAXIMUM         87    255 PM  97    1881  83      4       87
  MINIMUM         63    558 AM  45    1967  62      1       70
                                      1986
  AVERAGE         75                        72      3       79

PRECIPITATION (IN)
  TODAY            0.00                      0.10  -0.10     0.38
  MONTH TO DATE    0.81                      1.27  -0.46     0.86
  SINCE JUN 1      6.16                      8.07  -1.91    10.22
  SINCE JAN 1     21.41                     21.44  -0.03    27.61

SNOWFALL (IN)
  TODAY            0.0                       0.0    0.0      0.0
  MONTH TO DATE    0.0                       0.0    0.0      0.0
  SINCE JUN 1      0.0                       0.0    0.0      0.0
  SINCE JUL 1      0.0                       0.0    0.0      0.0
  SNOW DEPTH       0

DEGREE DAYS
 HEATING
  TODAY            0                         0      0        0
  MONTH TO DATE    0                         0      0        0
  SINCE JUN 1     16                        38    -22       23
  SINCE JUL 1      0                         3     -3        0

 COOLING
  TODAY           10                         7      3       14
  MONTH TO DATE   89                        93     -4      123
  SINCE JUN 1    766                       528    238      704
  SINCE JAN 1    831                       581    250      751
...................................................................


WIND (MPH)
  HIGHEST WIND SPEED    12   HIGHEST WIND DIRECTION     E (90)
  HIGHEST GUST SPEED    14   HIGHEST GUST DIRECTION     E (100)


SKY COVER
  POSSIBLE SUNSHINE  MM
  AVERAGE SKY COVER 0.0


WEATHER CONDITIONS
THE FOLLOWING WEATHER WAS RECORDED TODAY.
  NO SIGNIFICANT WEATHER WAS OBSERVED.


RELATIVE HUMIDITY (PERCENT)
 HIGHEST    75           500 AM
 LOWEST     33           300 PM
 AVERAGE    54

..........................................................


THE TOLEDO OH CLIMATE NORMALS FOR TOMORROW
                         NORMAL    RECORD    YEAR
 MAXIMUM TEMPERATURE (F)   83        96      1918
                                             1995
 MINIMUM TEMPERATURE (F)   62        45      1961


SUNRISE AND SUNSET
AUGUST 12 2020........SUNRISE   641 AM EDT   SUNSET   838 PM EDT
AUGUST 13 2020........SUNRISE   642 AM EDT   SUNSET   837 PM EDT


-  INDICATES NEGATIVE NUMBERS.
R  INDICATES RECORD WAS SET OR TIED.
MM INDICATES DATA IS MISSING.
T  INDICATES TRACE AMOUNT.




$$
