000
CDUS41 KCLE 192116
CLITOL


CLIMATE REPORT
NATIONAL WEATHER SERVICE CLEVELAND OH
514 PM EDT SAT OCT 19 2019


...................................

...THE TOLEDO OH CLIMATE SUMMARY FOR OCTOBER 19 2019...
VALID TODAY AS OF 0500 PM LOCAL TIME.

CLIMATE NORMAL PERIOD 1981 TO 2010
CLIMATE RECORD PERIOD 1873 TO 2019


WEATHER ITEM   OBSERVED TIME   RECORD YEAR NORMAL DEPARTURE LAST
                VALUE   (LST)  VALUE       VALUE  FROM      YEAR
                                                  NORMAL
..................................................................
TEMPERATURE (F)
 TODAY
  MAXIMUM         65    304 PM  85    1953  62      3       60
  MINIMUM         34    638 AM  21    1972  41     -7       38
  AVERAGE         50                        51     -1       49

PRECIPITATION (IN)
  TODAY            0.00                      0.08  -0.08      T
  MONTH TO DATE    1.11                      1.62  -0.51     0.87
  SINCE SEP 1      4.90                      4.40   0.50     3.85
  SINCE JAN 1     38.00                     27.72  10.28    29.99

SNOWFALL (IN)
  TODAY            0.0                       0.0    0.0      0.0
  MONTH TO DATE    0.0                       0.1   -0.1      0.0
  SINCE SEP 1      0.0                       0.1   -0.1      0.0
  SINCE JUL 1      0.0                       0.1   -0.1      0.0
  SNOW DEPTH       0

DEGREE DAYS
 HEATING
  TODAY           15                        14      1       16
  MONTH TO DATE  151                       213    -62      164
  SINCE SEP 1    156                       323   -167      224
  SINCE JUL 1    156                       337   -181      224

 COOLING
  TODAY            0                         0      0        0
  MONTH TO DATE   22                         8     14       57
  SINCE SEP 1    211                        90    121      248
  SINCE JAN 1   1105                       792    313     1232
..................................................................


WIND (MPH)
  HIGHEST WIND SPEED    13   HIGHEST WIND DIRECTION     S (170)
  HIGHEST GUST SPEED    20   HIGHEST GUST DIRECTION     S (170)


SKY COVER
  POSSIBLE SUNSHINE  MM
  AVERAGE SKY COVER 0.0


WEATHER CONDITIONS
 THE FOLLOWING WEATHER WAS RECORDED TODAY.
  FOG


RELATIVE HUMIDITY (PERCENT)
 HIGHEST    92           800 AM
 LOWEST     40           200 PM
 AVERAGE    66

..........................................................


THE TOLEDO OH CLIMATE NORMALS FOR TOMORROW
                         NORMAL    RECORD    YEAR
 MAXIMUM TEMPERATURE (F)   61        82      1920
 MINIMUM TEMPERATURE (F)   41        18      1972


SUNRISE AND SUNSET
OCTOBER 19 2019.......SUNRISE   752 AM EDT   SUNSET   648 PM EDT
OCTOBER 20 2019.......SUNRISE   753 AM EDT   SUNSET   647 PM EDT


-  INDICATES NEGATIVE NUMBERS.
R  INDICATES RECORD WAS SET OR TIED.
MM INDICATES DATA IS MISSING.
T  INDICATES TRACE AMOUNT.




$$
