000
CDUS43 KTOP 230632
CLITOP


CLIMATE REPORT
NATIONAL WEATHER SERVICE TOPEKA KS
131 AM CDT WED MAY 23 2018


...................................

...THE TOPEKA KS CLIMATE SUMMARY FOR MAY 22 2018...

CLIMATE NORMAL PERIOD 1981 TO 2010
CLIMATE RECORD PERIOD 1887 TO 2018


WEATHER ITEM   OBSERVED TIME   RECORD YEAR NORMAL DEPARTURE LAST
                VALUE   (LST)  VALUE       VALUE  FROM      YEAR
                                                  NORMAL
..................................................................
TEMPERATURE (F)
 YESTERDAY
  MAXIMUM         86    433 PM  97    1975  78      8       74
  MINIMUM         59    449 AM  37    1963  56      3       51
  AVERAGE         73                        67      6       63

PRECIPITATION (IN)
  YESTERDAY        0.00          1.35 1918   0.16  -0.16     0.13
  MONTH TO DATE    3.30                      3.48  -0.18     3.00
  SINCE MAR 1      5.41                      9.50  -4.09    13.07
  SINCE JAN 1      7.16                     11.68  -4.52    14.46

SNOWFALL (IN)
  YESTERDAY        0.0           T    1952   0.0    0.0      0.0
  MONTH TO DATE    T                         0.0    0.0       T
  SINCE JAN 1      6.0                      11.3   -5.3      3.5
  SINCE JUL 1      8.1                      17.8   -9.7      6.6
  SNOW DEPTH       0

DEGREE DAYS
 HEATING
  YESTERDAY        0                         2     -2        2
  MONTH TO DATE    0                        84    -84       68
  SINCE MAR 1   1090                      1034     56      813
  SINCE JUL 1   4870                      5001   -131     3994

 COOLING
  YESTERDAY        8                         4      4        0
  MONTH TO DATE  176                        55    121       66
  SINCE MAR 1    183                        83    100      103
  SINCE JAN 1    183                        83    100      103
..................................................................


WIND (MPH)
  HIGHEST WIND SPEED    17   HIGHEST WIND DIRECTION    SE (150)
  HIGHEST GUST SPEED    21   HIGHEST GUST DIRECTION     S (160)
  AVERAGE WIND SPEED     5.8


SKY COVER
  AVERAGE SKY COVER 0.0


WEATHER CONDITIONS
 THE FOLLOWING WEATHER WAS RECORDED YESTERDAY.
  FOG


RELATIVE HUMIDITY (PERCENT)
 HIGHEST   100           200 AM
 LOWEST     51           400 PM
 AVERAGE    76

..........................................................


THE TOPEKA KS CLIMATE NORMALS FOR TODAY
                         NORMAL    RECORD    YEAR
 MAXIMUM TEMPERATURE (F)   78        95      1939
 MINIMUM TEMPERATURE (F)   57        39      1963


SUNRISE AND SUNSET
MAY 23 2018...........SUNRISE   603 AM CDT   SUNSET   836 PM CDT
MAY 24 2018...........SUNRISE   603 AM CDT   SUNSET   837 PM CDT


-  INDICATES NEGATIVE NUMBERS.
R  INDICATES RECORD WAS SET OR TIED.
MM INDICATES DATA IS MISSING.
T  INDICATES TRACE AMOUNT.




$$
