000
CDUS43 KTOP 220633
CLITOP


CLIMATE REPORT
NATIONAL WEATHER SERVICE TOPEKA KS
132 AM CDT THU OCT 22 2020


...................................

...THE TOPEKA KS CLIMATE SUMMARY FOR OCTOBER 21 2020...

CLIMATE NORMAL PERIOD 1981 TO 2010
CLIMATE RECORD PERIOD 1887 TO 2020


WEATHER ITEM   OBSERVED TIME   RECORD YEAR NORMAL DEPARTURE LAST
                VALUE   (LST)  VALUE       VALUE  FROM      YEAR
                                                  NORMAL
..................................................................
TEMPERATURE (F)
 YESTERDAY
  MAXIMUM         50   1130 AM  91    1940  67    -17       58
  MINIMUM         34    530 AM  24    1987  43     -9       45
  AVERAGE         42                        55    -13       52

PRECIPITATION (IN)
  YESTERDAY        T             1.13 1908   0.10  -0.10     0.00
  MONTH TO DATE    T                         2.17  -2.17     1.77
  SINCE SEP 1      2.57                      5.83  -3.26     4.27
  SINCE JAN 1     32.20                     32.40  -0.20    45.16

SNOWFALL (IN)
  YESTERDAY        0.0           0.1  1930   0.0    0.0      0.0
  MONTH TO DATE    0.0                       0.1   -0.1       T
  SINCE JAN 1      5.2                      11.4   -6.2     18.5
  SINCE JUL 1      0.0                       0.1   -0.1       T
  SNOW DEPTH       0

DEGREE DAYS
 HEATING
  YESTERDAY       23                        11     12       13
  MONTH TO DATE  173                       166      7      190
  SINCE SEP 1    228                       231     -3      190
  SINCE JUL 1    228                       233     -5      190

 COOLING
  YESTERDAY        0                         0      0        0
  MONTH TO DATE   37                        25     12       20
  SINCE SEP 1    174                       190    -16      363
  SINCE JAN 1   1535                      1418    117     1609
..................................................................


WIND (MPH)
  HIGHEST WIND SPEED    13   HIGHEST WIND DIRECTION     E (90)
  HIGHEST GUST SPEED    17   HIGHEST GUST DIRECTION     E (90)
  AVERAGE WIND SPEED     5.7


SKY COVER
  AVERAGE SKY COVER 0.9


WEATHER CONDITIONS
 THE FOLLOWING WEATHER WAS RECORDED YESTERDAY.
  LIGHT RAIN
  FOG
  FOG W/VISIBILITY <= 1/4 MILE
  HAZE


RELATIVE HUMIDITY (PERCENT)
 HIGHEST   100           100 AM
 LOWEST     80          1100 AM
 AVERAGE    90

..........................................................


THE TOPEKA KS CLIMATE NORMALS FOR TODAY
                         NORMAL    RECORD    YEAR
 MAXIMUM TEMPERATURE (F)   66        88      1927
 MINIMUM TEMPERATURE (F)   43        24      1982


SUNRISE AND SUNSET
OCTOBER 22 2020.......SUNRISE   740 AM CDT   SUNSET   633 PM CDT
OCTOBER 23 2020.......SUNRISE   741 AM CDT   SUNSET   632 PM CDT


-  INDICATES NEGATIVE NUMBERS.
R  INDICATES RECORD WAS SET OR TIED.
MM INDICATES DATA IS MISSING.
T  INDICATES TRACE AMOUNT.




$$
