000
CDUS42 KTBW 182115
CLITPA


CLIMATE REPORT
NATIONAL WEATHER SERVICE TAMPA BAY FL
514 PM EDT FRI OCT 18 2019


...................................

...THE TAMPA CLIMATE SUMMARY FOR OCTOBER 18 2019...
VALID TODAY AS OF 0500 PM LOCAL TIME.

CLIMATE NORMAL PERIOD 1981 TO 2010
CLIMATE RECORD PERIOD 1890 TO 2019


WEATHER ITEM   OBSERVED TIME   RECORD YEAR NORMAL DEPARTURE LAST
                VALUE   (LST)  VALUE       VALUE  FROM      YEAR
                                                  NORMAL
..................................................................
TEMPERATURE (F)
 TODAY
  MAXIMUM         76    201 PM  93    2018  84     -8       93
  MINIMUM         71    753 AM  47    1977  68      3       75
  AVERAGE         74                        76     -2       84

PRECIPITATION (IN)
  TODAY            0.01          2.49 1968   0.07  -0.06     0.00
  MONTH TO DATE    3.15                      1.55   1.60     1.10
  SINCE SEP 1      4.61                      7.85  -3.24    10.30
  SINCE JAN 1     51.92                     41.57  10.35    51.84

DEGREE DAYS
 HEATING
  TODAY            0                         0      0        0
  MONTH TO DATE    0                         0      0        0
  SINCE SEP 1      0                         0      0        0
  SINCE JUL 1      0                         0      0        0

 COOLING
  TODAY            9                        11     -2       19
  MONTH TO DATE  292                       230     62      328
  SINCE SEP 1    871                       731    140      959
  SINCE JAN 1   3789                      3246    543     3879
..................................................................


WIND (MPH)
  RESULTANT WIND SPEED   4   RESULTANT WIND DIRECTION  NE (60)
  HIGHEST WIND SPEED    10   HIGHEST WIND DIRECTION     E (70)
  HIGHEST GUST SPEED    14   HIGHEST GUST DIRECTION    NE (30)
  AVERAGE WIND SPEED     4.9


SKY COVER
  POSSIBLE SUNSHINE  MM
  AVERAGE SKY COVER 0.8


WEATHER CONDITIONS
 THE FOLLOWING WEATHER WAS RECORDED TODAY.
  LIGHT RAIN


RELATIVE HUMIDITY (PERCENT)
 HIGHEST    69          1200 AM
 LOWEST     57           300 AM

..........................................................


THE TAMPA CLIMATE NORMALS FOR TOMORROW
                         NORMAL    RECORD    YEAR
 MAXIMUM TEMPERATURE (F)   84        89      2018
                                             2017
                                             2007
 MINIMUM TEMPERATURE (F)   67        48      2009


SUNRISE AND SUNSET
OCTOBER 18 2019.......SUNRISE   732 AM EDT   SUNSET   658 PM EDT
OCTOBER 19 2019.......SUNRISE   733 AM EDT   SUNSET   657 PM EDT


-  INDICATES NEGATIVE NUMBERS.
R  INDICATES RECORD WAS SET OR TIED.
MM INDICATES DATA IS MISSING.
T  INDICATES TRACE AMOUNT.




$$


&&
------------------------------------------------------------------
******************** SUPPLEMENTAL DATA ***************************

...RUSKIN                HIGH 79    LOW 70    PCPN 0.00
...SARASOTA/BRADENTON    HIGH 82    LOW 73    PCPN TRACE
...LAKELAND*             HIGH MM    LOW MM    PCPN MM
...ST. PETERSBURG        HIGH 78    LOW 75    PCPN TRACE
...GULF WATER TEMPERATURE AT CLEARWATER BEACH 82 DEGREES

*LAKELAND DATA IS FROM 4:30 PM THURSDAY TO 4:30 PM FRIDAY
AND MAY REFLECT YESTERDAYS RAINFALL AND HIGH TEMPERATURE.
