000
CDUS42 KTBW 082115
CLITPA

CLIMATE REPORT
NATIONAL WEATHER SERVICE TAMPA BAY FL
515 PM EDT SAT MAY 08 2021

...................................

...THE TAMPA CLIMATE SUMMARY FOR MAY 8 2021...
VALID TODAY AS OF 0500 PM LOCAL TIME.

CLIMATE NORMAL PERIOD: 1991 TO 2020
CLIMATE RECORD PERIOD: 1890 TO 2021


WEATHER ITEM   OBSERVED TIME   RECORD YEAR NORMAL DEPARTURE LAST
                VALUE   (LST)  VALUE       VALUE  FROM      YEAR
                                                  NORMAL
...................................................................
TEMPERATURE (F)
 TODAY
  MAXIMUM         88  12:56 PM  93    1975  87      1       82
                                      1995
  MINIMUM         67   6:35 AM  49    1992  69     -2       58
  AVERAGE         78                        78      0       70

PRECIPITATION (IN)
  TODAY            0.00         11.45 1979   0.07  -0.07     0.00
  MONTH TO DATE    0.16                      0.58  -0.42     0.00
  SINCE MAR 1      4.58                      5.65  -1.07     6.73
  SINCE JAN 1      9.14                     10.92  -1.78     9.64

DEGREE DAYS
 HEATING
  TODAY            0                         0      0        0
  MONTH TO DATE    0                         0      0        0
  SINCE MAR 1     22                        51    -29       12
  SINCE JUL 1    361                       433    -72      253

 COOLING
  TODAY           13                        13      0        5
  MONTH TO DATE  137                       100     37       74
  SINCE MAR 1    622                       528     94      698
  SINCE JAN 1    793                       670    123      940
...................................................................


WIND (MPH)
  RESULTANT WIND SPEED   4   RESULTANT WIND DIRECTION  NE (30)
  HIGHEST WIND SPEED    16   HIGHEST WIND DIRECTION     E (70)
  HIGHEST GUST SPEED    24   HIGHEST GUST DIRECTION     W (270)
  AVERAGE WIND SPEED     8.2


SKY COVER
  POSSIBLE SUNSHINE  MM
  AVERAGE SKY COVER 0.1


WEATHER CONDITIONS
THE FOLLOWING WEATHER WAS RECORDED TODAY.
  NO SIGNIFICANT WEATHER WAS OBSERVED.


RELATIVE HUMIDITY (PERCENT)
 HIGHEST    68           1:00 AM
 LOWEST     27          11:00 AM

..........................................................


THE TAMPA CLIMATE NORMALS FOR TOMORROW
                         NORMAL    RECORD    YEAR
 MAXIMUM TEMPERATURE (F)   88        94      1949
                                             1975
 MINIMUM TEMPERATURE (F)   69        52      1928


SUNRISE AND SUNSET
MAY  8 2021...........SUNRISE   6:45 AM EDT   SUNSET   8:09 PM EDT
MAY  9 2021...........SUNRISE   6:44 AM EDT   SUNSET   8:09 PM EDT


-  INDICATES NEGATIVE NUMBERS.
R  INDICATES RECORD WAS SET OR TIED.
MM INDICATES DATA IS MISSING.
T  INDICATES TRACE AMOUNT.

&&
------------------------------------------------------------------
******************** SUPPLEMENTAL DATA ***************************

...RUSKIN                HIGH 90    LOW 62    PCPN 0.00
...SARASOTA/BRADENTON    HIGH 89    LOW 64    PCPN 0.00
...LAKELAND*             HIGH 85    LOW 62    PCPN 0.00
...ST. PETERSBURG        HIGH 87    LOW 70    PCPN 0.00
...GULF WATER TEMPERATURE AT CLEARWATER BEACH 84 DEGREES

*LAKELAND DATA IS FROM 4:30 PM FRIDAY TO 4:30 PM SATURDAY
AND MAY REFLECT YESTERDAYS RAINFALL AND HIGH TEMPERATURE.

$$
