000
CDUS42 KTBW 092125
CLITPA


CLIMATE REPORT
NATIONAL WEATHER SERVICE TAMPA BAY FL
515 PM EDT SUN AUG 9 2020


...................................

...THE TAMPA CLIMATE SUMMARY FOR AUGUST 9 2020...
VALID TODAY AS OF 0500 PM LOCAL TIME.

CLIMATE NORMAL PERIOD 1981 TO 2010
CLIMATE RECORD PERIOD 1890 TO 2020


WEATHER ITEM   OBSERVED TIME   RECORD YEAR NORMAL DEPARTURE LAST
                VALUE   (LST)  VALUE       VALUE  FROM      YEAR
                                                  NORMAL
..................................................................
TEMPERATURE (F)
 TODAY
  MAXIMUM         93    142 PM  97    1993  90      3       92
  MINIMUM         76    124 AM  68    1950  76      0       82
                                      1904
  AVERAGE         85                        83      2       87

PRECIPITATION (IN)
  TODAY            T             3.34 2003   0.25  -0.25      T
  MONTH TO DATE    1.47                      2.19  -0.72     1.73
  SINCE JUN 1     12.22                     15.94  -3.72    22.17
  SINCE JAN 1     22.61                     28.14  -5.53    38.62

DEGREE DAYS
 HEATING
  TODAY            0                         0      0        0
  MONTH TO DATE    0                         0      0        0
  SINCE JUN 1      0                         0      0        0
  SINCE JUL 1      0                         0      0        0

 COOLING
  TODAY           20                        18      2       22
  MONTH TO DATE  188                       162     26      159
  SINCE JUN 1   1407                      1236    171     1262
  SINCE JAN 1   2709                      2113    596     2479
..................................................................


WIND (MPH)
  RESULTANT WIND SPEED   1   RESULTANT WIND DIRECTION  SW (210)
  HIGHEST WIND SPEED    21   HIGHEST WIND DIRECTION     N (350)
  HIGHEST GUST SPEED    24   HIGHEST GUST DIRECTION     N (20)
  AVERAGE WIND SPEED     3.5


SKY COVER
  POSSIBLE SUNSHINE  MM
  AVERAGE SKY COVER 0.4


WEATHER CONDITIONS
 THE FOLLOWING WEATHER WAS RECORDED TODAY.
  THUNDERSTORM
  LIGHT RAIN


RELATIVE HUMIDITY (PERCENT)
 HIGHEST    82           400 AM
 LOWEST     52          1200 PM

..........................................................


THE TAMPA CLIMATE NORMALS FOR TOMORROW
                         NORMAL    RECORD    YEAR
 MAXIMUM TEMPERATURE (F)   90        97      1951
 MINIMUM TEMPERATURE (F)   76        68      1913


SUNRISE AND SUNSET
AUGUST  9 2020........SUNRISE   657 AM EDT   SUNSET   813 PM EDT
AUGUST 10 2020........SUNRISE   658 AM EDT   SUNSET   812 PM EDT


-  INDICATES NEGATIVE NUMBERS.
R  INDICATES RECORD WAS SET OR TIED.
MM INDICATES DATA IS MISSING.
T  INDICATES TRACE AMOUNT.




$$
