000
CDUS42 KTBW 232129
CLITPA


CLIMATE REPORT
NATIONAL WEATHER SERVICE TAMPA BAY FL
525 PM EDT WED MAY 23 2018


...................................

...THE TAMPA CLIMATE SUMMARY FOR MAY 23 2018...
VALID TODAY AS OF 0500 PM LOCAL TIME.

CLIMATE NORMAL PERIOD 1981 TO 2010
CLIMATE RECORD PERIOD 1890 TO 2018


WEATHER ITEM   OBSERVED TIME   RECORD YEAR NORMAL DEPARTURE LAST
                VALUE   (LST)  VALUE       VALUE  FROM      YEAR
                                                  NORMAL
..................................................................
TEMPERATURE (F)
 TODAY
  MAXIMUM         89    342 PM  95    1975  89      0       88
  MINIMUM         72    528 AM  58    1892  71      1       79
  AVERAGE         81                        80      1       84

PRECIPITATION (IN)
  TODAY            0.00          3.12 1924   0.08  -0.08     0.00
  MONTH TO DATE    5.05                      1.35   3.70     1.32
  SINCE MAR 1      7.56                      6.41   1.15     2.90
  SINCE JAN 1     15.27                     11.45   3.82     5.86

DEGREE DAYS
 HEATING
  TODAY            0                         0      0        0
  MONTH TO DATE    0                         0      0        0
  SINCE MAR 1     67                        67      0       28
  SINCE JUL 1    338                       538   -200      164

 COOLING
  TODAY           16                        15      1       19
  MONTH TO DATE  318                       293     25      372
  SINCE MAR 1    722                       640     82      931
  SINCE JAN 1   1039                       753    286     1184
..................................................................


WIND (MPH)
  RESULTANT WIND SPEED   3   RESULTANT WIND DIRECTION   S (170)
  HIGHEST WIND SPEED    12   HIGHEST WIND DIRECTION    SW (230)
  HIGHEST GUST SPEED    15   HIGHEST GUST DIRECTION     W (250)
  AVERAGE WIND SPEED     6.1


SKY COVER
  POSSIBLE SUNSHINE  MM
  AVERAGE SKY COVER 0.4


WEATHER CONDITIONS
 THE FOLLOWING WEATHER WAS RECORDED TODAY.
  NO SIGNIFICANT WEATHER WAS OBSERVED.


RELATIVE HUMIDITY (PERCENT)
 HIGHEST    87          1200 AM
 LOWEST     50           300 PM

..........................................................


THE TAMPA CLIMATE NORMALS FOR TOMORROW
                         NORMAL    RECORD    YEAR
 MAXIMUM TEMPERATURE (F)   89        96      2012
 MINIMUM TEMPERATURE (F)   72        60      1892


SUNRISE AND SUNSET
MAY 23 2018...........SUNRISE   637 AM EDT   SUNSET   817 PM EDT
MAY 24 2018...........SUNRISE   636 AM EDT   SUNSET   818 PM EDT


-  INDICATES NEGATIVE NUMBERS.
R  INDICATES RECORD WAS SET OR TIED.
MM INDICATES DATA IS MISSING.
T  INDICATES TRACE AMOUNT.




$$


&&
------------------------------------------------------------------
******************** SUPPLEMENTAL DATA ***************************

...RUSKIN                HIGH 90    LOW 70    PCPN TRACE
...SARASOTA/BRADENTON    HIGH 88    LOW 70    PCPN 0.00
...LAKELAND*             HIGH 88    LOW 69    PCPN 0.00
...ST. PETERSBURG        HIGH 90    LOW 71    PCPN 0.00

*LAKELAND DATA IS FROM 4:30 PM TUESDAY TO 4:30 PM WEDNESDAY
AND MAY REFLECT YESTERDAYS RAINFALL AND HIGH TEMPERATURE.
