000
CDUS42 KTBW 170846
CLITPA


CLIMATE REPORT
NATIONAL WEATHER SERVICE TAMPA BAY FL
443 AM EDT WED OCT 17 2018


...................................

...THE TAMPA CLIMATE SUMMARY FOR OCTOBER 16 2018...

CLIMATE NORMAL PERIOD 1981 TO 2010
CLIMATE RECORD PERIOD 1890 TO 2018


WEATHER ITEM   OBSERVED TIME   RECORD YEAR NORMAL DEPARTURE LAST
                VALUE   (LST)  VALUE       VALUE  FROM      YEAR
                                                  NORMAL
..................................................................
TEMPERATURE (F)
 YESTERDAY
  MAXIMUM         93R   352 PM  92    1959  84      9       90
  MINIMUM         78    702 AM  51    1977  68     10       75
  AVERAGE         86                        76     10       83

PRECIPITATION (IN)
  YESTERDAY        T             2.39 1917   0.07  -0.07      T
  MONTH TO DATE    1.10                      1.42  -0.32     1.54
  SINCE SEP 1     10.30                      7.72   2.58     8.20
  SINCE JAN 1     51.84                     41.44  10.40    41.82

DEGREE DAYS
 HEATING
  YESTERDAY        0                         0      0        0
  MONTH TO DATE    0                         0      0        0
  SINCE SEP 1      0                         0      0        0
  SINCE JUL 1      0                         0      0        0

 COOLING
  YESTERDAY       21                        11     10       18
  MONTH TO DATE  289                       208     81      297
  SINCE SEP 1    920                       709    211      855
  SINCE JAN 1   3840                      3224    616     3937
..................................................................


WIND (MPH)
  RESULTANT WIND SPEED   4   RESULTANT WIND DIRECTION   E (110)
  HIGHEST WIND SPEED    12   HIGHEST WIND DIRECTION    NW (330)
  HIGHEST GUST SPEED    16   HIGHEST GUST DIRECTION    SE (140)
  AVERAGE WIND SPEED     5.4


SKY COVER
  POSSIBLE SUNSHINE  MM
  AVERAGE SKY COVER 0.3


WEATHER CONDITIONS
 THE FOLLOWING WEATHER WAS RECORDED YESTERDAY.
  LIGHT RAIN


RELATIVE HUMIDITY (PERCENT)
 HIGHEST    85           200 AM
 LOWEST     44           500 PM
 AVERAGE    65

..........................................................


THE TAMPA CLIMATE NORMALS FOR TODAY
                         NORMAL    RECORD    YEAR
 MAXIMUM TEMPERATURE (F)   84        93      1990
 MINIMUM TEMPERATURE (F)   68        48      1943


SUNRISE AND SUNSET
OCTOBER 17 2018.......SUNRISE   732 AM EDT   SUNSET   659 PM EDT
OCTOBER 18 2018.......SUNRISE   732 AM EDT   SUNSET   658 PM EDT


-  INDICATES NEGATIVE NUMBERS.
R  INDICATES RECORD WAS SET OR TIED.
MM INDICATES DATA IS MISSING.
T  INDICATES TRACE AMOUNT.




$$


&&
------------------------------------------------------------------
******************** SUPPLEMENTAL DATA ***************************

...RUSKIN                HIGH 92    LOW 75    PCPN 0.00
...SARASOTA/BRADENTON    HIGH 91    LOW 75    PCPN 0.00
...ST. PETERSBURG        HIGH 92    LOW 78    PCPN 0.00
...GULF WATER TEMPERATURE AT CLEARWATER BEACH 85 DEGREES
