000
CDUS42 KTBW 150828
CLITPA


CLIMATE REPORT
NATIONAL WEATHER SERVICE TAMPA BAY FL
426 AM EDT WED AUG 15 2018


...................................

...THE TAMPA CLIMATE SUMMARY FOR AUGUST 14 2018...

CLIMATE NORMAL PERIOD 1981 TO 2010
CLIMATE RECORD PERIOD 1890 TO 2018


WEATHER ITEM   OBSERVED TIME   RECORD YEAR NORMAL DEPARTURE LAST
                VALUE   (LST)  VALUE       VALUE  FROM      YEAR
                                                  NORMAL
..................................................................
TEMPERATURE (F)
 YESTERDAY
  MAXIMUM         91    224 PM  97    1961  90      1       93
  MINIMUM         79    623 AM  67    1890  76      3       82
  AVERAGE         85                        83      2       88

PRECIPITATION (IN)
  YESTERDAY        0.01          2.11 2013   0.26  -0.25      T
  MONTH TO DATE    5.33                      3.48   1.85     2.77
  SINCE JUN 1     14.32                     17.23  -2.91    19.66
  SINCE JAN 1     32.27                     29.43   2.84    25.68

DEGREE DAYS
 HEATING
  YESTERDAY        0                         0      0        0
  MONTH TO DATE    0                         0      0        0
  SINCE JUN 1      0                         0      0        0
  SINCE JUL 1      0                         0      0        0

 COOLING
  YESTERDAY       20                        18      2       23
  MONTH TO DATE  265                       252     13      285
  SINCE JUN 1   1430                      1326    104     1422
  SINCE JAN 1   2591                      2203    388     2738
..................................................................


WIND (MPH)
  RESULTANT WIND SPEED   5   RESULTANT WIND DIRECTION   S (170)
  HIGHEST WIND SPEED    16   HIGHEST WIND DIRECTION     S (180)
  HIGHEST GUST SPEED    20   HIGHEST GUST DIRECTION     S (170)
  AVERAGE WIND SPEED     5.8


SKY COVER
  POSSIBLE SUNSHINE  MM
  AVERAGE SKY COVER 0.7


WEATHER CONDITIONS
 THE FOLLOWING WEATHER WAS RECORDED YESTERDAY.
  LIGHT RAIN


RELATIVE HUMIDITY (PERCENT)
 HIGHEST    85           500 AM
 LOWEST     55           500 PM
 AVERAGE    70

..........................................................


THE TAMPA CLIMATE NORMALS FOR TODAY
                         NORMAL    RECORD    YEAR
 MAXIMUM TEMPERATURE (F)   90        97      1995
                                             1918
 MINIMUM TEMPERATURE (F)   76        70      1976
                                             1939


SUNRISE AND SUNSET
AUGUST 15 2018........SUNRISE   700 AM EDT   SUNSET   808 PM EDT
AUGUST 16 2018........SUNRISE   701 AM EDT   SUNSET   808 PM EDT


-  INDICATES NEGATIVE NUMBERS.
R  INDICATES RECORD WAS SET OR TIED.
MM INDICATES DATA IS MISSING.
T  INDICATES TRACE AMOUNT.




$$


&&
------------------------------------------------------------------
******************** SUPPLEMENTAL DATA ***************************

...RUSKIN                HIGH 89    LOW 73    PCPN 2.06
...SARASOTA/BRADENTON    HIGH 89    LOW 74    PCPN TRACE
...ST. PETERSBURG        HIGH 88    LOW 79    PCPN 0.01
...GULF WATER TEMPERATURE AT CLEARWATER BEACH 87 DEGREES
