000
CDUS42 KTBW 220932
CLITPA


CLIMATE REPORT
NATIONAL WEATHER SERVICE TAMPA BAY FL
429 AM EST THU FEB 22 2018


...................................

...THE TAMPA CLIMATE SUMMARY FOR FEBRUARY 21 2018...

CLIMATE NORMAL PERIOD 1981 TO 2010
CLIMATE RECORD PERIOD 1890 TO 2018


WEATHER ITEM   OBSERVED TIME   RECORD YEAR NORMAL DEPARTURE LAST
                VALUE   (LST)  VALUE       VALUE  FROM      YEAR
                                                  NORMAL
..................................................................
TEMPERATURE (F)
 YESTERDAY
  MAXIMUM         88R   350 PM  87    1961  73     15       80
  MINIMUM         72    708 AM  31    1958  55     17       66
  AVERAGE         80                        64     16       73

PRECIPITATION (IN)
  YESTERDAY        0.00          2.06 1903   0.10  -0.10     0.00
  MONTH TO DATE    2.61                      2.15   0.46     0.88
  SINCE DEC 1      8.46                      6.85   1.61     2.21
  SINCE JAN 1      7.61                      4.38   3.23     1.78

DEGREE DAYS
 HEATING
  YESTERDAY        0                         3     -3        0
  MONTH TO DATE    1                        86    -85       13
  SINCE DEC 1    263                       407   -144      121
  SINCE JUL 1    271                       451   -180      136

 COOLING
  YESTERDAY       15                         2     13        8
  MONTH TO DATE  186                        42    144       75
  SINCE DEC 1    375                       172    203      394
  SINCE JAN 1    237                        92    145      202
..................................................................


WIND (MPH)
  RESULTANT WIND SPEED   7   RESULTANT WIND DIRECTION   E (110)
  HIGHEST WIND SPEED    15   HIGHEST WIND DIRECTION    SE (120)
  HIGHEST GUST SPEED    20   HIGHEST GUST DIRECTION     E (110)
  AVERAGE WIND SPEED     8.0


SKY COVER
  POSSIBLE SUNSHINE  MM
  AVERAGE SKY COVER 0.4


WEATHER CONDITIONS
 THE FOLLOWING WEATHER WAS RECORDED YESTERDAY.
  NO SIGNIFICANT WEATHER WAS OBSERVED.


RELATIVE HUMIDITY (PERCENT)
 HIGHEST    87           100 AM
 LOWEST     40           400 PM
 AVERAGE    64

..........................................................


THE TAMPA CLIMATE NORMALS FOR TODAY
                         NORMAL    RECORD    YEAR
 MAXIMUM TEMPERATURE (F)   73        85      1975
                                             1949
 MINIMUM TEMPERATURE (F)   55        32      1977


SUNRISE AND SUNSET
FEBRUARY 22 2018......SUNRISE   701 AM EST   SUNSET   626 PM EST
FEBRUARY 23 2018......SUNRISE   701 AM EST   SUNSET   627 PM EST


-  INDICATES NEGATIVE NUMBERS.
R  INDICATES RECORD WAS SET OR TIED.
MM INDICATES DATA IS MISSING.
T  INDICATES TRACE AMOUNT.




$$


&&
------------------------------------------------------------------
******************** SUPPLEMENTAL DATA ***************************

...RUSKIN                HIGH 87    LOW 69    PCPN 0.00
...SARASOTA/BRADENTON    HIGH 88    LOW 69    PCPN 0.00
...ST. PETERSBURG        HIGH 83    LOW 72    PCPN 0.00
...GULF WATER TEMPERATURE AT CLEARWATER BEACH 73 DEGREES
