000
CDUS42 KTBW 160930
CLITPA


CLIMATE REPORT
NATIONAL WEATHER SERVICE TAMPA BAY FL
426 AM EST WED JAN 16 2019


...................................

...THE TAMPA CLIMATE SUMMARY FOR JANUARY 15 2019...

CLIMATE NORMAL PERIOD 1981 TO 2010
CLIMATE RECORD PERIOD 1890 TO 2019


WEATHER ITEM   OBSERVED TIME   RECORD YEAR NORMAL DEPARTURE LAST
                VALUE   (LST)  VALUE       VALUE  FROM      YEAR
                                                  NORMAL
..................................................................
TEMPERATURE (F)
 YESTERDAY
  MAXIMUM         61    339 PM  82    1989  70     -9       70
                                      1947
  MINIMUM         48   1159 PM  27    1964  51     -3       45
                                      1948
  AVERAGE         55                        60     -5       58

PRECIPITATION (IN)
  YESTERDAY        0.00          1.32 1936   0.06  -0.06     0.00
  MONTH TO DATE    0.89                      1.02  -0.13     1.14
  SINCE DEC 1      9.58                      3.49   6.09     1.99
  SINCE JAN 1      0.89                      1.02  -0.13     1.14

DEGREE DAYS
 HEATING
  YESTERDAY       10                         6      4        7
  MONTH TO DATE   39                        90    -51      136
  SINCE DEC 1    123                       229   -106      192
  SINCE JUL 1    168                       273   -105      200

 COOLING
  YESTERDAY        0                         1     -1        0
  MONTH TO DATE   41                        28     13       22
  SINCE DEC 1    146                       108     38      160
  SINCE JAN 1     41                        28     13       22
..................................................................


WIND (MPH)
  RESULTANT WIND SPEED   7   RESULTANT WIND DIRECTION   N (360)
  HIGHEST WIND SPEED    14   HIGHEST WIND DIRECTION    NW (330)
  HIGHEST GUST SPEED    22   HIGHEST GUST DIRECTION     W (280)
  AVERAGE WIND SPEED     7.7


SKY COVER
  POSSIBLE SUNSHINE  MM
  AVERAGE SKY COVER 0.6


WEATHER CONDITIONS
 THE FOLLOWING WEATHER WAS RECORDED YESTERDAY.
  NO SIGNIFICANT WEATHER WAS OBSERVED.


RELATIVE HUMIDITY (PERCENT)
 HIGHEST    80           900 PM
 LOWEST     49           300 PM
 AVERAGE    65

..........................................................


THE TAMPA CLIMATE NORMALS FOR TODAY
                         NORMAL    RECORD    YEAR
 MAXIMUM TEMPERATURE (F)   70        83      1947
 MINIMUM TEMPERATURE (F)   51        28      1927


SUNRISE AND SUNSET
JANUARY 16 2019.......SUNRISE   723 AM EST   SUNSET   557 PM EST
JANUARY 17 2019.......SUNRISE   722 AM EST   SUNSET   558 PM EST


-  INDICATES NEGATIVE NUMBERS.
R  INDICATES RECORD WAS SET OR TIED.
MM INDICATES DATA IS MISSING.
T  INDICATES TRACE AMOUNT.




$$


&&
------------------------------------------------------------------
******************** SUPPLEMENTAL DATA ***************************

...RUSKIN                HIGH 59    LOW 46    PCPN 0.00
...SARASOTA/BRADENTON    HIGH 62    LOW 49    PCPN 0.00
...ST. PETERSBURG        HIGH 58    LOW 52    PCPN 0.00
...GULF WATER TEMPERATURE AT CLEARWATER BEACH 62 DEGREES
