000
CDUS42 KTBW 220832
CLITPA


CLIMATE REPORT
NATIONAL WEATHER SERVICE TAMPA BAY FL
430 AM EDT TUE MAY 22 2018


...................................

...THE TAMPA CLIMATE SUMMARY FOR MAY 21 2018...

CLIMATE NORMAL PERIOD 1981 TO 2010
CLIMATE RECORD PERIOD 1890 TO 2018


WEATHER ITEM   OBSERVED TIME   RECORD YEAR NORMAL DEPARTURE LAST
                VALUE   (LST)  VALUE       VALUE  FROM      YEAR
                                                  NORMAL
..................................................................
TEMPERATURE (F)
 YESTERDAY
  MAXIMUM         85   1256 PM  95    1975  88     -3       89
  MINIMUM         73   1006 PM  57    1894  71      2       77
  AVERAGE         79                        80     -1       83

PRECIPITATION (IN)
  YESTERDAY        0.47          2.21 1921   0.08   0.39     0.00
  MONTH TO DATE    3.66                      1.19   2.47     1.32
  SINCE MAR 1      6.17                      6.25  -0.08     2.90
  SINCE JAN 1     13.88                     11.29   2.59     5.86

DEGREE DAYS
 HEATING
  YESTERDAY        0                         0      0        0
  MONTH TO DATE    0                         0      0        0
  SINCE MAR 1     67                        67      0       28
  SINCE JUL 1    338                       538   -200      164

 COOLING
  YESTERDAY       14                        15     -1       18
  MONTH TO DATE  287                       263     24      334
  SINCE MAR 1    691                       610     81      893
  SINCE JAN 1   1008                       723    285     1146
..................................................................


WIND (MPH)
  RESULTANT WIND SPEED   5   RESULTANT WIND DIRECTION   E (110)
  HIGHEST WIND SPEED    21   HIGHEST WIND DIRECTION     S (160)
  HIGHEST GUST SPEED    30   HIGHEST GUST DIRECTION    SE (140)
  AVERAGE WIND SPEED     5.1


SKY COVER
  POSSIBLE SUNSHINE  MM
  AVERAGE SKY COVER 0.9


WEATHER CONDITIONS
 THE FOLLOWING WEATHER WAS RECORDED YESTERDAY.
  THUNDERSTORM
  HEAVY RAIN
  LIGHT RAIN
  FOG
  HAZE


RELATIVE HUMIDITY (PERCENT)
 HIGHEST    93           800 PM
 LOWEST     61           100 PM
 AVERAGE    77

..........................................................


THE TAMPA CLIMATE NORMALS FOR TODAY
                         NORMAL    RECORD    YEAR
 MAXIMUM TEMPERATURE (F)   88        95      1975
                                             1965
 MINIMUM TEMPERATURE (F)   71        54      1994


SUNRISE AND SUNSET
MAY 22 2018...........SUNRISE   637 AM EDT   SUNSET   817 PM EDT
MAY 23 2018...........SUNRISE   637 AM EDT   SUNSET   817 PM EDT


-  INDICATES NEGATIVE NUMBERS.
R  INDICATES RECORD WAS SET OR TIED.
MM INDICATES DATA IS MISSING.
T  INDICATES TRACE AMOUNT.




$$


&&
------------------------------------------------------------------
******************** SUPPLEMENTAL DATA ***************************

...RUSKIN                HIGH 84    LOW 70    PCPN 1.10
...SARASOTA/BRADENTON    HIGH 84    LOW 71    PCPN 0.83
...ST. PETERSBURG        HIGH 79    LOW 70    PCPN 2.35
...GULF WATER TEMPERATURE AT CLEARWATER BEACH 80 DEGREES
