000
CDUS45 KLKN 180044
CLITPH


CLIMATE REPORT
NATIONAL WEATHER SERVICE ELKO NV
544 PM PDT FRI AUG 17 2018


...................................

...THE TONOPAH AIRPORT NV CLIMATE SUMMARY FOR AUGUST 17 2018...
VALID TODAY AS OF 0500 PM LOCAL TIME.

CLIMATE NORMAL PERIOD 1981 TO 2010
CLIMATE RECORD PERIOD 1954 TO 2018


WEATHER ITEM   OBSERVED TIME   RECORD YEAR NORMAL DEPARTURE LAST
                VALUE   (LST)  VALUE       VALUE  FROM      YEAR
                                                  NORMAL
..................................................................
TEMPERATURE (F)
 TODAY
  MAXIMUM         92    117 PM  99    2002  90      2       91
                                      1966
  MINIMUM         59    545 AM  42    1976  55      4       58
  AVERAGE         76                        73      3       75

PRECIPITATION (IN)
  TODAY            0.03          1.62 1977   0.02   0.01     0.00
  MONTH TO DATE    0.30                      0.28   0.02     0.19
  SINCE OCT 1      2.80                      4.63  -1.83     3.63
  SINCE JAN 1      2.79                      3.54  -0.75     3.10

DEGREE DAYS
 HEATING
  TODAY            0                         0      0        0
  MONTH TO DATE    0                         0      0        0
  SINCE JUN 1      6                        52    -46       31
  SINCE JUL 1      0                         2     -2        0

 COOLING
  TODAY           11                         8      3       10
  MONTH TO DATE  231                       151     80      197
  SINCE JUN 1    932                       599    333      922
  SINCE JAN 1    966                       626    340      955
..................................................................


WIND (MPH)
  HIGHEST WIND SPEED    23   HIGHEST WIND DIRECTION     S (200)
  HIGHEST GUST SPEED    28   HIGHEST GUST DIRECTION     S (200)



WEATHER CONDITIONS
 THE FOLLOWING WEATHER WAS RECORDED TODAY.
  NO SIGNIFICANT WEATHER WAS OBSERVED.


RELATIVE HUMIDITY (PERCENT)
 HIGHEST    78           100 AM
 LOWEST     19           200 PM
 AVERAGE    49

..........................................................


THE TONOPAH AIRPORT NV CLIMATE NORMALS FOR TOMORROW
                         NORMAL    RECORD    YEAR
 MAXIMUM TEMPERATURE (F)   90        98      2001
                                             1992
 MINIMUM TEMPERATURE (F)   55        41      1978


SUNRISE AND SUNSET
AUGUST 17 2018........SUNRISE   605 AM PDT   SUNSET   739 PM PDT
AUGUST 18 2018........SUNRISE   606 AM PDT   SUNSET   738 PM PDT


-  INDICATES NEGATIVE NUMBERS.
R  INDICATES RECORD WAS SET OR TIED.
MM INDICATES DATA IS MISSING.
T  INDICATES TRACE AMOUNT.




$$
