559
CDUS45 KLKN 200931
CLITPH


CLIMATE REPORT
NATIONAL WEATHER SERVICE ELKO NV
226 AM PDT SAT OCT 20 2018


...................................

...THE TONOPAH AIRPORT NV CLIMATE SUMMARY FOR OCTOBER 19 2018...

CLIMATE NORMAL PERIOD 1981 TO 2010
CLIMATE RECORD PERIOD 1954 TO 2018


WEATHER ITEM   OBSERVED TIME   RECORD YEAR NORMAL DEPARTURE LAST
                VALUE   (LST)  VALUE       VALUE  FROM      YEAR
                                                  NORMAL
..................................................................
TEMPERATURE (F)
 YESTERDAY
  MAXIMUM         70    326 PM  80    1958  67      3       76
  MINIMUM         37    605 AM  23    1971  36      1       39
  AVERAGE         54                        52      2       58

PRECIPITATION (IN)
  YESTERDAY        0.00          0.68 1972   0.01  -0.01     0.00
  MONTH TO DATE    0.61                      0.20   0.41     0.00
  SINCE OCT 1      0.61                      0.20   0.41     0.00
  SINCE JAN 1      3.43                      4.35  -0.92     3.51

DEGREE DAYS
 HEATING
  YESTERDAY       11                        13     -2        7
  MONTH TO DATE  229                       189     40      240
  SINCE SEP 1    242                       274    -32      372
  SINCE JUL 1    242                       280    -38      372

 COOLING
  YESTERDAY        0                         0      0        0
  MONTH TO DATE    0                         0      0        0
  SINCE SEP 1     88                        68     20      117
  SINCE JAN 1   1171                       781    390     1222
..................................................................


WIND (MPH)
  HIGHEST WIND SPEED    20   HIGHEST WIND DIRECTION     N (20)
  HIGHEST GUST SPEED    22   HIGHEST GUST DIRECTION     N (20)
  AVERAGE WIND SPEED     9.0



WEATHER CONDITIONS
 THE FOLLOWING WEATHER WAS RECORDED YESTERDAY.
  NO SIGNIFICANT WEATHER WAS OBSERVED.


RELATIVE HUMIDITY (PERCENT)
 HIGHEST    48           600 AM
 LOWEST     14           200 PM
 AVERAGE    31

..........................................................


THE TONOPAH AIRPORT NV CLIMATE NORMALS FOR TODAY
                         NORMAL    RECORD    YEAR
 MAXIMUM TEMPERATURE (F)   67        80      2003
 MINIMUM TEMPERATURE (F)   36        19      1996


SUNRISE AND SUNSET
OCTOBER 20 2018.......SUNRISE   702 AM PDT   SUNSET   604 PM PDT
OCTOBER 21 2018.......SUNRISE   703 AM PDT   SUNSET   602 PM PDT


-  INDICATES NEGATIVE NUMBERS.
R  INDICATES RECORD WAS SET OR TIED.
MM INDICATES DATA IS MISSING.
T  INDICATES TRACE AMOUNT.




$$
