000
CDUS45 KLKN 220931
CLITPH


CLIMATE REPORT
NATIONAL WEATHER SERVICE ELKO NV
227 AM PDT TUE MAY 22 2018


...................................

...THE TONOPAH AIRPORT NV CLIMATE SUMMARY FOR MAY 21 2018...

CLIMATE NORMAL PERIOD 1981 TO 2010
CLIMATE RECORD PERIOD 1954 TO 2018


WEATHER ITEM   OBSERVED TIME   RECORD YEAR NORMAL DEPARTURE LAST
                VALUE   (LST)  VALUE       VALUE  FROM      YEAR
                                                  NORMAL
..................................................................
TEMPERATURE (F)
 YESTERDAY
  MAXIMUM         62    221 PM  90    2012  76    -14       82
  MINIMUM         46   1159 PM  27    1972  45      1       48
  AVERAGE         54                        60     -6       65

PRECIPITATION (IN)
  YESTERDAY        0.14          0.18 1991   0.02   0.12     0.00
  MONTH TO DATE    0.39                      0.34   0.05     0.79
  SINCE OCT 1      1.12                      3.43  -2.31     2.78
  SINCE JAN 1      1.11                      2.34  -1.23     2.25

DEGREE DAYS
 HEATING
  YESTERDAY       11                         6      5        0
  MONTH TO DATE  137                       173    -36      157
  SINCE MAR 1   1197                      1324   -127     1110
  SINCE JUL 1   4777                      5366   -589     4975

 COOLING
  YESTERDAY        0                         1     -1        0
  MONTH TO DATE   20                         8     12        4
  SINCE MAR 1     22                         9     13        4
  SINCE JAN 1     22                         9     13        4
..................................................................


WIND (MPH)
  HIGHEST WIND SPEED    25   HIGHEST WIND DIRECTION    NW (320)
  HIGHEST GUST SPEED    31   HIGHEST GUST DIRECTION    NW (320)
  AVERAGE WIND SPEED    10.7



WEATHER CONDITIONS
 THE FOLLOWING WEATHER WAS RECORDED YESTERDAY.
  THUNDERSTORM
  LIGHT RAIN
  FOG


RELATIVE HUMIDITY (PERCENT)
 HIGHEST    86          1100 PM
 LOWEST     49           200 PM
 AVERAGE    68

..........................................................


THE TONOPAH AIRPORT NV CLIMATE NORMALS FOR TODAY
                         NORMAL    RECORD    YEAR
 MAXIMUM TEMPERATURE (F)   76        92      2000
                                             1967
 MINIMUM TEMPERATURE (F)   45        31      2002
                                             1960


SUNRISE AND SUNSET
MAY 22 2018...........SUNRISE   533 AM PDT   SUNSET   758 PM PDT
MAY 23 2018...........SUNRISE   532 AM PDT   SUNSET   759 PM PDT


-  INDICATES NEGATIVE NUMBERS.
R  INDICATES RECORD WAS SET OR TIED.
MM INDICATES DATA IS MISSING.
T  INDICATES TRACE AMOUNT.




$$
