000
CDUS45 KLKN 230927
CLITPH


CLIMATE REPORT
NATIONAL WEATHER SERVICE ELKO NV
127 AM PST WED JAN 23 2019


...................................

...THE TONOPAH AIRPORT NV CLIMATE SUMMARY FOR JANUARY 22 2019...

CLIMATE NORMAL PERIOD 1981 TO 2010
CLIMATE RECORD PERIOD 1954 TO 2019


WEATHER ITEM   OBSERVED TIME   RECORD YEAR NORMAL DEPARTURE LAST
                VALUE   (LST)  VALUE       VALUE  FROM      YEAR
                                                  NORMAL
..................................................................
TEMPERATURE (F)
 YESTERDAY
  MAXIMUM         38    239 PM  59    2005  45     -7       44
                                      1994
  MINIMUM         20    635 AM  -9    1962  21     -1       18
  AVERAGE         29                        33     -4       31

PRECIPITATION (IN)
  YESTERDAY        0.00          0.19 1967   0.02  -0.02     0.00
  MONTH TO DATE    0.33                      0.34  -0.01     0.45
  SINCE OCT 1      1.13                      1.43  -0.30     0.46
  SINCE JAN 1      0.33                      0.34  -0.01     0.45

DEGREE DAYS
 HEATING
  YESTERDAY       36                        32      4       34
  MONTH TO DATE  672                       723    -51      552
  SINCE DEC 1   1622                      1751   -129     1447
  SINCE JUL 1   2695                      2968   -273     2523

 COOLING
  YESTERDAY        0                         0      0        0
  MONTH TO DATE    0                         0      0        0
  SINCE DEC 1      0                         0      0        0
  SINCE JAN 1      0                         0      0        0
..................................................................


WIND (MPH)
  HIGHEST WIND SPEED    25   HIGHEST WIND DIRECTION    NW (330)
  HIGHEST GUST SPEED    31   HIGHEST GUST DIRECTION    NW (330)
  AVERAGE WIND SPEED    13.8



WEATHER CONDITIONS
 THE FOLLOWING WEATHER WAS RECORDED YESTERDAY.
  NO SIGNIFICANT WEATHER WAS OBSERVED.


RELATIVE HUMIDITY (PERCENT)
 HIGHEST    68           400 AM
 LOWEST     37           300 PM
 AVERAGE    53

..........................................................


THE TONOPAH AIRPORT NV CLIMATE NORMALS FOR TODAY
                         NORMAL    RECORD    YEAR
 MAXIMUM TEMPERATURE (F)   45        60      1970
 MINIMUM TEMPERATURE (F)   21       -15      1962


SUNRISE AND SUNSET
JANUARY 23 2019.......SUNRISE   700 AM PST   SUNSET   501 PM PST
JANUARY 24 2019.......SUNRISE   659 AM PST   SUNSET   502 PM PST


-  INDICATES NEGATIVE NUMBERS.
R  INDICATES RECORD WAS SET OR TIED.
MM INDICATES DATA IS MISSING.
T  INDICATES TRACE AMOUNT.




$$
