000
CDUS45 KLKN 220936
CLITPH


CLIMATE REPORT
NATIONAL WEATHER SERVICE ELKO NV
234 AM PDT THU OCT 22 2020


...................................

...THE TONOPAH AIRPORT NV CLIMATE SUMMARY FOR OCTOBER 21 2020...

CLIMATE NORMAL PERIOD 1981 TO 2010
CLIMATE RECORD PERIOD 1954 TO 2020


WEATHER ITEM   OBSERVED TIME   RECORD YEAR NORMAL DEPARTURE LAST
                VALUE   (LST)  VALUE       VALUE  FROM      YEAR
                                                  NORMAL
..................................................................
TEMPERATURE (F)
 YESTERDAY
  MAXIMUM         77    319 PM  83    2003  66     11       68
  MINIMUM         37    623 AM  18    1996  36      1       45
  AVERAGE         57                        51      6       57

PRECIPITATION (IN)
  YESTERDAY        0.00          0.15 1985   0.01  -0.01     0.00
  MONTH TO DATE    0.00                      0.22  -0.22     0.00
  SINCE OCT 1      0.00                      0.22  -0.22     0.00
  SINCE JAN 1      1.66                      4.37  -2.71     5.50

DEGREE DAYS
 HEATING
  YESTERDAY        8                        14     -6        8
  MONTH TO DATE   70                       217   -147      293
  SINCE SEP 1     85                       302   -217      395
  SINCE JUL 1     85                       308   -223      395

 COOLING
  YESTERDAY        0                         0      0        0
  MONTH TO DATE   11                         0     11        0
  SINCE SEP 1    144                        68     76       92
  SINCE JAN 1   1111                       781    330      854
..................................................................


WIND (MPH)
  HIGHEST WIND SPEED    14   HIGHEST WIND DIRECTION     N (350)
  HIGHEST GUST SPEED    16   HIGHEST GUST DIRECTION    NW (300)
  AVERAGE WIND SPEED     6.2



WEATHER CONDITIONS
 THE FOLLOWING WEATHER WAS RECORDED YESTERDAY.
  NO SIGNIFICANT WEATHER WAS OBSERVED.


RELATIVE HUMIDITY (PERCENT)
 HIGHEST    30           500 AM
 LOWEST      8           200 PM
 AVERAGE    19

..........................................................


THE TONOPAH AIRPORT NV CLIMATE NORMALS FOR TODAY
                         NORMAL    RECORD    YEAR
 MAXIMUM TEMPERATURE (F)   66        83      2003
 MINIMUM TEMPERATURE (F)   35        18      1996


SUNRISE AND SUNSET
OCTOBER 22 2020.......SUNRISE   704 AM PDT   SUNSET   600 PM PDT
OCTOBER 23 2020.......SUNRISE   705 AM PDT   SUNSET   559 PM PDT


-  INDICATES NEGATIVE NUMBERS.
R  INDICATES RECORD WAS SET OR TIED.
MM INDICATES DATA IS MISSING.
T  INDICATES TRACE AMOUNT.




$$
