450
CDUS45 KLKN 230928
CLITPH


CLIMATE REPORT
NATIONAL WEATHER SERVICE ELKO NV
228 AM PDT WED OCT 23 2019


...................................

...THE TONOPAH AIRPORT NV CLIMATE SUMMARY FOR OCTOBER 22 2019...

CLIMATE NORMAL PERIOD 1981 TO 2010
CLIMATE RECORD PERIOD 1954 TO 2019


WEATHER ITEM   OBSERVED TIME   RECORD YEAR NORMAL DEPARTURE LAST
                VALUE   (LST)  VALUE       VALUE  FROM      YEAR
                                                  NORMAL
..................................................................
TEMPERATURE (F)
 YESTERDAY
  MAXIMUM         71    337 PM  83    2003  66      5       68
  MINIMUM         35    631 AM  18    1996  35      0       37
  AVERAGE         53                        50      3       53

PRECIPITATION (IN)
  YESTERDAY        0.00          0.04 2010   0.01  -0.01     0.00
  MONTH TO DATE    0.00                      0.23  -0.23     0.61
  SINCE OCT 1      0.00                      0.23  -0.23     0.61
  SINCE JAN 1      5.50                      4.38   1.12     3.43

DEGREE DAYS
 HEATING
  YESTERDAY       12                        15     -3       12
  MONTH TO DATE  305                       232     73      262
  SINCE SEP 1    407                       317     90      275
  SINCE JUL 1    407                       323     84      275

 COOLING
  YESTERDAY        0                         0      0        0
  MONTH TO DATE    0                         0      0        0
  SINCE SEP 1     92                        68     24       88
  SINCE JAN 1    854                       781     73     1171
..................................................................


WIND (MPH)
  HIGHEST WIND SPEED    21   HIGHEST WIND DIRECTION    NW (320)
  HIGHEST GUST SPEED    27   HIGHEST GUST DIRECTION    NW (320)
  AVERAGE WIND SPEED    10.0



WEATHER CONDITIONS
 THE FOLLOWING WEATHER WAS RECORDED YESTERDAY.
  NO SIGNIFICANT WEATHER WAS OBSERVED.


RELATIVE HUMIDITY (PERCENT)
 HIGHEST    44           300 AM
 LOWEST     15           300 PM
 AVERAGE    30

..........................................................


THE TONOPAH AIRPORT NV CLIMATE NORMALS FOR TODAY
                         NORMAL    RECORD    YEAR
 MAXIMUM TEMPERATURE (F)   65        83      1959
 MINIMUM TEMPERATURE (F)   35        22      1961


SUNRISE AND SUNSET
OCTOBER 23 2019.......SUNRISE   705 AM PDT   SUNSET   600 PM PDT
OCTOBER 24 2019.......SUNRISE   706 AM PDT   SUNSET   559 PM PDT


-  INDICATES NEGATIVE NUMBERS.
R  INDICATES RECORD WAS SET OR TIED.
MM INDICATES DATA IS MISSING.
T  INDICATES TRACE AMOUNT.




$$
