000
CDUS45 KLKN 290936
CLITPH


CLIMATE REPORT
NATIONAL WEATHER SERVICE ELKO NV
235 AM PDT FRI MAY 29 2020


...................................

...THE TONOPAH AIRPORT NV CLIMATE SUMMARY FOR MAY 28 2020...

CLIMATE NORMAL PERIOD 1981 TO 2010
CLIMATE RECORD PERIOD 1954 TO 2020


WEATHER ITEM   OBSERVED TIME   RECORD YEAR NORMAL DEPARTURE LAST
                VALUE   (LST)  VALUE       VALUE  FROM      YEAR
                                                  NORMAL
..................................................................
TEMPERATURE (F)
 YESTERDAY
  MAXIMUM         93    404 PM  96    2003  78     15       65
  MINIMUM         58    454 AM  30    1971  46     12       45
  AVERAGE         76                        62     14       55

PRECIPITATION (IN)
  YESTERDAY        0.00          0.93 1990   0.02  -0.02     0.19
  MONTH TO DATE    0.34                      0.48  -0.14     1.96
  SINCE OCT 1      3.27                      3.57  -0.30     5.10
  SINCE JAN 1      1.39                      2.48  -1.09     4.30

DEGREE DAYS
 HEATING
  YESTERDAY        0                         4     -4       10
  MONTH TO DATE  143                       208    -65      331
  SINCE MAR 1   1278                      1359    -81     1357
  SINCE JUL 1   5141                      5401   -260     5209

 COOLING
  YESTERDAY       11                         2      9        0
  MONTH TO DATE   36                        18     18        0
  SINCE MAR 1     45                        19     26        1
  SINCE JAN 1     45                        19     26        1
..................................................................


WIND (MPH)
  HIGHEST WIND SPEED    18   HIGHEST WIND DIRECTION     S (200)
  HIGHEST GUST SPEED    23   HIGHEST GUST DIRECTION     S (200)
  AVERAGE WIND SPEED     8.9



WEATHER CONDITIONS
 THE FOLLOWING WEATHER WAS RECORDED YESTERDAY.
  NO SIGNIFICANT WEATHER WAS OBSERVED.


RELATIVE HUMIDITY (PERCENT)
 HIGHEST    31           500 AM
 LOWEST      9           600 PM
 AVERAGE    20

..........................................................


THE TONOPAH AIRPORT NV CLIMATE NORMALS FOR TODAY
                         NORMAL    RECORD    YEAR
 MAXIMUM TEMPERATURE (F)   79        94      2003
                                             2000
 MINIMUM TEMPERATURE (F)   47        32      2011


SUNRISE AND SUNSET
MAY 29 2020...........SUNRISE   528 AM PDT   SUNSET   804 PM PDT
MAY 30 2020...........SUNRISE   528 AM PDT   SUNSET   804 PM PDT


-  INDICATES NEGATIVE NUMBERS.
R  INDICATES RECORD WAS SET OR TIED.
MM INDICATES DATA IS MISSING.
T  INDICATES TRACE AMOUNT.




$$
