000
CDUS44 KMRX 192119
CLITRI


CLIMATE REPORT
NATIONAL WEATHER SERVICE MORRISTOWN TN
518 PM EDT THU JUL 19 2018


...................................

...THE TRI-CITIES      ASOS CLIMATE SUMMARY FOR JULY 19 2018...
VALID TODAY AS OF 0500 PM LOCAL TIME.

CLIMATE NORMAL PERIOD 1981 TO 2010
CLIMATE RECORD PERIOD 1937 TO 2018


WEATHER ITEM   OBSERVED TIME   RECORD YEAR NORMAL DEPARTURE LAST
                VALUE   (LST)  VALUE       VALUE  FROM      YEAR
                                                  NORMAL
..................................................................
TEMPERATURE (F)
 TODAY
  MAXIMUM         85    243 PM  95    1977  86     -1       93
  MINIMUM         61    601 AM  54    2009  64     -3       64
  AVERAGE         73                        75     -2       79

PRECIPITATION (IN)
  TODAY            0.00          1.53 2012   0.16  -0.16     0.00
  MONTH TO DATE    1.44                      2.87  -1.43     1.27
  SINCE JUN 1      5.20                      6.77  -1.57     3.33
  SINCE JAN 1     29.16                     24.16   5.00    25.52

SNOWFALL (IN)
  TODAY            0.0                       0.0    0.0      0.0
  MONTH TO DATE    0.0                       0.0    0.0      0.0
  SINCE JUN 1      0.0                       0.0    0.0      0.0
  SINCE JUL 1      0.0                       0.0    0.0      0.0
  SNOW DEPTH       0

DEGREE DAYS
 HEATING
  TODAY            0                         0      0        0
  MONTH TO DATE    0                         0      0        0
  SINCE JUN 1      0                        11    -11        2
  SINCE JUL 1      0                         0      0        0

 COOLING
  TODAY            8                        10     -2       14
  MONTH TO DATE  255                       187     68      224
  SINCE JUN 1    557                       393    164      416
  SINCE JAN 1    739                       466    273      536
..................................................................


WIND (MPH)
  HIGHEST WIND SPEED    13   HIGHEST WIND DIRECTION    SE (140)
  HIGHEST GUST SPEED    20   HIGHEST GUST DIRECTION     S (160)
  AVERAGE WIND SPEED     3.4


SKY COVER
  POSSIBLE SUNSHINE  MM
  AVERAGE SKY COVER 0.4


WEATHER CONDITIONS
 THE FOLLOWING WEATHER WAS RECORDED TODAY.
  NO SIGNIFICANT WEATHER WAS OBSERVED.


RELATIVE HUMIDITY (PERCENT)
 HIGHEST   100           400 AM
 LOWEST     55          1100 AM
 AVERAGE    78

..........................................................


THE TRI-CITIES      ASOS CLIMATE NORMALS FOR TOMORROW
                         NORMAL    RECORD    YEAR
 MAXIMUM TEMPERATURE (F)   86        95      1977
 MINIMUM TEMPERATURE (F)   64        57      2004


SUNRISE AND SUNSET
JULY 19 2018..........SUNRISE   626 AM EDT   SUNSET   845 PM EDT
JULY 20 2018..........SUNRISE   627 AM EDT   SUNSET   845 PM EDT


-  INDICATES NEGATIVE NUMBERS.
R  INDICATES RECORD WAS SET OR TIED.
MM INDICATES DATA IS MISSING.
T  INDICATES TRACE AMOUNT.




$$
