000
CDUS44 KMRX 192132
CLITRI

CLIMATE REPORT
NATIONAL WEATHER SERVICE MORRISTOWN, TN
532 PM EDT MON OCT 19 2020

...................................

...THE TRI-CITIES AIRPORT CLIMATE SUMMARY FOR OCTOBER 19 2020...
VALID TODAY AS OF 0500 PM LOCAL TIME.

CLIMATE NORMAL PERIOD: 1981 TO 2010
CLIMATE RECORD PERIOD: 1937 TO 2020


WEATHER ITEM   OBSERVED TIME   RECORD YEAR NORMAL DEPARTURE LAST
                VALUE   (LST)  VALUE       VALUE  FROM      YEAR
                                                  NORMAL
...................................................................
TEMPERATURE (F)
 TODAY
  MAXIMUM         76   3:29 PM  86    2016  68      8       68
  MINIMUM         44   7:13 AM  24    1948  42      2       37
  AVERAGE         60                        55      5       53

PRECIPITATION (IN)
  TODAY            0.00          1.15 2019   0.06  -0.06     1.15
  MONTH TO DATE    1.79                      1.24   0.55     3.18
  SINCE SEP 1      6.56                      4.23   2.33     3.86
  SINCE JAN 1     49.97                     33.68  16.29    44.79

SNOWFALL (IN)
  TODAY            0.0                       0.0    0.0      0.0
  MONTH TO DATE    0.0                       0.0    0.0      0.0
  SINCE SEP 1      0.0                       0.0    0.0      0.0
  SINCE JUL 1      0.0                       0.0    0.0      0.0
  SNOW DEPTH       0

DEGREE DAYS
 HEATING
  TODAY            5                        10     -5       12
  MONTH TO DATE  127                       141    -14       81
  SINCE SEP 1    180                       193    -13       81
  SINCE JUL 1    180                       194    -14       81

 COOLING
  TODAY            0                         0      0        0
  MONTH TO DATE    7                         9     -2       67
  SINCE SEP 1    167                       125     42      359
  SINCE JAN 1   1210                       977    233     1452
...................................................................


WIND (MPH)
  HIGHEST WIND SPEED     7   HIGHEST WIND DIRECTION    SW (240)
  HIGHEST GUST SPEED     9   HIGHEST GUST DIRECTION    SW (240)
  AVERAGE WIND SPEED     1.5


SKY COVER
  POSSIBLE SUNSHINE  MM
  AVERAGE SKY COVER 0.2


WEATHER CONDITIONS
THE FOLLOWING WEATHER WAS RECORDED TODAY.
  NO SIGNIFICANT WEATHER WAS OBSERVED.


RELATIVE HUMIDITY (PERCENT)
 HIGHEST    93           2:00 AM
 LOWEST     38           1:00 PM
 AVERAGE    66

..........................................................


THE TRI-CITIES AIRPORT CLIMATE NORMALS FOR TOMORROW
                         NORMAL    RECORD    YEAR
 MAXIMUM TEMPERATURE (F)   68        85      2016
 MINIMUM TEMPERATURE (F)   42        26      1972


SUNRISE AND SUNSET
OCTOBER 19 2020.......SUNRISE   7:41 AM EDT   SUNSET   6:47 PM EDT
OCTOBER 20 2020.......SUNRISE   7:42 AM EDT   SUNSET   6:46 PM EDT


-  INDICATES NEGATIVE NUMBERS.
R  INDICATES RECORD WAS SET OR TIED.
MM INDICATES DATA IS MISSING.
T  INDICATES TRACE AMOUNT.




$$
