000
CDUS44 KMRX 260830
CLITRI


CLIMATE REPORT
NATIONAL WEATHER SERVICE MORRISTOWN TN
430 AM EDT SAT MAY 26 2018


...................................

...THE TRI-CITIES      ASOS CLIMATE SUMMARY FOR MAY 25 2018...

CLIMATE NORMAL PERIOD 1981 TO 2010
CLIMATE RECORD PERIOD 1937 TO 2018


WEATHER ITEM   OBSERVED TIME   RECORD YEAR NORMAL DEPARTURE LAST
                VALUE   (LST)  VALUE       VALUE  FROM      YEAR
                                                  NORMAL
..................................................................
TEMPERATURE (F)
 YESTERDAY
  MAXIMUM         86    201 PM  90    1953  78      8       59
  MINIMUM         63    418 AM  40    2013  54      9       51
  AVERAGE         75                        66      9       55

PRECIPITATION (IN)
  YESTERDAY        T             1.69 1943   0.12  -0.12     0.15
  MONTH TO DATE    4.53                      3.04   1.49     6.44
  SINCE MAR 1     11.91                      9.81   2.10    16.17
  SINCE JAN 1     20.64                     16.63   4.01    20.85

SNOWFALL (IN)
  YESTERDAY        0.0                       0.0    0.0      0.0
  MONTH TO DATE    0.0                       0.0    0.0      0.0
  SINCE MAR 1      2.4                       2.5   -0.1      0.3
  SINCE JUL 1      7.1                      13.3   -6.2      4.3
  SNOW DEPTH       0

DEGREE DAYS
 HEATING
  YESTERDAY        0                         2     -2       10
  MONTH TO DATE   17                        99    -82       78
  SINCE MAR 1    994                       971     23      743
  SINCE JUL 1   4048                      4353   -305     3310

 COOLING
  YESTERDAY       10                         3      7        0
  MONTH TO DATE  118                        43     75       66
  SINCE MAR 1    121                        54     67       98
  SINCE JAN 1    130                        54     76       98
..................................................................


WIND (MPH)
  HIGHEST WIND SPEED    14   HIGHEST WIND DIRECTION     S (180)
  HIGHEST GUST SPEED    18   HIGHEST GUST DIRECTION     S (180)
  AVERAGE WIND SPEED     2.4


SKY COVER
  POSSIBLE SUNSHINE  MM
  AVERAGE SKY COVER 0.7


WEATHER CONDITIONS
 THE FOLLOWING WEATHER WAS RECORDED YESTERDAY.
  LIGHT RAIN


RELATIVE HUMIDITY (PERCENT)
 HIGHEST   100           600 AM
 LOWEST     58           200 PM
 AVERAGE    79

..........................................................


THE TRI-CITIES      ASOS CLIMATE NORMALS FOR TODAY
                         NORMAL    RECORD    YEAR
 MAXIMUM TEMPERATURE (F)   78        91      2012
 MINIMUM TEMPERATURE (F)   54        39      1988


SUNRISE AND SUNSET
MAY 26 2018...........SUNRISE   615 AM EDT   SUNSET   838 PM EDT
MAY 27 2018...........SUNRISE   615 AM EDT   SUNSET   839 PM EDT


-  INDICATES NEGATIVE NUMBERS.
R  INDICATES RECORD WAS SET OR TIED.
MM INDICATES DATA IS MISSING.
T  INDICATES TRACE AMOUNT.




$$
