000
CDUS44 KMRX 200808
CLITRI


CLIMATE REPORT
NATIONAL WEATHER SERVICE MORRISTOWN TN
408 AM EDT SUN OCT 20 2019


...................................

...THE TRI-CITIES      ASOS CLIMATE SUMMARY FOR OCTOBER 19 2019...

CLIMATE NORMAL PERIOD 1981 TO 2010
CLIMATE RECORD PERIOD 1937 TO 2019


WEATHER ITEM   OBSERVED TIME   RECORD YEAR NORMAL DEPARTURE LAST
                VALUE   (LST)  VALUE       VALUE  FROM      YEAR
                                                  NORMAL
..................................................................
TEMPERATURE (F)
 YESTERDAY
  MAXIMUM         68    246 PM  86    2016  68      0       70
  MINIMUM         37    542 AM  24    1948  42     -5       37
  AVERAGE         53                        55     -2       54

PRECIPITATION (IN)
  YESTERDAY        1.15R         0.91 2004   0.06   1.09      T
  MONTH TO DATE    3.18                      1.24   1.94     1.52
  SINCE SEP 1      3.86                      4.23  -0.37     6.07
  SINCE JAN 1     44.79                     33.68  11.11    41.64

SNOWFALL (IN)
  YESTERDAY        0.0                       0.0    0.0      0.0
  MONTH TO DATE    0.0                       0.0    0.0      0.0
  SINCE SEP 1      0.0                       0.0    0.0      0.0
  SINCE JUL 1      0.0                       0.0    0.0      0.0
  SNOW DEPTH       0

DEGREE DAYS
 HEATING
  YESTERDAY       12                        10      2       11
  MONTH TO DATE   81                       141    -60       65
  SINCE SEP 1     81                       193   -112       65
  SINCE JUL 1     81                       194   -113       65

 COOLING
  YESTERDAY        0                         0      0        0
  MONTH TO DATE   67                         9     58       94
  SINCE SEP 1    359                       125    234      410
  SINCE JAN 1   1452                       977    475     1583
..................................................................


WIND (MPH)
  HIGHEST WIND SPEED    12   HIGHEST WIND DIRECTION    SE (130)
  HIGHEST GUST SPEED    16   HIGHEST GUST DIRECTION    SE (120)
  AVERAGE WIND SPEED     2.5


SKY COVER
  POSSIBLE SUNSHINE  MM
  AVERAGE SKY COVER 0.8


WEATHER CONDITIONS
 THE FOLLOWING WEATHER WAS RECORDED YESTERDAY.
  HEAVY RAIN
  RAIN
  LIGHT RAIN
  FOG


RELATIVE HUMIDITY (PERCENT)
 HIGHEST   100           900 PM
 LOWEST     42           100 PM
 AVERAGE    71

..........................................................


THE TRI-CITIES      ASOS CLIMATE NORMALS FOR TODAY
                         NORMAL    RECORD    YEAR
 MAXIMUM TEMPERATURE (F)   68        85      2016
 MINIMUM TEMPERATURE (F)   42        26      1972


SUNRISE AND SUNSET
OCTOBER 20 2019.......SUNRISE   741 AM EDT   SUNSET   647 PM EDT
OCTOBER 21 2019.......SUNRISE   742 AM EDT   SUNSET   646 PM EDT


-  INDICATES NEGATIVE NUMBERS.
R  INDICATES RECORD WAS SET OR TIED.
MM INDICATES DATA IS MISSING.
T  INDICATES TRACE AMOUNT.




$$
