000
CDUS46 KSGX 160024
CLITRM


CLIMATE REPORT
NATIONAL WEATHER SERVICE SAN DIEGO, CA
424 PM PST SAT DEC 15 2018


...................................

...THE THERMAL AIRPORT CA CLIMATE SUMMARY FOR DECEMBER 15 2018...
VALID TODAY AS OF 0400 PM LOCAL TIME.

CLIMATE NORMAL PERIOD 1981 TO 2010
CLIMATE RECORD PERIOD 1950 TO 2018


WEATHER ITEM   OBSERVED TIME   RECORD YEAR NORMAL DEPARTURE LAST
                VALUE   (LST)  VALUE       VALUE  FROM      YEAR
                                                  NORMAL
..................................................................
TEMPERATURE (F)
 TODAY
  MAXIMUM         75    301 PM  86    1980  70      5       78
  MINIMUM         41    701 AM  23    1972  36      5       41
  AVERAGE         58                        52      6       60

PRECIPITATION (IN)
  TODAY            0.00          0.20 2008   0.01  -0.01     0.00
  MONTH TO DATE    0.42                      0.15   0.27     0.00
  SINCE OCT 1      1.24                      0.61   0.63     0.00
  SINCE JAN 1      1.79                      3.00  -1.21     3.36

DEGREE DAYS
 HEATING
  TODAY            7                        13     -6        5
  MONTH TO DATE  119                       173    -54       67
  SINCE DEC 1    119                       173    -54       67
  SINCE JUL 1    206                       340   -134       84

 COOLING
  TODAY            0                         0      0        0
  MONTH TO DATE    0                         0      0        0
  SINCE DEC 1      0                         0      0        0
  SINCE JAN 1   4849                      3686   1163     4466
..................................................................


WIND (MPH)
  RESULTANT WIND SPEED   2   RESULTANT WIND DIRECTION  NW (310)
  HIGHEST WIND SPEED     8   HIGHEST WIND DIRECTION    NW (330)
  HIGHEST GUST SPEED     9   HIGHEST GUST DIRECTION     W (280)
  AVERAGE WIND SPEED     2.7


SKY COVER
  POSSIBLE SUNSHINE  MM
  AVERAGE SKY COVER 0.0


WEATHER CONDITIONS
 THE FOLLOWING WEATHER WAS RECORDED TODAY.
  NO SIGNIFICANT WEATHER WAS OBSERVED.


RELATIVE HUMIDITY (PERCENT)
 HIGHEST    71           100 AM
 LOWEST     13           100 PM
 AVERAGE    42

..........................................................


THE THERMAL AIRPORT CA CLIMATE NORMALS FOR TOMORROW
                         NORMAL    RECORD    YEAR
 MAXIMUM TEMPERATURE (F)   70        88      1980
 MINIMUM TEMPERATURE (F)   36        24      1975


SUNRISE AND SUNSET
DECEMBER 15 2018......SUNRISE   642 AM PST   SUNSET   438 PM PST
DECEMBER 16 2018......SUNRISE   642 AM PST   SUNSET   438 PM PST


-  INDICATES NEGATIVE NUMBERS.
R  INDICATES RECORD WAS SET OR TIED.
MM INDICATES DATA IS MISSING.
T  INDICATES TRACE AMOUNT.




$$
