000
CDUS46 KSGX 060022
CLITRM


CLIMATE REPORT
NATIONAL WEATHER SERVICE SAN DIEGO, CA
522 PM PDT FRI JUN 5 2020


...................................

...THE THERMAL AIRPORT CA CLIMATE SUMMARY FOR JUNE 5 2020...
VALID TODAY AS OF 0500 PM LOCAL TIME.

CLIMATE NORMAL PERIOD 1981 TO 2010
CLIMATE RECORD PERIOD 1950 TO 2020


WEATHER ITEM   OBSERVED TIME   RECORD YEAR NORMAL DEPARTURE LAST
                VALUE   (LST)  VALUE       VALUE  FROM      YEAR
                                                  NORMAL
..................................................................
TEMPERATURE (F)
 TODAY
  MAXIMUM         96    252 PM 114    2016 101     -5      103
                                      1957
  MINIMUM         78    603 AM  50    2011  65     13       63
  AVERAGE         87                        83      4       83

PRECIPITATION (IN)
  TODAY            0.00          0.00 2002   0.01  -0.01     0.00
                                      2000
  MONTH TO DATE    0.00                      0.01  -0.01     0.00
  SINCE OCT 1      5.19                      2.62   2.57     3.28
  SINCE JAN 1      3.19                      1.81   1.38     2.04

DEGREE DAYS
 HEATING
  TODAY            0                         0      0        0
  MONTH TO DATE    0                         0      0        0
  SINCE JUN 1      0                         0      0        0
  SINCE JUL 1   1074                      1181   -107      931

 COOLING
  TODAY           22                        18      4       18
  MONTH TO DATE  125                        87     38       94
  SINCE JUN 1    125                        87     38       94
  SINCE JAN 1   1013                       760    253     1003
..................................................................


WIND (MPH)
  RESULTANT WIND SPEED  15   RESULTANT WIND DIRECTION  NW (330)
  HIGHEST WIND SPEED    26   HIGHEST WIND DIRECTION    NW (330)
  HIGHEST GUST SPEED    33   HIGHEST GUST DIRECTION     N (340)
  AVERAGE WIND SPEED    15.3


SKY COVER
  POSSIBLE SUNSHINE  MM
  AVERAGE SKY COVER 0.0


WEATHER CONDITIONS
 THE FOLLOWING WEATHER WAS RECORDED TODAY.
  HAZE


RELATIVE HUMIDITY (PERCENT)
 HIGHEST    48           600 AM
 LOWEST     20           300 PM
 AVERAGE    34

..........................................................


THE THERMAL AIRPORT CA CLIMATE NORMALS FOR TOMORROW
                         NORMAL    RECORD    YEAR
 MAXIMUM TEMPERATURE (F)  101       114      1973
 MINIMUM TEMPERATURE (F)   65        51      1999


SUNRISE AND SUNSET
JUNE  5 2020..........SUNRISE   534 AM PDT   SUNSET   752 PM PDT
JUNE  6 2020..........SUNRISE   534 AM PDT   SUNSET   753 PM PDT


-  INDICATES NEGATIVE NUMBERS.
R  INDICATES RECORD WAS SET OR TIED.
MM INDICATES DATA IS MISSING.
T  INDICATES TRACE AMOUNT.




$$
