768
CDUS46 KSGX 251123
CLITRM


CLIMATE REPORT
NATIONAL WEATHER SERVICE SAN DIEGO, CA
423 AM PDT TUE SEP 25 2018


...................................

...THE THERMAL AIRPORT CA CLIMATE SUMMARY FOR SEPTEMBER 24 2018...

CLIMATE NORMAL PERIOD 1981 TO 2010
CLIMATE RECORD PERIOD 1950 TO 2018


WEATHER ITEM   OBSERVED TIME   RECORD YEAR NORMAL DEPARTURE LAST
                VALUE   (LST)  VALUE       VALUE  FROM      YEAR
                                                  NORMAL
..................................................................
TEMPERATURE (F)
 YESTERDAY
  MAXIMUM        105    331 PM 108    2015  99      6       89
                                      1982
  MINIMUM         71    601 AM  50    2006  63      8       57
  AVERAGE         88                        81      7       73

PRECIPITATION (IN)
  YESTERDAY        0.00          0.19 1997   0.00   0.00     0.00
  MONTH TO DATE    0.00                      0.19  -0.19     1.28
  SINCE OCT 1      0.53                      3.15  -2.62     5.04
  SINCE JAN 1      0.53                      2.34  -1.81     3.36

DEGREE DAYS
 HEATING
  YESTERDAY        0                         0      0        0
  MONTH TO DATE    0                         0      0        0
  SINCE SEP 1      0                         0      0        0
  SINCE JUL 1      0                         0      0        0

 COOLING
  YESTERDAY       23                        16      7        8
  MONTH TO DATE  572                       478     94      512
  SINCE SEP 1    572                       478     94      512
  SINCE JAN 1   4321                      3311   1010     3981
..................................................................


WIND (MPH)
  RESULTANT WIND SPEED   2   RESULTANT WIND DIRECTION   N (350)
  HIGHEST WIND SPEED    14   HIGHEST WIND DIRECTION    NW (330)
  HIGHEST GUST SPEED    19   HIGHEST GUST DIRECTION    NW (330)
  AVERAGE WIND SPEED     6.3


SKY COVER
  POSSIBLE SUNSHINE  MM
  AVERAGE SKY COVER 0.0


WEATHER CONDITIONS
 THE FOLLOWING WEATHER WAS RECORDED YESTERDAY.
  HAZE


RELATIVE HUMIDITY (PERCENT)
 HIGHEST    49           600 AM
 LOWEST     11           300 PM
 AVERAGE    30

..........................................................


THE THERMAL AIRPORT CA CLIMATE NORMALS FOR TODAY
                         NORMAL    RECORD    YEAR
 MAXIMUM TEMPERATURE (F)   99       111      1963
 MINIMUM TEMPERATURE (F)   63        48      1993


SUNRISE AND SUNSET
SEPTEMBER 25 2018.....SUNRISE   635 AM PDT   SUNSET   637 PM PDT
SEPTEMBER 26 2018.....SUNRISE   636 AM PDT   SUNSET   636 PM PDT


-  INDICATES NEGATIVE NUMBERS.
R  INDICATES RECORD WAS SET OR TIED.
MM INDICATES DATA IS MISSING.
T  INDICATES TRACE AMOUNT.




$$
