000
CDUS46 KSGX 220124
CLITRM


CLIMATE REPORT
NATIONAL WEATHER SERVICE SAN DIEGO, CA
523 PM PST WED FEB 21 2018


...................................

...THE THERMAL AIRPORT CA CLIMATE SUMMARY FOR FEBRUARY 21 2018...
VALID TODAY AS OF 0500 PM LOCAL TIME.

CLIMATE NORMAL PERIOD 1981 TO 2010
CLIMATE RECORD PERIOD 1950 TO 2018


WEATHER ITEM   OBSERVED TIME   RECORD YEAR NORMAL DEPARTURE LAST
                VALUE   (LST)  VALUE       VALUE  FROM      YEAR
                                                  NORMAL
..................................................................
TEMPERATURE (F)
 TODAY
  MAXIMUM         67    131 PM  89    1977  76     -9       77
  MINIMUM         30    229 AM  28    1955  43    -13       48
  AVERAGE         49                        59    -10       63

PRECIPITATION (IN)
  TODAY            0.00          0.33 2005   0.03  -0.03     0.00
  MONTH TO DATE    0.00                      0.49  -0.49     0.37
  SINCE OCT 1      0.41                      1.97  -1.56     3.36
  SINCE JAN 1      0.41                      1.16  -0.75     1.68

DEGREE DAYS
 HEATING
  TODAY           16                         6     10        2
  MONTH TO DATE   77                       166    -89       63
  SINCE DEC 1    461                       859   -398      691
  SINCE JUL 1    478                      1026   -548      809

 COOLING
  TODAY            0                         1     -1        0
  MONTH TO DATE   20                         1     19       32
  SINCE DEC 1     31                         4     27       34
  SINCE JAN 1     31                         3     28       32
..................................................................


WIND (MPH)
  RESULTANT WIND SPEED   1   RESULTANT WIND DIRECTION   E (90)
  HIGHEST WIND SPEED    10   HIGHEST WIND DIRECTION     S (180)
  HIGHEST GUST SPEED    14   HIGHEST GUST DIRECTION     S (170)
  AVERAGE WIND SPEED     2.5


SKY COVER
  POSSIBLE SUNSHINE  MM
  AVERAGE SKY COVER 0.2


WEATHER CONDITIONS
 THE FOLLOWING WEATHER WAS RECORDED TODAY.
  NO SIGNIFICANT WEATHER WAS OBSERVED.


RELATIVE HUMIDITY (PERCENT)
 HIGHEST    50           600 AM
 LOWEST     13           100 PM
 AVERAGE    32

..........................................................


THE THERMAL AIRPORT CA CLIMATE NORMALS FOR TOMORROW
                         NORMAL    RECORD    YEAR
 MAXIMUM TEMPERATURE (F)   76        92      1954
 MINIMUM TEMPERATURE (F)   43        27      1955


SUNRISE AND SUNSET
FEBRUARY 21 2018......SUNRISE   622 AM PST   SUNSET   535 PM PST
FEBRUARY 22 2018......SUNRISE   621 AM PST   SUNSET   535 PM PST


-  INDICATES NEGATIVE NUMBERS.
R  INDICATES RECORD WAS SET OR TIED.
MM INDICATES DATA IS MISSING.
T  INDICATES TRACE AMOUNT.




$$
