000
CDUS46 KSGX 160926
CLITRM


CLIMATE REPORT
NATIONAL WEATHER SERVICE SAN DIEGO, CA
226 AM PDT WED OCT 16 2019


...................................

...THE THERMAL AIRPORT CA CLIMATE SUMMARY FOR OCTOBER 15 2019...

CLIMATE NORMAL PERIOD 1981 TO 2010
CLIMATE RECORD PERIOD 1950 TO 2019


WEATHER ITEM   OBSERVED TIME   RECORD YEAR NORMAL DEPARTURE LAST
                VALUE   (LST)  VALUE       VALUE  FROM      YEAR
                                                  NORMAL
..................................................................
TEMPERATURE (F)
 YESTERDAY
  MAXIMUM         96    200 PM 107    1958  91      5       81
  MINIMUM         55    501 AM  43    1966  55      0       60
  AVERAGE         76                        73      3       71

PRECIPITATION (IN)
  YESTERDAY        0.00          0.41 2015   0.01  -0.01     0.00
  MONTH TO DATE    0.00                      0.11  -0.11     0.82
  SINCE OCT 1      0.00                      0.11  -0.11     0.82
  SINCE JAN 1      2.99                      2.50   0.49     1.37

DEGREE DAYS
 HEATING
  YESTERDAY        0                         0      0        0
  MONTH TO DATE    0                         0      0        0
  SINCE SEP 1      0                         0      0        0
  SINCE JUL 1      0                         0      0        0

 COOLING
  YESTERDAY       11                         8      3        6
  MONTH TO DATE  122                       162    -40      199
  SINCE SEP 1    760                       727     33      902
  SINCE JAN 1   4107                      3560    547     4651
..................................................................


WIND (MPH)
  RESULTANT WIND SPEED   3   RESULTANT WIND DIRECTION  NW (320)
  HIGHEST WIND SPEED    10   HIGHEST WIND DIRECTION     W (260)
  HIGHEST GUST SPEED    14   HIGHEST GUST DIRECTION     S (200)
  AVERAGE WIND SPEED     4.1


SKY COVER
  POSSIBLE SUNSHINE  MM
  AVERAGE SKY COVER 0.0


WEATHER CONDITIONS
 THE FOLLOWING WEATHER WAS RECORDED YESTERDAY.
  NO SIGNIFICANT WEATHER WAS OBSERVED.


RELATIVE HUMIDITY (PERCENT)
 HIGHEST    55           200 AM
 LOWEST     15           900 AM
 AVERAGE    35

..........................................................


THE THERMAL AIRPORT CA CLIMATE NORMALS FOR TODAY
                         NORMAL    RECORD    YEAR
 MAXIMUM TEMPERATURE (F)   91       107      1958
 MINIMUM TEMPERATURE (F)   55        43      1994


SUNRISE AND SUNSET
OCTOBER 16 2019.......SUNRISE   650 AM PDT   SUNSET   610 PM PDT
OCTOBER 17 2019.......SUNRISE   651 AM PDT   SUNSET   609 PM PDT


-  INDICATES NEGATIVE NUMBERS.
R  INDICATES RECORD WAS SET OR TIED.
MM INDICATES DATA IS MISSING.
T  INDICATES TRACE AMOUNT.




$$
