000
CDUS46 KSGX 201140
CLITRM


CLIMATE REPORT
NATIONAL WEATHER SERVICE SAN DIEGO, CA
440 AM PDT WED JUN 20 2018


...................................

...THE THERMAL AIRPORT CA CLIMATE SUMMARY FOR JUNE 19 2018...

CLIMATE NORMAL PERIOD 1981 TO 2010
CLIMATE RECORD PERIOD 1950 TO 2018


WEATHER ITEM   OBSERVED TIME   RECORD YEAR NORMAL DEPARTURE LAST
                VALUE   (LST)  VALUE       VALUE  FROM      YEAR
                                                  NORMAL
..................................................................
TEMPERATURE (F)
 YESTERDAY
  MAXIMUM        108    305 PM 120    2016 104      4      116
  MINIMUM         75    511 AM  54    1975  68      7       73
  AVERAGE         92                        86      6       95

PRECIPITATION (IN)
  YESTERDAY        0.00          0.00 2002   0.00   0.00     0.00
                                      2000
  MONTH TO DATE    0.00                      0.01  -0.01     0.00
  SINCE OCT 1      0.41                      2.62  -2.21     3.69
  SINCE JAN 1      0.41                      1.81  -1.40     2.01

DEGREE DAYS
 HEATING
  YESTERDAY        0                         0      0        0
  MONTH TO DATE    0                         0      0        0
  SINCE JUN 1      0                         0      0        0
  SINCE JUL 1    611                      1181   -570      904

 COOLING
  YESTERDAY       27                        21      6       30
  MONTH TO DATE  457                       360     97      397
  SINCE JUN 1    457                       360     97      397
  SINCE JAN 1   1525                      1033    492     1371
..................................................................


WIND (MPH)
  RESULTANT WIND SPEED   2   RESULTANT WIND DIRECTION   N (340)
  HIGHEST WIND SPEED    17   HIGHEST WIND DIRECTION    NW (330)
  HIGHEST GUST SPEED    22   HIGHEST GUST DIRECTION    NW (330)
  AVERAGE WIND SPEED     8.1


SKY COVER
  POSSIBLE SUNSHINE  MM
  AVERAGE SKY COVER 0.0


WEATHER CONDITIONS
 THE FOLLOWING WEATHER WAS RECORDED YESTERDAY.
  NO SIGNIFICANT WEATHER WAS OBSERVED.


RELATIVE HUMIDITY (PERCENT)
 HIGHEST    43           300 AM
 LOWEST      8           100 PM
 AVERAGE    26

..........................................................


THE THERMAL AIRPORT CA CLIMATE NORMALS FOR TODAY
                         NORMAL    RECORD    YEAR
 MAXIMUM TEMPERATURE (F)  104       124      2017
 MINIMUM TEMPERATURE (F)   68        56      1975


SUNRISE AND SUNSET
JUNE 20 2018..........SUNRISE   535 AM PDT   SUNSET   758 PM PDT
JUNE 21 2018..........SUNRISE   535 AM PDT   SUNSET   758 PM PDT


-  INDICATES NEGATIVE NUMBERS.
R  INDICATES RECORD WAS SET OR TIED.
MM INDICATES DATA IS MISSING.
T  INDICATES TRACE AMOUNT.




$$
