803
CDUS46 KPQR 111142
CLITTD


CLIMATE REPORT
NATIONAL WEATHER SERVICE PORTLAND OREGON
342 AM PST WED DEC 11 2019


...................................

...THE TROUTDALE OR CLIMATE SUMMARY FOR DECEMBER 10 2019...

CLIMATE NORMAL PERIOD 1981 TO 2010
CLIMATE RECORD PERIOD 1948 TO 2019


WEATHER ITEM   OBSERVED TIME   RECORD YEAR NORMAL DEPARTURE LAST
                VALUE   (LST)  VALUE       VALUE  FROM      YEAR
                                                  NORMAL
..................................................................
TEMPERATURE (F)
 YESTERDAY
  MAXIMUM         45    112 PM  60    2004  45      0       42
  MINIMUM         39    623 AM  12    1972  34      5       36
  AVERAGE         42                        39      3       39

PRECIPITATION (IN)
  YESTERDAY        0.16                      0.23  -0.07     0.02
  MONTH TO DATE    0.92                      2.27  -1.35     0.62
  SINCE OCT 1      4.80                     13.50  -8.70     7.51
  SINCE JAN 1     25.38                     42.07 -16.69    24.92

DEGREE DAYS
 HEATING
  YESTERDAY       23                        26     -3       26
  MONTH TO DATE  215                       247    -32      251

 COOLING
  YESTERDAY        0                         0      0        0
  MONTH TO DATE    0                         0      0        0
..................................................................


WIND (MPH)
  HIGHEST WIND SPEED    20   HIGHEST WIND DIRECTION     E (90)
  HIGHEST GUST SPEED    26   HIGHEST GUST DIRECTION     E (100)
  AVERAGE WIND SPEED    13.3


SKY COVER
  POSSIBLE SUNSHINE  MM
  AVERAGE SKY COVER 0.6


WEATHER CONDITIONS
 THE FOLLOWING WEATHER WAS RECORDED YESTERDAY.
  LIGHT RAIN
  FOG
  HAZE


RELATIVE HUMIDITY (PERCENT)
 HIGHEST    86           900 PM
 LOWEST     65          1000 AM
 AVERAGE    76

..........................................................


THE TROUTDALE OR CLIMATE NORMALS FOR TODAY
                         NORMAL    RECORD    YEAR
 MAXIMUM TEMPERATURE (F)   45        65      2014
 MINIMUM TEMPERATURE (F)   34        12      1972


SUNRISE AND SUNSET
DECEMBER 11 2019......SUNRISE   740 AM PST   SUNSET   426 PM PST
DECEMBER 12 2019......SUNRISE   741 AM PST   SUNSET   426 PM PST


-  INDICATES NEGATIVE NUMBERS.
R  INDICATES RECORD WAS SET OR TIED.
MM INDICATES DATA IS MISSING.
T  INDICATES TRACE AMOUNT.




$$
