000
CDUS46 KPQR 231142
CLITTD


CLIMATE REPORT
NATIONAL WEATHER SERVICE PORTLAND OREGON
441 AM PDT SUN SEP 23 2018


...................................

...THE TROUTDALE OR CLIMATE SUMMARY FOR SEPTEMBER 22 2018...

CLIMATE NORMAL PERIOD 1981 TO 2010
CLIMATE RECORD PERIOD 1948 TO 2018


WEATHER ITEM   OBSERVED TIME   RECORD YEAR NORMAL DEPARTURE LAST
                VALUE   (LST)  VALUE       VALUE  FROM      YEAR
                                                  NORMAL
..................................................................
TEMPERATURE (F)
 YESTERDAY
  MAXIMUM         72    258 PM  94    1987  74     -2       67
  MINIMUM         50   1159 PM  36    1960  48      2       47
  AVERAGE         61                        61      0       57

PRECIPITATION (IN)
  YESTERDAY        0.08                      0.07   0.01     0.00
  MONTH TO DATE    0.88                      1.20  -0.32     2.26
  SINCE OCT 1     31.75                     46.32 -14.57    50.67
  SINCE JAN 1     17.41                     27.92 -10.51    29.58

DEGREE DAYS
 HEATING
  YESTERDAY        4                         5     -1        8
  MONTH TO DATE   61                        64     -3       47

 COOLING
  YESTERDAY        0                         1     -1        0
  MONTH TO DATE   24                        36    -12      105
..................................................................


WIND (MPH)
  HIGHEST WIND SPEED    16   HIGHEST WIND DIRECTION     W (260)
  HIGHEST GUST SPEED    21   HIGHEST GUST DIRECTION     W (250)
  AVERAGE WIND SPEED     5.1


SKY COVER
  POSSIBLE SUNSHINE  MM
  AVERAGE SKY COVER 0.8


WEATHER CONDITIONS
 THE FOLLOWING WEATHER WAS RECORDED YESTERDAY.
  LIGHT RAIN
  FOG
  HAZE


RELATIVE HUMIDITY (PERCENT)
 HIGHEST    93           400 AM
 LOWEST     47           300 PM
 AVERAGE    70

..........................................................


THE TROUTDALE OR CLIMATE NORMALS FOR TODAY
                         NORMAL    RECORD    YEAR
 MAXIMUM TEMPERATURE (F)   74        91      1987
 MINIMUM TEMPERATURE (F)   48        38      2008


SUNRISE AND SUNSET
SEPTEMBER 23 2018.....SUNRISE   658 AM PDT   SUNSET   705 PM PDT
SEPTEMBER 24 2018.....SUNRISE   659 AM PDT   SUNSET   703 PM PDT


-  INDICATES NEGATIVE NUMBERS.
R  INDICATES RECORD WAS SET OR TIED.
MM INDICATES DATA IS MISSING.
T  INDICATES TRACE AMOUNT.




$$
