000
CDUS46 KPQR 261141
CLITTD


CLIMATE REPORT
NATIONAL WEATHER SERVICE PORTLAND OREGON
441 AM PDT MON OCT 26 2020


...................................

...THE TROUTDALE OR CLIMATE SUMMARY FOR OCTOBER 25 2020...

CLIMATE NORMAL PERIOD 1981 TO 2010
CLIMATE RECORD PERIOD 1948 TO 2020


WEATHER ITEM   OBSERVED TIME   RECORD YEAR NORMAL DEPARTURE LAST
                VALUE   (LST)  VALUE       VALUE  FROM      YEAR
                                                  NORMAL
..................................................................
TEMPERATURE (F)
 YESTERDAY
  MAXIMUM         48    236 PM  75    1965  60    -12       62
  MINIMUM         38   1156 PM  31    2002  42     -4       41
  AVERAGE         43                        51     -8       52

PRECIPITATION (IN)
  YESTERDAY        0.00                      0.17  -0.17     0.03
  MONTH TO DATE    2.12                      2.85  -0.73     2.18
  SINCE OCT 1      2.12                      2.85  -0.73     2.18
  SINCE JAN 1     26.89                     31.42  -4.53    22.76

DEGREE DAYS
 HEATING
  YESTERDAY       22                        14      8       13
  MONTH TO DATE  184                       260    -76      282

 COOLING
  YESTERDAY        0                         0      0        0
  MONTH TO DATE    5                         0      5        0
..................................................................


WIND (MPH)
  HIGHEST WIND SPEED    25   HIGHEST WIND DIRECTION     E (80)
  HIGHEST GUST SPEED    35   HIGHEST GUST DIRECTION     E (90)
  AVERAGE WIND SPEED    15.3


SKY COVER
  POSSIBLE SUNSHINE  MM
  AVERAGE SKY COVER 0.0


WEATHER CONDITIONS
 THE FOLLOWING WEATHER WAS RECORDED YESTERDAY.
  NO SIGNIFICANT WEATHER WAS OBSERVED.


RELATIVE HUMIDITY (PERCENT)
 HIGHEST    39          1200 AM
 LOWEST     23           200 PM
 AVERAGE    31

..........................................................


THE TROUTDALE OR CLIMATE NORMALS FOR TODAY
                         NORMAL    RECORD    YEAR
 MAXIMUM TEMPERATURE (F)   60        74      2003
 MINIMUM TEMPERATURE (F)   42        30      2007


SUNRISE AND SUNSET
OCTOBER 26 2020.......SUNRISE   742 AM PDT   SUNSET   605 PM PDT
OCTOBER 27 2020.......SUNRISE   743 AM PDT   SUNSET   603 PM PDT


-  INDICATES NEGATIVE NUMBERS.
R  INDICATES RECORD WAS SET OR TIED.
MM INDICATES DATA IS MISSING.
T  INDICATES TRACE AMOUNT.




$$
