000
CDUS46 KPQR 201143
CLITTD


CLIMATE REPORT
NATIONAL WEATHER SERVICE PORTLAND OREGON
442 AM PDT WED JUN 20 2018


...................................

...THE TROUTDALE OR CLIMATE SUMMARY FOR JUNE 19 2018...

CLIMATE NORMAL PERIOD 1981 TO 2010
CLIMATE RECORD PERIOD 1948 TO 2018


WEATHER ITEM   OBSERVED TIME   RECORD YEAR NORMAL DEPARTURE LAST
                VALUE   (LST)  VALUE       VALUE  FROM      YEAR
                                                  NORMAL
..................................................................
TEMPERATURE (F)
 YESTERDAY
  MAXIMUM         89    546 PM  95    1982  75     14       89
  MINIMUM         56    513 AM  40    1955  51      5       60
  AVERAGE         73                        63     10       75

PRECIPITATION (IN)
  YESTERDAY        0.00                      0.07  -0.07     0.00
  MONTH TO DATE    1.85                      1.82   0.03     1.72
  SINCE OCT 1     30.57                     42.92 -12.35    48.20
  SINCE JAN 1     16.23                     24.52  -8.29    27.11

DEGREE DAYS
 HEATING
  YESTERDAY        0                         4     -4        0
  MONTH TO DATE   47                        87    -40       60

 COOLING
  YESTERDAY        8                         2      6       10
  MONTH TO DATE   19                        20     -1       26
..................................................................


WIND (MPH)
  HIGHEST WIND SPEED     7   HIGHEST WIND DIRECTION     W (260)
  HIGHEST GUST SPEED    10   HIGHEST GUST DIRECTION     W (260)
  AVERAGE WIND SPEED     1.7


SKY COVER
  POSSIBLE SUNSHINE  MM
  AVERAGE SKY COVER 0.0


WEATHER CONDITIONS
 THE FOLLOWING WEATHER WAS RECORDED YESTERDAY.
  NO SIGNIFICANT WEATHER WAS OBSERVED.


RELATIVE HUMIDITY (PERCENT)
 HIGHEST    93          1200 AM
 LOWEST     27           500 PM
 AVERAGE    60

..........................................................


THE TROUTDALE OR CLIMATE NORMALS FOR TODAY
                         NORMAL    RECORD    YEAR
 MAXIMUM TEMPERATURE (F)   75        96      1970
 MINIMUM TEMPERATURE (F)   51        45      2012
                                             1951


SUNRISE AND SUNSET
JUNE 20 2018..........SUNRISE   521 AM PDT   SUNSET   902 PM PDT
JUNE 21 2018..........SUNRISE   521 AM PDT   SUNSET   902 PM PDT


-  INDICATES NEGATIVE NUMBERS.
R  INDICATES RECORD WAS SET OR TIED.
MM INDICATES DATA IS MISSING.
T  INDICATES TRACE AMOUNT.




$$
