566
CDUS41 KPHI 150558
CLITTN


CLIMATE REPORT
NATIONAL WEATHER SERVICE MOUNT HOLLY NJ
158 AM EDT TUE OCT 15 2019


...................................

...THE TRENTON NJ CLIMATE SUMMARY FOR OCTOBER 14 2019...

CLIMATE NORMAL PERIOD 1981 TO 2010
CLIMATE RECORD PERIOD 1865 TO 2019


WEATHER ITEM   OBSERVED TIME   RECORD YEAR NORMAL DEPARTURE LAST
                VALUE   (LST)  VALUE       VALUE  FROM      YEAR
                                                  NORMAL
..................................................................
TEMPERATURE (F)
 YESTERDAY
  MAXIMUM         73    255 PM  86    1975  66      7       57
  MINIMUM         54   1152 PM  33    2006  44     10       41
  AVERAGE         64                        55      9       49

PRECIPITATION (IN)
  YESTERDAY        0.00          3.25 1955   0.10  -0.10     0.00
  MONTH TO DATE    0.90                      2.01  -1.11     2.01
  SINCE SEP 1      3.07                      6.28  -3.21     8.94
  SINCE JAN 1     39.56                     37.26   2.30    47.57

DEGREE DAYS
 HEATING
  YESTERDAY        1                        10     -9       16
  MONTH TO DATE   71                       114    -43       35
  SINCE SEP 1     89                       176    -87       60
  SINCE JUL 1     89                       179    -90       60

 COOLING
  YESTERDAY        0                         0      0        0
  MONTH TO DATE   26                         7     19       65
  SINCE SEP 1    170                       106     64      279
  SINCE JAN 1   1163                       962    201     1416
..................................................................


WIND (MPH)
  HIGHEST WIND SPEED    14   HIGHEST WIND DIRECTION     W (270)
  HIGHEST GUST SPEED    21   HIGHEST GUST DIRECTION     W (290)
  AVERAGE WIND SPEED     4.4


SKY COVER
  POSSIBLE SUNSHINE  MM
  AVERAGE SKY COVER 0.4


WEATHER CONDITIONS
 THE FOLLOWING WEATHER WAS RECORDED YESTERDAY.
  NO SIGNIFICANT WEATHER WAS OBSERVED.


RELATIVE HUMIDITY (PERCENT)
 HIGHEST    93           100 AM
 LOWEST     29           300 PM
 AVERAGE    61

..........................................................


THE TRENTON NJ CLIMATE NORMALS FOR TODAY
                         NORMAL    RECORD    YEAR
 MAXIMUM TEMPERATURE (F)   65        84      1975
 MINIMUM TEMPERATURE (F)   44        32      2006
                                             1999
                                             1937


SUNRISE AND SUNSET
OCTOBER 15 2019.......SUNRISE   710 AM EDT   SUNSET   620 PM EDT
OCTOBER 16 2019.......SUNRISE   711 AM EDT   SUNSET   618 PM EDT


-  INDICATES NEGATIVE NUMBERS.
R  INDICATES RECORD WAS SET OR TIED.
MM INDICATES DATA IS MISSING.
T  INDICATES TRACE AMOUNT.




$$
