000
CDUS41 KPHI 180604
CLITTN

CLIMATE REPORT
NATIONAL WEATHER SERVICE MOUNT HOLLY NJ
104 AM EST TUE FEB 18 2020

...................................

...THE TRENTON NJ CLIMATE SUMMARY FOR FEBRUARY 17 2020...

CLIMATE NORMAL PERIOD: 1981 TO 2010
CLIMATE RECORD PERIOD: 1865 TO 2020


WEATHER ITEM   OBSERVED TIME   RECORD YEAR NORMAL DEPARTURE LAST
                VALUE   (LST)  VALUE       VALUE  FROM      YEAR
                                                  NORMAL
...................................................................
TEMPERATURE (F)
 YESTERDAY
  MAXIMUM         52   4:01 PM  67    1976  43      9       40
                                      2011
  MINIMUM         31   7:17 AM  -3    1896  26      5       24
  AVERAGE         42                        34      8       32

PRECIPITATION (IN)
  YESTERDAY        0.00          1.10 1902   0.08  -0.08     0.09
  MONTH TO DATE    2.08                      1.32   0.76     1.85
  SINCE DEC 1      9.22                      8.18   1.04    10.79
  SINCE JAN 1      4.14                      4.48  -0.34     5.51

DEGREE DAYS
 HEATING
  YESTERDAY       23                        31     -8       33
  MONTH TO DATE  435                       545   -110      470
  SINCE DEC 1   2184                      2515   -331     2286
  SINCE JUL 1   3154                      3491   -337     3271

 COOLING
  YESTERDAY        0                         0      0        0
  MONTH TO DATE    0                         0      0        0
  SINCE DEC 1      0                         0      0        0
  SINCE JAN 1      0                         0      0        0
...................................................................


WIND (MPH)
  HIGHEST WIND SPEED    12   HIGHEST WIND DIRECTION     N (360)
  HIGHEST GUST SPEED    16   HIGHEST GUST DIRECTION    NW (300)
  AVERAGE WIND SPEED     2.8


SKY COVER
  POSSIBLE SUNSHINE  MM
  AVERAGE SKY COVER 0.2


WEATHER CONDITIONS
THE FOLLOWING WEATHER WAS RECORDED YESTERDAY.
  NO SIGNIFICANT WEATHER WAS OBSERVED.


RELATIVE HUMIDITY (PERCENT)
 HIGHEST    75           7:00 AM
 LOWEST     29           4:00 PM
 AVERAGE    52

..........................................................


THE TRENTON NJ CLIMATE NORMALS FOR TODAY
                         NORMAL    RECORD    YEAR
 MAXIMUM TEMPERATURE (F)   43        72      1890
                                             2011
 MINIMUM TEMPERATURE (F)   26        -1      1979


SUNRISE AND SUNSET
FEBRUARY 18 2020......SUNRISE   6:49 AM EST   SUNSET   5:38 PM EST
FEBRUARY 19 2020......SUNRISE   6:48 AM EST   SUNSET   5:39 PM EST


-  INDICATES NEGATIVE NUMBERS.
R  INDICATES RECORD WAS SET OR TIED.
MM INDICATES DATA IS MISSING.
T  INDICATES TRACE AMOUNT.




$$
