000
CDUS41 KPHI 182130
CLITTN


CLIMATE REPORT
NATIONAL WEATHER SERVICE MOUNT HOLLY NJ
528 PM EDT TUE SEP 18 2018


...................................

...THE TRENTON NJ CLIMATE SUMMARY FOR SEPTEMBER 18 2018...
VALID TODAY AS OF 0500 PM LOCAL TIME.

CLIMATE NORMAL PERIOD 1981 TO 2010
CLIMATE RECORD PERIOD 1865 TO 2018


WEATHER ITEM   OBSERVED TIME   RECORD YEAR NORMAL DEPARTURE LAST
                VALUE   (LST)  VALUE       VALUE  FROM      YEAR
                                                  NORMAL
..................................................................
TEMPERATURE (F)
 TODAY
  MAXIMUM         79    939 AM  94    1880  75      4       76
  MINIMUM         75    359 PM  41    2013  56     19       67
  AVERAGE         77                        66     11       72

PRECIPITATION (IN)
  TODAY            1.18          2.38 1936   0.15   1.03     0.00
  MONTH TO DATE    3.34                      2.37   0.97     1.83
  SINCE SEP 1      3.34                      2.37   0.97     1.83
  SINCE JAN 1     41.97                     33.35   8.62    33.00

DEGREE DAYS
 HEATING
  TODAY            0                         2     -2        0
  MONTH TO DATE   12                        14     -2       20
  SINCE SEP 1     12                        14     -2       20
  SINCE JUL 1     12                        17     -5       21

 COOLING
  TODAY           12                         3      9        7
  MONTH TO DATE  175                        81     94       63
  SINCE SEP 1    175                        81     94       63
  SINCE JAN 1   1312                       937    375      983
..................................................................


WIND (MPH)
  HIGHEST WIND SPEED    16   HIGHEST WIND DIRECTION     N (340)
  HIGHEST GUST SPEED    22   HIGHEST GUST DIRECTION     W (280)
  AVERAGE WIND SPEED     8.7


SKY COVER
  POSSIBLE SUNSHINE  MM
  AVERAGE SKY COVER 1.0


WEATHER CONDITIONS
 THE FOLLOWING WEATHER WAS RECORDED TODAY.
  THUNDERSTORM
  HEAVY RAIN
  RAIN
  LIGHT RAIN
  FOG
  FOG W/VISIBILITY <= 1/4 MILE


RELATIVE HUMIDITY (PERCENT)
 HIGHEST    94           100 AM
 LOWEST     82           300 PM
 AVERAGE    88

..........................................................


THE TRENTON NJ CLIMATE NORMALS FOR TOMORROW
                         NORMAL    RECORD    YEAR
 MAXIMUM TEMPERATURE (F)   75        90      1946
 MINIMUM TEMPERATURE (F)   55        41      1929


SUNRISE AND SUNSET
SEPTEMBER 18 2018.....SUNRISE   643 AM EDT   SUNSET   703 PM EDT
SEPTEMBER 19 2018.....SUNRISE   644 AM EDT   SUNSET   701 PM EDT


-  INDICATES NEGATIVE NUMBERS.
R  INDICATES RECORD WAS SET OR TIED.
MM INDICATES DATA IS MISSING.
T  INDICATES TRACE AMOUNT.




$$
