000
CDUS41 KPHI 260554
CLITTN


CLIMATE REPORT
NATIONAL WEATHER SERVICE MOUNT HOLLY NJ
154 AM EDT THU APR 26 2018


...................................

...THE TRENTON NJ CLIMATE SUMMARY FOR APRIL 25 2018...

CLIMATE NORMAL PERIOD 1981 TO 2010
CLIMATE RECORD PERIOD 1865 TO 2018


WEATHER ITEM   OBSERVED TIME   RECORD YEAR NORMAL DEPARTURE LAST
                VALUE   (LST)  VALUE       VALUE  FROM      YEAR
                                                  NORMAL
..................................................................
TEMPERATURE (F)
 YESTERDAY
  MAXIMUM         65    336 PM  91    1915  65      0       56
  MINIMUM         53   1205 AM  30    1919  44      9       51
  AVERAGE         59                        54      5       54

PRECIPITATION (IN)
  YESTERDAY        0.24          1.14 2010   0.11   0.13     0.47
  MONTH TO DATE    3.17                      3.08   0.09     2.42
  SINCE MAR 1      7.94                      7.22   0.72     7.03
  SINCE JAN 1     16.49                     12.69   3.80    11.77

DEGREE DAYS
 HEATING
  YESTERDAY        6                        11     -5       11
  MONTH TO DATE  436                       369     67      250
  SINCE MAR 1   1230                      1101    129     1038
  SINCE JUL 1   4717                      4915   -198     4257

 COOLING
  YESTERDAY        0                         0      0        0
  MONTH TO DATE    6                         0      6       10
  SINCE MAR 1      6                         0      6       10
  SINCE JAN 1      9                         0      9       10
..................................................................


WIND (MPH)
  HIGHEST WIND SPEED    15   HIGHEST WIND DIRECTION     E (110)
  HIGHEST GUST SPEED    21   HIGHEST GUST DIRECTION     E (110)
  AVERAGE WIND SPEED     6.2


SKY COVER
  POSSIBLE SUNSHINE  MM
  AVERAGE SKY COVER 1.0


WEATHER CONDITIONS
 THE FOLLOWING WEATHER WAS RECORDED YESTERDAY.
  RAIN
  LIGHT RAIN
  FOG


RELATIVE HUMIDITY (PERCENT)
 HIGHEST   100           200 AM
 LOWEST     90           700 PM
 AVERAGE    95

..........................................................


THE TRENTON NJ CLIMATE NORMALS FOR TODAY
                         NORMAL    RECORD    YEAR
 MAXIMUM TEMPERATURE (F)   65        91      2009
 MINIMUM TEMPERATURE (F)   44        33      1919


SUNRISE AND SUNSET
APRIL 26 2018.........SUNRISE   605 AM EDT   SUNSET   749 PM EDT
APRIL 27 2018.........SUNRISE   604 AM EDT   SUNSET   750 PM EDT


-  INDICATES NEGATIVE NUMBERS.
R  INDICATES RECORD WAS SET OR TIED.
MM INDICATES DATA IS MISSING.
T  INDICATES TRACE AMOUNT.




$$
