000
CDUS41 KPHI 260556
CLITTN

CLIMATE REPORT
NATIONAL WEATHER SERVICE MOUNT HOLLY NJ
156 AM EDT MON OCT 26 2020

...................................

...THE TRENTON NJ CLIMATE SUMMARY FOR OCTOBER 25 2020...

CLIMATE NORMAL PERIOD: 1981 TO 2010
CLIMATE RECORD PERIOD: 1865 TO 2020


WEATHER ITEM   OBSERVED TIME   RECORD YEAR NORMAL DEPARTURE LAST
                VALUE   (LST)  VALUE       VALUE  FROM      YEAR
                                                  NORMAL
...................................................................
TEMPERATURE (F)
 YESTERDAY
  MAXIMUM         52  12:12 PM  77    1963  62    -10       67
  MINIMUM         41   5:57 AM  30    1879  41      0       39
                                      1891
  AVERAGE         47                        52     -5       53

PRECIPITATION (IN)
  YESTERDAY        0.03          2.67 1980   0.14  -0.11     0.00
  MONTH TO DATE    2.23                      3.44  -1.21     3.20
  SINCE SEP 1      8.19                      7.71   0.48     5.37
  SINCE JAN 1     32.54                     38.69  -6.15    43.62

DEGREE DAYS
 HEATING
  YESTERDAY       18                        13      5       12
  MONTH TO DATE  177                       246    -69      202
  SINCE SEP 1    244                       308    -64      220
  SINCE JUL 1    244                       311    -67      220

 COOLING
  YESTERDAY        0                         0      0        0
  MONTH TO DATE    4                         7     -3       26
  SINCE SEP 1    118                       106     12      170
  SINCE JAN 1   1190                       962    228     1163
...................................................................


WIND (MPH)
  HIGHEST WIND SPEED    17   HIGHEST WIND DIRECTION    NE (50)
  HIGHEST GUST SPEED    22   HIGHEST GUST DIRECTION    NE (40)
  AVERAGE WIND SPEED     7.0


SKY COVER
  POSSIBLE SUNSHINE  MM
  AVERAGE SKY COVER 0.8


WEATHER CONDITIONS
THE FOLLOWING WEATHER WAS RECORDED YESTERDAY.
  LIGHT RAIN
  FOG


RELATIVE HUMIDITY (PERCENT)
 HIGHEST   100          11:00 PM
 LOWEST     54          12:00 PM
 AVERAGE    77

..........................................................


THE TRENTON NJ CLIMATE NORMALS FOR TODAY
                         NORMAL    RECORD    YEAR
 MAXIMUM TEMPERATURE (F)   62        78      1920
 MINIMUM TEMPERATURE (F)   41        24      1987


SUNRISE AND SUNSET
OCTOBER 26 2020.......SUNRISE   7:23 AM EDT   SUNSET   6:03 PM EDT
OCTOBER 27 2020.......SUNRISE   7:24 AM EDT   SUNSET   6:02 PM EDT


-  INDICATES NEGATIVE NUMBERS.
R  INDICATES RECORD WAS SET OR TIED.
MM INDICATES DATA IS MISSING.
T  INDICATES TRACE AMOUNT.




$$
