000
CDUS41 KPHI 180606
CLITTN


CLIMATE REPORT
NATIONAL WEATHER SERVICE MOUNT HOLLY NJ
205 AM EDT WED JUL 18 2018


...................................

...THE TRENTON NJ CLIMATE SUMMARY FOR JULY 17 2018...

CLIMATE NORMAL PERIOD 1981 TO 2010
CLIMATE RECORD PERIOD 1865 TO 2018


WEATHER ITEM   OBSERVED TIME   RECORD YEAR NORMAL DEPARTURE LAST
                VALUE   (LST)  VALUE       VALUE  FROM      YEAR
                                                  NORMAL
..................................................................
TEMPERATURE (F)
 YESTERDAY
  MAXIMUM         92    119 PM  99    1866  86      6       88
  MINIMUM         72   1159 PM  56    1908  66      6       68
  AVERAGE         82                        76      6       78

PRECIPITATION (IN)
  YESTERDAY        1.43          2.50 1965   0.14   1.29      T
  MONTH TO DATE    3.37                      2.73   0.64     2.67
  SINCE JUN 1      8.58                      7.14   1.44     7.36
  SINCE JAN 1     32.69                     24.66   8.03    25.12

DEGREE DAYS
 HEATING
  YESTERDAY        0                         0      0        0
  MONTH TO DATE    0                         0      0        0
  SINCE JUN 1     11                        24    -13       25
  SINCE JUL 1      0                         0      0        0

 COOLING
  YESTERDAY       17                        11      6       13
  MONTH TO DATE  232                       178     54      204
  SINCE JUN 1    453                       368     85      433
  SINCE JAN 1    570                       425    145      516
..................................................................


WIND (MPH)
  HIGHEST WIND SPEED    24   HIGHEST WIND DIRECTION    NW (330)
  HIGHEST GUST SPEED    33   HIGHEST GUST DIRECTION    NW (330)
  AVERAGE WIND SPEED     6.6


SKY COVER
  POSSIBLE SUNSHINE  MM
  AVERAGE SKY COVER 0.4


WEATHER CONDITIONS
 THE FOLLOWING WEATHER WAS RECORDED YESTERDAY.
  THUNDERSTORM
  RAIN
  LIGHT RAIN
  FOG


RELATIVE HUMIDITY (PERCENT)
 HIGHEST    93           300 PM
 LOWEST     56           100 PM
 AVERAGE    75

..........................................................


THE TRENTON NJ CLIMATE NORMALS FOR TODAY
                         NORMAL    RECORD    YEAR
 MAXIMUM TEMPERATURE (F)   86       100      2012
                                             1953
 MINIMUM TEMPERATURE (F)   66        56      1925


SUNRISE AND SUNSET
JULY 18 2018..........SUNRISE   545 AM EDT   SUNSET   826 PM EDT
JULY 19 2018..........SUNRISE   545 AM EDT   SUNSET   825 PM EDT


-  INDICATES NEGATIVE NUMBERS.
R  INDICATES RECORD WAS SET OR TIED.
MM INDICATES DATA IS MISSING.
T  INDICATES TRACE AMOUNT.




$$
