000
CDUS41 KPHI 190559
CLITTN


CLIMATE REPORT
NATIONAL WEATHER SERVICE MOUNT HOLLY NJ
1257 AM EST WED DEC 19 2018


...................................

...THE TRENTON NJ CLIMATE SUMMARY FOR DECEMBER 18 2018...

CLIMATE NORMAL PERIOD 1981 TO 2010
CLIMATE RECORD PERIOD 1865 TO 2018


WEATHER ITEM   OBSERVED TIME   RECORD YEAR NORMAL DEPARTURE LAST
                VALUE   (LST)  VALUE       VALUE  FROM      YEAR
                                                  NORMAL
..................................................................
TEMPERATURE (F)
 YESTERDAY
  MAXIMUM         41   1227 AM  66    2006  42     -1       49
  MINIMUM         24   1149 PM  -1    1919  27     -3       35
  AVERAGE         33                        34     -1       42

PRECIPITATION (IN)
  YESTERDAY        0.00          1.80 1887   0.12  -0.12      T
  MONTH TO DATE    1.85                      2.40  -0.55     0.94
  SINCE DEC 1      1.85                      2.40  -0.55     0.94
  SINCE JAN 1     58.92                     45.14  13.78    40.73

DEGREE DAYS
 HEATING
  YESTERDAY       32                        31      1       23
  MONTH TO DATE  491                       500     -9      516
  SINCE DEC 1    491                       500     -9      516
  SINCE JUL 1   1476                      1476      0     1302

 COOLING
  YESTERDAY        0                         0      0        0
  MONTH TO DATE    0                         0      0        0
  SINCE DEC 1      0                         0      0        0
  SINCE JAN 1   1418                       965    453     1151
..................................................................


WIND (MPH)
  HIGHEST WIND SPEED    24   HIGHEST WIND DIRECTION     N (340)
  HIGHEST GUST SPEED    36   HIGHEST GUST DIRECTION    NW (300)
  AVERAGE WIND SPEED    11.6


SKY COVER
  POSSIBLE SUNSHINE  MM
  AVERAGE SKY COVER 0.2


WEATHER CONDITIONS
 THE FOLLOWING WEATHER WAS RECORDED YESTERDAY.
  NO SIGNIFICANT WEATHER WAS OBSERVED.


RELATIVE HUMIDITY (PERCENT)
 HIGHEST    58           900 PM
 LOWEST     40           200 PM
 AVERAGE    49

..........................................................


THE TRENTON NJ CLIMATE NORMALS FOR TODAY
                         NORMAL    RECORD    YEAR
 MAXIMUM TEMPERATURE (F)   42        64      1895
 MINIMUM TEMPERATURE (F)   26         7      1919


SUNRISE AND SUNSET
DECEMBER 19 2018......SUNRISE   717 AM EST   SUNSET   435 PM EST
DECEMBER 20 2018......SUNRISE   718 AM EST   SUNSET   436 PM EST


-  INDICATES NEGATIVE NUMBERS.
R  INDICATES RECORD WAS SET OR TIED.
MM INDICATES DATA IS MISSING.
T  INDICATES TRACE AMOUNT.




$$
