168
CDUS44 KTSA 210648
CLITUL

CLIMATE REPORT
NATIONAL WEATHER SERVICE TULSA OK
146 AM CDT MON OCT 21 2019


...................................

...THE TULSA OKLAHOMA CLIMATE SUMMARY FOR OCTOBER 20 2019...

CLIMATE NORMAL PERIOD 1981 TO 2010
CLIMATE RECORD PERIOD 1882 TO 2019


WEATHER ITEM   OBSERVED TIME   RECORD YEAR NORMAL DEPARTURE LAST
                VALUE   (LST)  VALUE       VALUE  FROM      YEAR
                                                  NORMAL
..................................................................
TEMPERATURE (F)
 YESTERDAY
  MAXIMUM         79    346 PM  91    1979  72      7       73
  MINIMUM         44    652 AM  30    2011  49     -5       45
                                      1976
                                      1925
  AVERAGE         62                        61      1       59

PRECIPITATION (IN)
  YESTERDAY        1.00          4.96 1971   0.14   0.86      T
  MONTH TO DATE    1.71                      2.53  -0.82     2.68
  SINCE SEP 1      5.64                      6.79  -1.15     5.74
  SINCE JAN 1     49.70                     34.27  15.43    28.42

SNOWFALL (IN)
  YESTERDAY       MM                                         0.0
  MONTH TO DATE    0.0                                       0.0
  SINCE SEP 1      0.0                                       0.0
  SINCE JUL 1      0.0                                       0.0

DEGREE DAYS
 HEATING
  YESTERDAY        3                         6     -3        6
  MONTH TO DATE   95                        81     14      124
  SINCE SEP 1     95                       105    -10      134
  SINCE JUL 1     95                       105    -10      134

 COOLING
  YESTERDAY        0                         1     -1        0
  MONTH TO DATE   51                        51      0       98
  SINCE SEP 1    542                       315    227      441
  SINCE JAN 1   2235                      2016    219     2446
..................................................................


WIND (MPH)
  HIGHEST WIND SPEED    22   HIGHEST WIND DIRECTION     W (290)
  HIGHEST GUST SPEED    29   HIGHEST GUST DIRECTION    SE (150)
  AVERAGE WIND SPEED     8.9


SKY COVER
  POSSIBLE SUNSHINE  MM
  AVERAGE SKY COVER 0.3


WEATHER CONDITIONS
 THE FOLLOWING WEATHER WAS RECORDED YESTERDAY.
  THUNDERSTORM
  HEAVY RAIN
  RAIN
  LIGHT RAIN
  FOG
  FOG W/VISIBILITY <= 1/4 MILE


RELATIVE HUMIDITY (PERCENT)
 HIGHEST   100          1200 AM
 LOWEST     42           200 PM
 AVERAGE    71

..........................................................


THE TULSA OKLAHOMA CLIMATE NORMALS FOR TODAY
                         NORMAL    RECORD    YEAR
 MAXIMUM TEMPERATURE (F)   72        92      1978
 MINIMUM TEMPERATURE (F)   49        30      1917
                                             1916


SUNRISE AND SUNSET
OCTOBER 21 2019.......SUNRISE   736 AM CDT   SUNSET   640 PM CDT
OCTOBER 22 2019.......SUNRISE   737 AM CDT   SUNSET   639 PM CDT


-  INDICATES NEGATIVE NUMBERS.
R  INDICATES RECORD WAS SET OR TIED.
MM INDICATES DATA IS MISSING.
T  INDICATES TRACE AMOUNT.




$$

&&
...........................................................

THE TULSA PRECIPITATION NORMALS FOR TODAY
                       NORMAL    RECORD      YEAR
  TODAY                 0.13      2.98       1972
  MONTH TO DATE         2.66
  YEAR TO DATE         34.40
...........................................................
ALL DATA MEASURED AT THE TULSA INTERNATIONAL AIRPORT...
EXCEPT SNOWFALL...WHICH IS MEASURED AT THE NWS OFFICE.
