000
CDUS44 KTSA 181519
CLITUL

CLIMATE REPORT
NATIONAL WEATHER SERVICE TULSA OK
911 AM CST TUE DEC 18 2018


...................................

...THE TULSA OKLAHOMA CLIMATE SUMMARY FOR DECEMBER 18 2018...
VALID AS OF 0900 AM LOCAL TIME.

CLIMATE NORMAL PERIOD 1981 TO 2010
CLIMATE RECORD PERIOD 1882 TO 2018


WEATHER ITEM   OBSERVED TIME   RECORD YEAR NORMAL DEPARTURE LAST
                VALUE   (LST)  VALUE       VALUE  FROM      YEAR
                                                  NORMAL
..................................................................
TEMPERATURE (F)
 TODAY
  MAXIMUM         45    759 AM  72    1939  48     -3       52
  MINIMUM         34    220 AM   3    2016  29      5       43
  AVERAGE         40                        39      1       48

PRECIPITATION (IN)
  TODAY            0.00          2.30 1895   0.08  -0.08     0.00
  MONTH TO DATE    2.04                      1.53   0.51     0.23
  SINCE DEC 1      2.04                      1.53   0.51     0.23
  SINCE JAN 1     32.54                     40.01  -7.47    44.83

SNOWFALL (IN)
  TODAY            0.0                                       0.0
  MONTH TO DATE    0.0                                        T
  SINCE DEC 1      0.0                                        T
  SINCE JUL 1      1.6                                        T

DEGREE DAYS
 HEATING
  TODAY           25                        26     -1       17
  MONTH TO DATE  436                       439     -3      337
  SINCE DEC 1    436                       439     -3      337
  SINCE JUL 1   1228                      1075    153      839
..................................................................


WIND (MPH)
  HIGHEST WIND SPEED     7   HIGHEST WIND DIRECTION    SE (130)
  HIGHEST GUST SPEED     9   HIGHEST GUST DIRECTION    SE (130)
  AVERAGE WIND SPEED     2.3


SKY COVER
  POSSIBLE SUNSHINE  MM
  AVERAGE SKY COVER 0.9


WEATHER CONDITIONS
 THE FOLLOWING WEATHER WAS RECORDED TODAY.
  NO SIGNIFICANT WEATHER WAS OBSERVED.


RELATIVE HUMIDITY (PERCENT)
 HIGHEST    89           200 AM
 LOWEST     71           900 AM
 AVERAGE    80

..........................................................


THE TULSA OKLAHOMA CLIMATE NORMALS FOR TOMORROW
                         NORMAL    RECORD    YEAR
 MAXIMUM TEMPERATURE (F)   48        70      2012
                                             1967
 MINIMUM TEMPERATURE (F)   29        -1      1924


SUNRISE AND SUNSET
DECEMBER 18 2018......SUNRISE   729 AM CST   SUNSET   511 PM CST
DECEMBER 19 2018......SUNRISE   730 AM CST   SUNSET   512 PM CST


-  INDICATES NEGATIVE NUMBERS.
R  INDICATES RECORD WAS SET OR TIED.
MM INDICATES DATA IS MISSING.
T  INDICATES TRACE AMOUNT.




$$

&&
ALL DATA MEASURED AT THE TULSA INTERNATIONAL AIRPORT...
EXCEPT SNOWFALL...WHICH IS MEASURED AT THE NWS OFFICE.
