000
CDUS44 KTSA 202132
CLITUL

CLIMATE REPORT
NATIONAL WEATHER SERVICE TULSA OK
417 PM CDT WED JUN 20 2018


...................................

...THE TULSA OKLAHOMA CLIMATE SUMMARY FOR JUNE 20 2018...
VALID TODAY AS OF 0400 PM LOCAL TIME.

CLIMATE NORMAL PERIOD 1981 TO 2010
CLIMATE RECORD PERIOD 1882 TO 2018


WEATHER ITEM   OBSERVED TIME   RECORD YEAR NORMAL DEPARTURE LAST
                VALUE   (LST)  VALUE       VALUE  FROM      YEAR
                                                  NORMAL
..................................................................
TEMPERATURE (F)
 TODAY
  MAXIMUM         92    246 PM 107    1918  89      3       92
  MINIMUM         72    354 AM  53    1976  69      3       63
  AVERAGE         82                        79      3       78

PRECIPITATION (IN)
  TODAY            0.00          1.45 1978   0.15  -0.15     0.00
  MONTH TO DATE    0.77                      3.36  -2.59     1.62
  SINCE JUN 1      0.77                      3.36  -2.59     1.62
  SINCE JAN 1     13.81                     19.86  -6.05    25.55

DEGREE DAYS
 COOLING
  TODAY           17                        14      3       13
  MONTH TO DATE  335                       227    108      258
  SINCE JUN 1    335                       227    108      258
  SINCE JAN 1    735                       461    274      545
..................................................................


WIND (MPH)
  HIGHEST WIND SPEED    17   HIGHEST WIND DIRECTION    NW (300)
  HIGHEST GUST SPEED    22   HIGHEST GUST DIRECTION    NW (310)
  AVERAGE WIND SPEED     8.6


SKY COVER
  POSSIBLE SUNSHINE  MM
  AVERAGE SKY COVER 0.8


WEATHER CONDITIONS
 THE FOLLOWING WEATHER WAS RECORDED TODAY.
  THUNDERSTORM


RELATIVE HUMIDITY (PERCENT)
 HIGHEST    93           400 AM
 LOWEST     38           300 PM
 AVERAGE    66

..........................................................


THE TULSA OKLAHOMA CLIMATE NORMALS FOR TOMORROW
                         NORMAL    RECORD    YEAR
 MAXIMUM TEMPERATURE (F)   89       107      1936
 MINIMUM TEMPERATURE (F)   69        54      1961
                                             1906


SUNRISE AND SUNSET
JUNE 20 2018..........SUNRISE   606 AM CDT   SUNSET   844 PM CDT
JUNE 21 2018..........SUNRISE   607 AM CDT   SUNSET   844 PM CDT


-  INDICATES NEGATIVE NUMBERS.
R  INDICATES RECORD WAS SET OR TIED.
MM INDICATES DATA IS MISSING.
T  INDICATES TRACE AMOUNT.




$$

&&
...........................................................

TULSA RECORD LOW MAX AND HIGH MIN TEMPERATURES FOR TOMORROW
                      RECORD        YEAR
  LOW MAXIMUM           73          1992
  HIGH MINIMUM          80          1934
...........................................................
ALL DATA MEASURED AT THE TULSA INTERNATIONAL AIRPORT...
EXCEPT SNOWFALL...WHICH IS MEASURED AT THE NWS OFFICE.
