000
CDUS44 KTSA 231447
CLITUL

CLIMATE REPORT
NATIONAL WEATHER SERVICE TULSA OK
911 AM CDT WED OCT 23 2019


...................................

...THE TULSA OKLAHOMA CLIMATE SUMMARY FOR OCTOBER 23 2019...
VALID AS OF 0900 AM LOCAL TIME.

CLIMATE NORMAL PERIOD 1981 TO 2010
CLIMATE RECORD PERIOD 1882 TO 2019


WEATHER ITEM   OBSERVED TIME   RECORD YEAR NORMAL DEPARTURE LAST
                VALUE   (LST)  VALUE       VALUE  FROM      YEAR
                                                  NORMAL
..................................................................
TEMPERATURE (F)
 TODAY
  MAXIMUM         57    757 AM  92    1939  71    -14       73
  MINIMUM         48    114 AM  26    1937  49     -1       43
  AVERAGE         53                        60     -7       58

PRECIPITATION (IN)
  TODAY            0.00          2.40 1908   0.13  -0.13     0.00
  MONTH TO DATE    1.71                      2.93  -1.22     2.68
  SINCE SEP 1      5.64                      7.19  -1.55     5.74
  SINCE JAN 1     49.70                     34.67  15.03    28.42

SNOWFALL (IN)
  TODAY            0.0                                       0.0
  MONTH TO DATE    0.0                                       0.0
  SINCE SEP 1      0.0                                       0.0
  SINCE JUL 1      0.0                                       0.0

DEGREE DAYS
 HEATING
  TODAY           12                         7      5        7
  MONTH TO DATE  123                       100     23      150
  SINCE SEP 1    123                       124     -1      160
  SINCE JUL 1    123                       124     -1      160

 COOLING
  TODAY            0                         1     -1        0
  MONTH TO DATE   51                        54     -3       98
  SINCE SEP 1    542                       318    224      441
  SINCE JAN 1   2235                      2019    216     2446
..................................................................


WIND (MPH)
  HIGHEST WIND SPEED    15   HIGHEST WIND DIRECTION     S (170)
  HIGHEST GUST SPEED    20   HIGHEST GUST DIRECTION     S (180)
  AVERAGE WIND SPEED    11.4


SKY COVER
  POSSIBLE SUNSHINE  MM
  AVERAGE SKY COVER 0.2


WEATHER CONDITIONS
 THE FOLLOWING WEATHER WAS RECORDED TODAY.
  NO SIGNIFICANT WEATHER WAS OBSERVED.


RELATIVE HUMIDITY (PERCENT)
 HIGHEST    71           100 AM
 LOWEST     50           300 AM
 AVERAGE    61

..........................................................


THE TULSA OKLAHOMA CLIMATE NORMALS FOR TOMORROW
                         NORMAL    RECORD    YEAR
 MAXIMUM TEMPERATURE (F)   71        89      2003
 MINIMUM TEMPERATURE (F)   48        24      1917


SUNRISE AND SUNSET
OCTOBER 23 2019.......SUNRISE   738 AM CDT   SUNSET   638 PM CDT
OCTOBER 24 2019.......SUNRISE   739 AM CDT   SUNSET   637 PM CDT


-  INDICATES NEGATIVE NUMBERS.
R  INDICATES RECORD WAS SET OR TIED.
MM INDICATES DATA IS MISSING.
T  INDICATES TRACE AMOUNT.




$$

&&
ALL DATA MEASURED AT THE TULSA INTERNATIONAL AIRPORT...
EXCEPT SNOWFALL...WHICH IS MEASURED AT THE NWS OFFICE.
