000
CDUS44 KTSA 242243
CLITUL

CLIMATE REPORT
NATIONAL WEATHER SERVICE TULSA OK
417 PM CST FRI JAN 24 2020


...................................

...THE TULSA OKLAHOMA CLIMATE SUMMARY FOR JANUARY 24 2020...
VALID TODAY AS OF 0400 PM LOCAL TIME.

CLIMATE NORMAL PERIOD 1981 TO 2010
CLIMATE RECORD PERIOD 1882 TO 2020


WEATHER ITEM   OBSERVED TIME   RECORD YEAR NORMAL DEPARTURE LAST
                VALUE   (LST)  VALUE       VALUE  FROM      YEAR
                                                  NORMAL
..................................................................
TEMPERATURE (F)
 TODAY
  MAXIMUM         39    259 PM  79    1950  49    -10       42
  MINIMUM         35    742 AM  -4    1906  28      7       23
  AVERAGE         37                        38     -1       33

PRECIPITATION (IN)
  TODAY            T             0.67 1938   0.05  -0.05     0.00
  MONTH TO DATE    4.34                      1.26   3.08     3.83
  SINCE DEC 1      5.30                      3.75   1.55     7.41
  SINCE JAN 1      4.34                      1.26   3.08     3.83

SNOWFALL (IN)
  TODAY            0.0                                       0.0
  MONTH TO DATE    0.6                                       0.1
  SINCE DEC 1      0.6                                       0.1
  SINCE JUL 1      0.7                                       1.7

DEGREE DAYS
 HEATING
  TODAY           28                        27      1       32
  MONTH TO DATE  529                       663   -134      609
  SINCE DEC 1   1145                      1455   -310     1339
  SINCE JUL 1   1921                      2091   -170     2131
..................................................................


WIND (MPH)
  HIGHEST WIND SPEED    23   HIGHEST WIND DIRECTION    NW (310)
  HIGHEST GUST SPEED    30   HIGHEST GUST DIRECTION     W (290)
  AVERAGE WIND SPEED    14.2


SKY COVER
  POSSIBLE SUNSHINE  MM
  AVERAGE SKY COVER 1.0


WEATHER CONDITIONS
 THE FOLLOWING WEATHER WAS RECORDED TODAY.
  LIGHT RAIN
  LIGHT SNOW


RELATIVE HUMIDITY (PERCENT)
 HIGHEST    82           700 AM
 LOWEST     70          1100 AM
 AVERAGE    76

..........................................................


THE TULSA OKLAHOMA CLIMATE NORMALS FOR TOMORROW
                         NORMAL    RECORD    YEAR
 MAXIMUM TEMPERATURE (F)   49        74      1952
 MINIMUM TEMPERATURE (F)   28         2      1940
                                             1930
                                             1905


SUNRISE AND SUNSET
JANUARY 24 2020.......SUNRISE   730 AM CST   SUNSET   541 PM CST
JANUARY 25 2020.......SUNRISE   730 AM CST   SUNSET   542 PM CST


-  INDICATES NEGATIVE NUMBERS.
R  INDICATES RECORD WAS SET OR TIED.
MM INDICATES DATA IS MISSING.
T  INDICATES TRACE AMOUNT.




$$

&&
...........................................................

TULSA RECORD LOW MAX AND HIGH MIN TEMPERATURES FOR TOMORROW
                      RECORD        YEAR
  LOW MAXIMUM           18          1940
  HIGH MINIMUM          55          1944
...........................................................
ALL DATA MEASURED AT THE TULSA INTERNATIONAL AIRPORT...
EXCEPT SNOWFALL...WHICH IS MEASURED AT THE NWS OFFICE.
