000
CDUS44 KTSA 240648
CLITUL

CLIMATE REPORT
NATIONAL WEATHER SERVICE TULSA OK
146 AM CDT MON SEP 24 2018


...................................

...THE TULSA OKLAHOMA CLIMATE SUMMARY FOR SEPTEMBER 23 2018...

CLIMATE NORMAL PERIOD 1981 TO 2010
CLIMATE RECORD PERIOD 1882 TO 2018


WEATHER ITEM   OBSERVED TIME   RECORD YEAR NORMAL DEPARTURE LAST
                VALUE   (LST)  VALUE       VALUE  FROM      YEAR
                                                  NORMAL
..................................................................
TEMPERATURE (F)
 YESTERDAY
  MAXIMUM         75    402 PM 101    1931  81     -6       92
  MINIMUM         64    715 AM  37    1995  59      5       67
  AVERAGE         70                        70      0       80

PRECIPITATION (IN)
  YESTERDAY        T             2.25 1997   0.14  -0.14     0.00
  MONTH TO DATE    2.99                      3.29  -0.30     0.57
  SINCE SEP 1      2.99                      3.29  -0.30     0.57
  SINCE JAN 1     25.67                     30.77  -5.10    35.57

DEGREE DAYS
 HEATING
  YESTERDAY        0                         1     -1        0
  MONTH TO DATE    0                         9     -9        0
  SINCE SEP 1      0                         9     -9        0
  SINCE JUL 1      0                         9     -9        0

 COOLING
  YESTERDAY        5                         6     -1       15
  MONTH TO DATE  303                       227     76      262
  SINCE SEP 1    303                       227     76      262
  SINCE JAN 1   2308                      1928    380     1963
..................................................................


WIND (MPH)
  HIGHEST WIND SPEED    12   HIGHEST WIND DIRECTION     N (20)
  HIGHEST GUST SPEED    13   HIGHEST GUST DIRECTION     N (20)
  AVERAGE WIND SPEED     5.5


SKY COVER
  POSSIBLE SUNSHINE  MM
  AVERAGE SKY COVER 1.0


WEATHER CONDITIONS
 THE FOLLOWING WEATHER WAS RECORDED YESTERDAY.
  LIGHT RAIN
  FOG


RELATIVE HUMIDITY (PERCENT)
 HIGHEST    93           300 AM
 LOWEST     69           400 PM
 AVERAGE    81

..........................................................


THE TULSA OKLAHOMA CLIMATE NORMALS FOR TODAY
                         NORMAL    RECORD    YEAR
 MAXIMUM TEMPERATURE (F)   80        99      1931
 MINIMUM TEMPERATURE (F)   58        37      1989


SUNRISE AND SUNSET
SEPTEMBER 24 2018.....SUNRISE   713 AM CDT   SUNSET   717 PM CDT
SEPTEMBER 25 2018.....SUNRISE   714 AM CDT   SUNSET   716 PM CDT


-  INDICATES NEGATIVE NUMBERS.
R  INDICATES RECORD WAS SET OR TIED.
MM INDICATES DATA IS MISSING.
T  INDICATES TRACE AMOUNT.




$$

&&
...........................................................

THE TULSA PRECIPITATION NORMALS FOR TODAY
                       NORMAL    RECORD      YEAR
  TODAY                 0.15      2.33       1945
  MONTH TO DATE         3.44
  YEAR TO DATE         30.92
...........................................................
ALL DATA MEASURED AT THE TULSA INTERNATIONAL AIRPORT...
EXCEPT SNOWFALL...WHICH IS MEASURED AT THE NWS OFFICE.
