000
CDUS44 KTSA 281413
CLITUL

CLIMATE REPORT
NATIONAL WEATHER SERVICE TULSA OK
913 AM CDT WED OCT 28 2020

...................................

...THE TULSA OKLAHOMA CLIMATE SUMMARY FOR OCTOBER 28 2020...
VALID AS OF 0900 AM LOCAL TIME.

CLIMATE NORMAL PERIOD 1981 TO 2010
CLIMATE RECORD PERIOD 1882 TO 2020


WEATHER ITEM   OBSERVED TIME   RECORD YEAR NORMAL DEPARTURE LAST
                VALUE   (LST)  VALUE       VALUE  FROM      YEAR
                                                  NORMAL
...................................................................
TEMPERATURE (F)
 TODAY
  MAXIMUM         38        MM  86    1922  69    -31       48
  MINIMUM         36        MM  23    1925  47    -11       39
  AVERAGE         37                        58    -21       44

PRECIPITATION (IN)
  TODAY            T             2.45 1974   0.13  -0.13     0.05
  MONTH TO DATE    4.44                      3.56   0.88     4.96
  SINCE SEP 1      8.19                      7.82   0.37     8.89
  SINCE JAN 1     40.84                     35.30   5.54    52.95

SNOWFALL (IN)
  TODAY            0.0                                       0.0
  MONTH TO DATE    0.0                                       0.0
  SINCE SEP 1      0.0                                       0.0
  SINCE JUL 1      0.0                                       0.0

DEGREE DAYS
 HEATING
  TODAY           28                         8     20       21
  MONTH TO DATE  209                       137     72      182
  SINCE SEP 1    218                       161     57      182
  SINCE JUL 1    218                       161     57      182

 COOLING
  TODAY            0                         1     -1        0
  MONTH TO DATE   73                        59     14       51
  SINCE SEP 1    296                       323    -27      542
  SINCE JAN 1   2030                      2024      6     2235
...................................................................


WIND (MPH)
  HIGHEST WIND SPEED    10   HIGHEST WIND DIRECTION     N (20)
  HIGHEST GUST SPEED    MM   HIGHEST GUST DIRECTION    MM
  AVERAGE WIND SPEED     8.1


SKY COVER
  POSSIBLE SUNSHINE  MM
  AVERAGE SKY COVER 1.0


WEATHER CONDITIONS
THE FOLLOWING WEATHER WAS RECORDED TODAY.
  LIGHT RAIN
  FOG


RELATIVE HUMIDITY (PERCENT)
 HIGHEST   100           300 AM
 LOWEST     96           200 AM
 AVERAGE    98

..........................................................


THE TULSA OKLAHOMA CLIMATE NORMALS FOR TOMORROW
                         NORMAL    RECORD    YEAR
 MAXIMUM TEMPERATURE (F)   69        90      1950
 MINIMUM TEMPERATURE (F)   47        23      1913


SUNRISE AND SUNSET
OCTOBER 28 2020.......SUNRISE   743 AM CDT   SUNSET   631 PM CDT
OCTOBER 29 2020.......SUNRISE   744 AM CDT   SUNSET   630 PM CDT


-  INDICATES NEGATIVE NUMBERS.
R  INDICATES RECORD WAS SET OR TIED.
MM INDICATES DATA IS MISSING.
T  INDICATES TRACE AMOUNT.




$$
