000
CDUS44 KMEG 150633
CLITUP


CLIMATE REPORT
NATIONAL WEATHER SERVICE MEMPHIS TN
132 AM CDT MON OCT 15 2018


...................................

...THE TUPELO CLIMATE SUMMARY FOR OCTOBER 14 2018...

CLIMATE NORMAL PERIOD 1981 TO 2010
CLIMATE RECORD PERIOD 1930 TO 2018


WEATHER ITEM   OBSERVED TIME   RECORD YEAR NORMAL DEPARTURE LAST
                VALUE   (LST)  VALUE       VALUE  FROM      YEAR
                                                  NORMAL
..................................................................
TEMPERATURE (F)
 YESTERDAY
  MAXIMUM         87    336 PM  91    1938  76     11       90
  MINIMUM         61    209 AM  29    1977  51     10       60
  AVERAGE         74                        64     10       75

PRECIPITATION (IN)
  YESTERDAY        0.01          2.19 2014   0.13  -0.12     0.00
  MONTH TO DATE    0.14                      1.87  -1.73     0.38
  SINCE SEP 1      7.06                      5.31   1.75     2.66
  SINCE JAN 1     54.80                     41.78  13.02    38.71

SNOWFALL (IN)
  YESTERDAY        0.0           0.0  2002   0.0    0.0      0.0
                                      2001
  MONTH TO DATE    0.0                       0.0    0.0      0.0
  SINCE SEP 1      0.0                       0.0    0.0      0.0
  SINCE JUL 1      0.0                       0.0    0.0      0.0
  SNOW DEPTH       0

DEGREE DAYS
 HEATING
  YESTERDAY        0                         4     -4        0
  MONTH TO DATE    9                        37    -28        5
  SINCE SEP 1      9                        49    -40       10
  SINCE JUL 1      9                        49    -40       10

 COOLING
  YESTERDAY        9                         2      7       10
  MONTH TO DATE  151                        49    102      116
  SINCE SEP 1    572                       335    237      394
  SINCE JAN 1   2476                      2007    469     2092
..................................................................


WIND (MPH)
  HIGHEST WIND SPEED    18   HIGHEST WIND DIRECTION     S (160)
  HIGHEST GUST SPEED    23   HIGHEST GUST DIRECTION     S (160)
  AVERAGE WIND SPEED     8.5


SKY COVER
  POSSIBLE SUNSHINE  MM
  AVERAGE SKY COVER 0.4


WEATHER CONDITIONS
 THE FOLLOWING WEATHER WAS RECORDED YESTERDAY.
  NO SIGNIFICANT WEATHER WAS OBSERVED.


RELATIVE HUMIDITY (PERCENT)
 HIGHEST    84          1200 AM
 LOWEST     40           300 PM
 AVERAGE    62

..........................................................


THE TUPELO CLIMATE NORMALS FOR TODAY
                         NORMAL    RECORD    YEAR
 MAXIMUM TEMPERATURE (F)   76        91      2015
                                             1938
 MINIMUM TEMPERATURE (F)   51        29      1978


SUNRISE AND SUNSET
OCTOBER 15 2018.......SUNRISE   700 AM CDT   SUNSET   621 PM CDT
OCTOBER 16 2018.......SUNRISE   701 AM CDT   SUNSET   620 PM CDT


-  INDICATES NEGATIVE NUMBERS.
R  INDICATES RECORD WAS SET OR TIED.
MM INDICATES DATA IS MISSING.
T  INDICATES TRACE AMOUNT.




$$
