000
CDUS44 KMEG 172204
CLITUP


CLIMATE REPORT
NATIONAL WEATHER SERVICE MEMPHIS TN
504 PM CDT THU OCT 17 2019


...................................

...THE TUPELO CLIMATE SUMMARY FOR OCTOBER 17 2019...
VALID TODAY AS OF 0500 PM LOCAL TIME.

CLIMATE NORMAL PERIOD 1981 TO 2010
CLIMATE RECORD PERIOD 1930 TO 2019


WEATHER ITEM   OBSERVED TIME   RECORD YEAR NORMAL DEPARTURE LAST
                VALUE   (LST)  VALUE       VALUE  FROM      YEAR
                                                  NORMAL
..................................................................
TEMPERATURE (F)
 TODAY
  MAXIMUM         68    256 PM  90    1938  75     -7       68
  MINIMUM         42    623 AM  28    1977  50     -8       50
  AVERAGE         55                        63     -8       59

PRECIPITATION (IN)
  TODAY            0.00          3.66 1975   0.14  -0.14     0.08
  MONTH TO DATE    2.17                      2.28  -0.11     0.89
  SINCE SEP 1      2.18                      5.72  -3.54     7.81
  SINCE JAN 1     60.55                     42.19  18.36    55.55

SNOWFALL (IN)
  TODAY            0.0

DEGREE DAYS
 HEATING
  TODAY           10                         4      6        6
  MONTH TO DATE   47                        49     -2       26
  SINCE SEP 1     47                        61    -14       26
  SINCE JUL 1     47                        61    -14       26

 COOLING
  TODAY            0                         2     -2        0
  MONTH TO DATE  129                        55     74      154
  SINCE SEP 1    644                       341    303      575
  SINCE JAN 1   2477                      2013    464     2479
..................................................................


WIND (MPH)
  HIGHEST WIND SPEED    13   HIGHEST WIND DIRECTION     N (10)
  HIGHEST GUST SPEED    19   HIGHEST GUST DIRECTION     N (10)
  AVERAGE WIND SPEED     4.0


SKY COVER
  POSSIBLE SUNSHINE  MM
  AVERAGE SKY COVER 0.0


WEATHER CONDITIONS
 THE FOLLOWING WEATHER WAS RECORDED TODAY.
  NO SIGNIFICANT WEATHER WAS OBSERVED.


RELATIVE HUMIDITY (PERCENT)
 HIGHEST    89           200 AM
 LOWEST     37           200 PM
 AVERAGE    63

..........................................................


THE TUPELO CLIMATE NORMALS FOR TOMORROW
                         NORMAL    RECORD    YEAR
 MAXIMUM TEMPERATURE (F)   75        91      2016
 MINIMUM TEMPERATURE (F)   50        28      1978


SUNRISE AND SUNSET
OCTOBER 17 2019.......SUNRISE   702 AM CDT   SUNSET   619 PM CDT
OCTOBER 18 2019.......SUNRISE   703 AM CDT   SUNSET   617 PM CDT


-  INDICATES NEGATIVE NUMBERS.
R  INDICATES RECORD WAS SET OR TIED.
MM INDICATES DATA IS MISSING.
T  INDICATES TRACE AMOUNT.




$$
