000
CDUS44 KMEG 230647
CLITUP

CLIMATE REPORT
NATIONAL WEATHER SERVICE MEMPHIS TN
147 AM CDT WED JUN 23 2021

...................................

...THE TUPELO CLIMATE SUMMARY FOR JUNE 22 2021...

CLIMATE NORMAL PERIOD 1991 TO 2020
CLIMATE RECORD PERIOD 1930 TO 2021


WEATHER ITEM   OBSERVED TIME   RECORD YEAR NORMAL DEPARTURE LAST
                VALUE   (LST)  VALUE       VALUE  FROM      YEAR
                                                  NORMAL
...................................................................
TEMPERATURE (F)
 YESTERDAY
  MAXIMUM         81    437 PM 103    1933  91    -10       88
                                      1936
  MINIMUM         63   1112 PM  53    1992  70     -7       71
  AVERAGE         72                        80     -8       80

PRECIPITATION (IN)
  YESTERDAY        0.00          2.23 1957   0.18  -0.18     0.67
  MONTH TO DATE   12.69                      3.68   9.01     2.94
  SINCE JUN 1     12.69                      3.68   9.01     2.94
  SINCE JAN 1     42.24                     29.89  12.35    40.45

SNOWFALL (IN)
  YESTERDAY        0.0          MM      MM   0.0    0.0      0.0
  MONTH TO DATE    0.0                       0.0    0.0      0.0
  SINCE JUN 1      0.0                       0.0    0.0      0.0
  SINCE JUL 1      5.3                       1.5    3.8      0.1
  SNOW DEPTH       0

DEGREE DAYS
 HEATING
  YESTERDAY        0                         0      0        0
  MONTH TO DATE    0                         0      0        0
  SINCE JUN 1      0                         0      0        0
  SINCE JUL 1   2562                      2727   -165     2392

 COOLING
  YESTERDAY        7                        15     -8       15
  MONTH TO DATE  293                       295     -2      288
  SINCE JUN 1    293                       295     -2      288
  SINCE JAN 1    596                       620    -24      567
...................................................................


WIND (MPH)
  HIGHEST WIND SPEED    17   HIGHEST WIND DIRECTION    NE (30)
  HIGHEST GUST SPEED    22   HIGHEST GUST DIRECTION     N (10)
  AVERAGE WIND SPEED     6.7


SKY COVER
  POSSIBLE SUNSHINE  MM
  AVERAGE SKY COVER 0.2


WEATHER CONDITIONS
THE FOLLOWING WEATHER WAS RECORDED YESTERDAY.
  NO SIGNIFICANT WEATHER WAS OBSERVED.


RELATIVE HUMIDITY (PERCENT)
 HIGHEST    87           100 AM
 LOWEST     35           400 PM
 AVERAGE    61

..........................................................


THE TUPELO CLIMATE NORMALS FOR TODAY
                         NORMAL    RECORD    YEAR
 MAXIMUM TEMPERATURE (F)   91       102      1930
 MINIMUM TEMPERATURE (F)   70        46      1972


SUNRISE AND SUNSET
JUNE 23 2021..........SUNRISE   544 AM CDT   SUNSET   811 PM CDT
JUNE 24 2021..........SUNRISE   544 AM CDT   SUNSET   811 PM CDT


-  INDICATES NEGATIVE NUMBERS.
R  INDICATES RECORD WAS SET OR TIED.
MM INDICATES DATA IS MISSING.
T  INDICATES TRACE AMOUNT.




$$
