000
CDUS44 KMEG 280648
CLITUP

CLIMATE REPORT
NATIONAL WEATHER SERVICE MEMPHIS TN
148 AM CDT TUE JUN 28 2022

...................................

...THE TUPELO CLIMATE SUMMARY FOR JUNE 27 2022...

CLIMATE NORMAL PERIOD 1991 TO 2020
CLIMATE RECORD PERIOD 1930 TO 2022


WEATHER ITEM   OBSERVED TIME   RECORD YEAR NORMAL DEPARTURE LAST
                VALUE   (LST)  VALUE       VALUE  FROM      YEAR
                                                  NORMAL
...................................................................
TEMPERATURE (F)
 YESTERDAY
  MAXIMUM         91    406 PM 104    1954  91      0       93
  MINIMUM         72   1013 PM  52    1974  71      1       73
  AVERAGE         82                        81      1       83

PRECIPITATION (IN)
  YESTERDAY        0.00          2.02 2003   0.16  -0.16     0.00
  MONTH TO DATE    0.55                      4.50  -3.95    12.69
  SINCE JUN 1      0.55                      4.50  -3.95    12.69
  SINCE JAN 1     29.44                     30.71  -1.27    42.24

SNOWFALL (IN)
  YESTERDAY        0.0          MM      MM   0.0    0.0      0.0
  MONTH TO DATE    0.0                       0.0    0.0      0.0
  SINCE JUN 1      0.0                       0.0    0.0      0.0
  SINCE JUL 1      2.5                       1.5    1.0      5.3
  SNOW DEPTH       0

DEGREE DAYS
 HEATING
  YESTERDAY        0                         0      0        0
  MONTH TO DATE    0                         0      0        0
  SINCE JUN 1      0                         0      0        0
  SINCE JUL 1   2358                      2727   -369     2562

 COOLING
  YESTERDAY       17                        16      1       18
  MONTH TO DATE  481                       375    106      369
  SINCE JUN 1    481                       375    106      369
  SINCE JAN 1    888                       700    188      672
...................................................................


WIND (MPH)
  HIGHEST WIND SPEED    20   HIGHEST WIND DIRECTION     N (20)
  HIGHEST GUST SPEED    26   HIGHEST GUST DIRECTION     N (10)
  AVERAGE WIND SPEED    11.3


SKY COVER
  POSSIBLE SUNSHINE  MM
  AVERAGE SKY COVER 0.2


WEATHER CONDITIONS
THE FOLLOWING WEATHER WAS RECORDED YESTERDAY.
  NO SIGNIFICANT WEATHER WAS OBSERVED.


RELATIVE HUMIDITY (PERCENT)
 HIGHEST    88           300 AM
 LOWEST     34           700 PM
 AVERAGE    61

..........................................................


THE TUPELO CLIMATE NORMALS FOR TODAY
                         NORMAL    RECORD    YEAR
 MAXIMUM TEMPERATURE (F)   91       104      1952
                                             1954
                                             2012
 MINIMUM TEMPERATURE (F)   71        53      1974


SUNRISE AND SUNSET
JUNE 28 2022..........SUNRISE   546 AM CDT   SUNSET   811 PM CDT
JUNE 29 2022..........SUNRISE   546 AM CDT   SUNSET   811 PM CDT


-  INDICATES NEGATIVE NUMBERS.
R  INDICATES RECORD WAS SET OR TIED.
MM INDICATES DATA IS MISSING.
T  INDICATES TRACE AMOUNT.




$$
