000
CDUS44 KMEG 170734
CLITUP


CLIMATE REPORT
NATIONAL WEATHER SERVICE MEMPHIS TN
134 AM CST SAT FEB 17 2018


...................................

...THE TUPELO CLIMATE SUMMARY FOR FEBRUARY 16 2018...

CLIMATE NORMAL PERIOD 1981 TO 2010
CLIMATE RECORD PERIOD 1930 TO 2018


WEATHER ITEM   OBSERVED TIME   RECORD YEAR NORMAL DEPARTURE LAST
                VALUE   (LST)  VALUE       VALUE  FROM      YEAR
                                                  NORMAL
..................................................................
TEMPERATURE (F)
 YESTERDAY
  MAXIMUM         68   1245 AM  76    1961  57     11       64
  MINIMUM         46   1159 PM  11    1977  36     10       30
  AVERAGE         57                        46     11       47

PRECIPITATION (IN)
  YESTERDAY        0.01          1.99 2001   0.18  -0.17     0.00
  MONTH TO DATE    6.46                      2.67   3.79     1.09
  SINCE DEC 1     16.29                     13.43   2.86    11.76
  SINCE JAN 1      9.83                      7.15   2.68     6.86

SNOWFALL (IN)
  YESTERDAY        0.0           T    1996   0.0    0.0      0.0
                                      1937
  MONTH TO DATE    0.0                       0.4   -0.4      0.0
  SINCE DEC 1      0.8                       1.6   -0.8       T
  SINCE JUL 1      0.8                       1.6   -0.8       T
  SNOW DEPTH       0

DEGREE DAYS
 HEATING
  YESTERDAY        8                        19    -11       18
  MONTH TO DATE  286                       330    -44      222
  SINCE DEC 1   1772                      1704     68     1241
  SINCE JUL 1   2262                      2226     36     1535

 COOLING
  YESTERDAY        0                         0      0        0
  MONTH TO DATE    6                         0      6        0
  SINCE DEC 1      6                         3      3       15
  SINCE JAN 1      6                         1      5        8
..................................................................


WIND (MPH)
  HIGHEST WIND SPEED    25   HIGHEST WIND DIRECTION     N (340)
  HIGHEST GUST SPEED    31   HIGHEST GUST DIRECTION    NW (310)
  AVERAGE WIND SPEED    12.1


SKY COVER
  POSSIBLE SUNSHINE  MM
  AVERAGE SKY COVER 0.9


WEATHER CONDITIONS
 THE FOLLOWING WEATHER WAS RECORDED YESTERDAY.
  LIGHT RAIN
  FOG
  HAZE


RELATIVE HUMIDITY (PERCENT)
 HIGHEST    87          1000 AM
 LOWEST     71           400 PM
 AVERAGE    79

..........................................................


THE TUPELO CLIMATE NORMALS FOR TODAY
                         NORMAL    RECORD    YEAR
 MAXIMUM TEMPERATURE (F)   57        79      1976
 MINIMUM TEMPERATURE (F)   36         4      1958


SUNRISE AND SUNSET
FEBRUARY 17 2018......SUNRISE   638 AM CST   SUNSET   541 PM CST
FEBRUARY 18 2018......SUNRISE   637 AM CST   SUNSET   542 PM CST


-  INDICATES NEGATIVE NUMBERS.
R  INDICATES RECORD WAS SET OR TIED.
MM INDICATES DATA IS MISSING.
T  INDICATES TRACE AMOUNT.




$$
