000
CDUS44 KMEG 232301
CLITUP


CLIMATE REPORT
NATIONAL WEATHER SERVICE MEMPHIS TN
501 PM CST WED JAN 23 2019


...................................

...THE TUPELO CLIMATE SUMMARY FOR JANUARY 23 2019...
VALID TODAY AS OF 0500 PM LOCAL TIME.

CLIMATE NORMAL PERIOD 1981 TO 2010
CLIMATE RECORD PERIOD 1930 TO 2019


WEATHER ITEM   OBSERVED TIME   RECORD YEAR NORMAL DEPARTURE LAST
                VALUE   (LST)  VALUE       VALUE  FROM      YEAR
                                                  NORMAL
..................................................................
TEMPERATURE (F)
 TODAY
  MAXIMUM         56   1221 PM  79    1943  52      4       53
  MINIMUM         50   1214 AM   2    1963  32     18       30
  AVERAGE         53                        42     11       42

PRECIPITATION (IN)
  TODAY            0.36          1.56 1974   0.14   0.22     0.00
  MONTH TO DATE    5.15                      3.32   1.83     3.08
  SINCE DEC 1     12.70                      9.60   3.10     9.54
  SINCE JAN 1      5.15                      3.32   1.83     3.08

SNOWFALL (IN)
  TODAY            0.0

DEGREE DAYS
 HEATING
  TODAY           12                        23    -11       23
  MONTH TO DATE  441                       543   -102      659
  SINCE DEC 1   1017                      1194   -177     1320
  SINCE JUL 1   1619                      1716    -97     1810

 COOLING
  TODAY            0                         0      0        0
  MONTH TO DATE    0                         0      0        0
  SINCE DEC 1      0                         2     -2        0
  SINCE JAN 1      0                         0      0        0
..................................................................


WIND (MPH)
  HIGHEST WIND SPEED    26   HIGHEST WIND DIRECTION    SE (150)
  HIGHEST GUST SPEED    36   HIGHEST GUST DIRECTION    SE (140)
  AVERAGE WIND SPEED    14.3


SKY COVER
  POSSIBLE SUNSHINE  MM
  AVERAGE SKY COVER 1.0


WEATHER CONDITIONS
 THE FOLLOWING WEATHER WAS RECORDED TODAY.
  RAIN
  LIGHT RAIN
  FOG


RELATIVE HUMIDITY (PERCENT)
 HIGHEST    93          1000 AM
 LOWEST     74          1200 AM
 AVERAGE    84

..........................................................


THE TUPELO CLIMATE NORMALS FOR TOMORROW
                         NORMAL    RECORD    YEAR
 MAXIMUM TEMPERATURE (F)   52        80      1972
 MINIMUM TEMPERATURE (F)   32        -2      1963


SUNRISE AND SUNSET
JANUARY 23 2019.......SUNRISE   658 AM CST   SUNSET   516 PM CST
JANUARY 24 2019.......SUNRISE   658 AM CST   SUNSET   517 PM CST


-  INDICATES NEGATIVE NUMBERS.
R  INDICATES RECORD WAS SET OR TIED.
MM INDICATES DATA IS MISSING.
T  INDICATES TRACE AMOUNT.




$$
