000
CDUS44 KMEG 310704
CLITUP


CLIMATE REPORT
NATIONAL WEATHER SERVICE MEMPHIS TN
203 AM CDT SAT OCT 31 2020


...................................

...THE TUPELO CLIMATE SUMMARY FOR OCTOBER 30 2020...

CLIMATE NORMAL PERIOD 1981 TO 2010
CLIMATE RECORD PERIOD 1930 TO 2020


WEATHER ITEM   OBSERVED TIME   RECORD YEAR NORMAL DEPARTURE LAST
                VALUE   (LST)  VALUE       VALUE  FROM      YEAR
                                                  NORMAL
..................................................................
TEMPERATURE (F)
 YESTERDAY
  MAXIMUM         60    347 PM  89    1937  71    -11       74
  MINIMUM         44   1159 PM  28    1952  46     -2       59
  AVERAGE         52                        58     -6       67

PRECIPITATION (IN)
  YESTERDAY        0.00          3.20 1960   0.12  -0.12     1.26
  MONTH TO DATE    5.84                      3.99   1.85     6.45
  SINCE SEP 1      9.78                      7.43   2.35     6.46
  SINCE JAN 1     64.88                     43.90  20.98    64.83

SNOWFALL (IN)
  YESTERDAY        0.0           T    1993   0.0    0.0      0.0
  MONTH TO DATE    0.0                       0.0    0.0      0.0
  SINCE SEP 1      0.0                       0.0    0.0      0.0
  SINCE JUL 1      0.0                       0.0    0.0      0.0
  SNOW DEPTH       0

DEGREE DAYS
 HEATING
  YESTERDAY       13                         8      5        0
  MONTH TO DATE   68                       129    -61      109
  SINCE SEP 1     72                       141    -69      109
  SINCE JUL 1     72                       141    -69      109

 COOLING
  YESTERDAY        0                         1     -1        2
  MONTH TO DATE   92                        75     17      139
  SINCE SEP 1    399                       361     38      654
  SINCE JAN 1   2187                      2033    154     2487
..................................................................


WIND (MPH)
  HIGHEST WIND SPEED    18   HIGHEST WIND DIRECTION     N (10)
  HIGHEST GUST SPEED    23   HIGHEST GUST DIRECTION     N (20)
  AVERAGE WIND SPEED     8.5


SKY COVER
  POSSIBLE SUNSHINE  MM
  AVERAGE SKY COVER 0.4


WEATHER CONDITIONS
 THE FOLLOWING WEATHER WAS RECORDED YESTERDAY.
  NO SIGNIFICANT WEATHER WAS OBSERVED.


RELATIVE HUMIDITY (PERCENT)
 HIGHEST    89          1100 PM
 LOWEST     46           300 PM
 AVERAGE    68

..........................................................


THE TUPELO CLIMATE NORMALS FOR TODAY
                         NORMAL    RECORD    YEAR
 MAXIMUM TEMPERATURE (F)   70        89      2016
                                             1937
 MINIMUM TEMPERATURE (F)   46        24      1980


SUNRISE AND SUNSET
OCTOBER 31 2020.......SUNRISE   715 AM CDT   SUNSET   602 PM CDT
NOVEMBER  1 2020......SUNRISE   615 AM CST   SUNSET   501 PM CST


-  INDICATES NEGATIVE NUMBERS.
R  INDICATES RECORD WAS SET OR TIED.
MM INDICATES DATA IS MISSING.
T  INDICATES TRACE AMOUNT.




$$
