000
CDUS45 KTWC 110733
CLITUS


CLIMATE REPORT
NATIONAL WEATHER SERVICE TUCSON AZ
1233 AM MST WED DEC 11 2019

...................................

...THE TUCSON AZ CLIMATE SUMMARY FOR DECEMBER 10 2019...

CLIMATE NORMAL PERIOD 1981 TO 2010
CLIMATE RECORD PERIOD 1895 TO 2019


WEATHER ITEM   OBSERVED TIME   RECORD YEAR NORMAL DEPARTURE LAST
                VALUE   (LST)  VALUE       VALUE  FROM      YEAR
                                                  NORMAL
...................................................................
TEMPERATURE (F)
 YESTERDAY
  MAXIMUM         66    407 PM  82    1939  65      1       70
                                      1950
  MINIMUM         47    238 AM  19    1916  39      8       44
  AVERAGE         57                        52      5       57

PRECIPITATION (IN)
  YESTERDAY        0.00          0.89 1965   0.03  -0.03     0.00
  MONTH TO DATE    0.53                      0.30   0.23     0.72
  SINCE OCT 1      2.86                      1.76   1.10     3.66
  SINCE JAN 1     12.95                     10.96   1.99    12.66

SNOWFALL (IN)
  YESTERDAY       MM
  MONTH TO DATE    0.0
  SINCE JUL 1      0.0

DEGREE DAYS
 HEATING
  YESTERDAY        8                        13     -5        8
  MONTH TO DATE   62                       119    -57      105
  SINCE DEC 1     62                       119    -57      105
  SINCE JUL 1    190                       325   -135      275

 COOLING
  YESTERDAY        0                         0      0        0
  MONTH TO DATE    0                         0      0        0
  SINCE DEC 1      0                         0      0        0
  SINCE JAN 1   3368                      3146    222     3577
...................................................................


WIND (MPH)
  HIGHEST WIND SPEED     8   HIGHEST WIND DIRECTION    SE (140)
  HIGHEST GUST SPEED    11   HIGHEST GUST DIRECTION     N (360)
  AVERAGE WIND SPEED     3.3


SKY COVER
  POSSIBLE SUNSHINE  MM
  AVERAGE SKY COVER 0.3


WEATHER CONDITIONS
THE FOLLOWING WEATHER WAS RECORDED YESTERDAY.
  FOG


RELATIVE HUMIDITY (PERCENT)
 HIGHEST    93           500 AM
 LOWEST     38           300 PM
 AVERAGE    66

..........................................................


THE TUCSON AZ CLIMATE NORMALS FOR TODAY
                         NORMAL    RECORD    YEAR
 MAXIMUM TEMPERATURE (F)   65        83      1939
 MINIMUM TEMPERATURE (F)   39        15      1916


SUNRISE AND SUNSET
DECEMBER 11 2019......SUNRISE   714 AM MST   SUNSET   520 PM MST
DECEMBER 12 2019......SUNRISE   715 AM MST   SUNSET   520 PM MST


-  INDICATES NEGATIVE NUMBERS.
R  INDICATES RECORD WAS SET OR TIED.
MM INDICATES DATA IS MISSING.
T  INDICATES TRACE AMOUNT.




$$
