000
CDUS45 KTWC 170733
CLITUS

CLIMATE REPORT
NATIONAL WEATHER SERVICE TUCSON AZ
1233 AM MST WED OCT 17 2018


...................................

...THE TUCSON AZ CLIMATE SUMMARY FOR OCTOBER 16 2018...

CLIMATE NORMAL PERIOD 1981 TO 2010
CLIMATE RECORD PERIOD 1895 TO 2018


WEATHER ITEM   OBSERVED TIME   RECORD YEAR NORMAL DEPARTURE LAST
                VALUE   (LST)  VALUE       VALUE  FROM      YEAR
                                                  NORMAL
..................................................................
TEMPERATURE (F)
 YESTERDAY
  MAXIMUM         70    332 PM 100    1991  85    -15       94
  MINIMUM         54    731 AM  32    1899  57     -3       71
  AVERAGE         62                        71     -9       83

PRECIPITATION (IN)
  YESTERDAY        0.30          0.70 1985   0.03   0.27     0.00
  MONTH TO DATE    2.30                      0.54   1.76     0.00
  SINCE OCT 1      2.30                      0.54   1.76     0.00
  SINCE JAN 1     11.30                      9.74   1.56    10.18

DEGREE DAYS
 HEATING
  YESTERDAY        3                         1      2        0
  MONTH TO DATE    8                         2      6        0
  SINCE SEP 1      8                         2      6        0
  SINCE JUL 1      8                         2      6        0

 COOLING
  YESTERDAY        0                         7     -7       18
  MONTH TO DATE   77                       144    -67      230
  SINCE SEP 1    680                       641     39      776
  SINCE JAN 1   3484                      3051    433     3615
..................................................................


WIND (MPH)
  HIGHEST WIND SPEED    24   HIGHEST WIND DIRECTION    SE (120)
  HIGHEST GUST SPEED    34   HIGHEST GUST DIRECTION    SE (130)
  AVERAGE WIND SPEED    10.8


SKY COVER
  POSSIBLE SUNSHINE  MM
  AVERAGE SKY COVER  MM


WEATHER CONDITIONS
 THE FOLLOWING WEATHER WAS RECORDED YESTERDAY.
  THUNDERSTORM
  FOG


RELATIVE HUMIDITY (PERCENT)
 HIGHEST    MM
 LOWEST     MM
 AVERAGE    MM

..........................................................


THE TUCSON AZ CLIMATE NORMALS FOR TODAY
                         NORMAL    RECORD    YEAR
 MAXIMUM TEMPERATURE (F)   85        99      2009
 MINIMUM TEMPERATURE (F)   57        37      1899


SUNRISE AND SUNSET
OCTOBER 17 2018.......SUNRISE   629 AM MST   SUNSET   549 PM MST
OCTOBER 18 2018.......SUNRISE   630 AM MST   SUNSET   548 PM MST


-  INDICATES NEGATIVE NUMBERS.
R  INDICATES RECORD WAS SET OR TIED.
MM INDICATES DATA IS MISSING.
T  INDICATES TRACE AMOUNT.




$$
