000
CDUS45 KTWC 161426
CLITUS

CLIMATE REPORT
NATIONAL WEATHER SERVICE TUCSON AZ
725 AM MST MON JUL 16 2018


...................................

...THE TUCSON AZ CLIMATE SUMMARY FOR JULY 16 2018...
VALID AS OF 0700 AM LOCAL TIME.

CLIMATE NORMAL PERIOD 1981 TO 2010
CLIMATE RECORD PERIOD 1895 TO 2018


WEATHER ITEM   OBSERVED TIME   RECORD YEAR NORMAL DEPARTURE LAST
                VALUE   (LST)  VALUE       VALUE  FROM      YEAR
                                                  NORMAL
..................................................................
TEMPERATURE (F)
 TODAY
  MINIMUM         76    459 AM  64    1905  75      1       71

PRECIPITATION (IN)
  TODAY            0.00          1.90 1919   0.08  -0.08     0.18
  MONTH TO DATE    1.77                      0.89   0.88     2.67
  SINCE OCT 1      5.25                      6.55  -1.30     5.96
  SINCE JAN 1      4.66                      4.16   0.50     4.28

DEGREE DAYS
 HEATING
  TODAY            0                         0      0        0

 COOLING
  TODAY           13                        22     -9       19
..................................................................


WIND (MPH)
  HIGHEST WIND SPEED    12   HIGHEST WIND DIRECTION    SE (150)
  HIGHEST GUST SPEED    13   HIGHEST GUST DIRECTION    SE (140)
  AVERAGE WIND SPEED    MM


SKY COVER
  POSSIBLE SUNSHINE  MM
  AVERAGE SKY COVER  MM


WEATHER CONDITIONS
 THE FOLLOWING WEATHER WAS RECORDED TODAY.
  NO SIGNIFICANT WEATHER WAS OBSERVED.


RELATIVE HUMIDITY (PERCENT)
 HIGHEST    MM

..........................................................


THE TUCSON AZ CLIMATE NORMALS FOR TOMORROW
                         NORMAL    RECORD    YEAR
 MAXIMUM TEMPERATURE (F)  100       111      2005
 MINIMUM TEMPERATURE (F)   75        65      1909
                                             1905


SUNRISE AND SUNSET
JULY 16 2018..........SUNRISE   529 AM MST   SUNSET   731 PM MST
JULY 17 2018..........SUNRISE   529 AM MST   SUNSET   730 PM MST


-  INDICATES NEGATIVE NUMBERS.
R  INDICATES RECORD WAS SET OR TIED.
MM INDICATES DATA IS MISSING.
T  INDICATES TRACE AMOUNT.




$$
