000
CDUS45 KTWC 261429
CLITUS

CLIMATE REPORT
NATIONAL WEATHER SERVICE TUCSON AZ
729 AM MST MON OCT 26 2020

...................................

...THE TUCSON AZ CLIMATE SUMMARY FOR OCTOBER 26 2020...
VALID AS OF 0700 AM LOCAL TIME.

CLIMATE NORMAL PERIOD 1981 TO 2010
CLIMATE RECORD PERIOD 1895 TO 2020


WEATHER ITEM   OBSERVED TIME   RECORD YEAR NORMAL DEPARTURE LAST
                VALUE   (LST)  VALUE       VALUE  FROM      YEAR
                                                  NORMAL
...................................................................
TEMPERATURE (F)
 TODAY
  MINIMUM         61    345 AM  32    1899  54      7       49

PRECIPITATION (IN)
  TODAY            0.00          1.61 1996   0.02  -0.02     0.00
  MONTH TO DATE    T                         0.78  -0.78     0.01
  SINCE OCT 1      T                         0.78  -0.78     0.01
  SINCE JAN 1      3.77                      9.98  -6.21    10.10

DEGREE DAYS
 HEATING
  TODAY            2                         2      0        0

 COOLING
  TODAY            0                         4     -4        2
...................................................................


WIND (MPH)
  HIGHEST WIND SPEED    15   HIGHEST WIND DIRECTION    SW (240)
  HIGHEST GUST SPEED    21   HIGHEST GUST DIRECTION     W (250)
  AVERAGE WIND SPEED     6.3


SKY COVER
  POSSIBLE SUNSHINE  MM
  AVERAGE SKY COVER 0.2


WEATHER CONDITIONS
THE FOLLOWING WEATHER WAS RECORDED TODAY.
  NO SIGNIFICANT WEATHER WAS OBSERVED.


RELATIVE HUMIDITY (PERCENT)
 HIGHEST    60           400 AM

..........................................................


THE TUCSON AZ CLIMATE NORMALS FOR TOMORROW
                         NORMAL    RECORD    YEAR
 MAXIMUM TEMPERATURE (F)   81        97      2016
 MINIMUM TEMPERATURE (F)   53        35      1970


SUNRISE AND SUNSET
OCTOBER 26 2020.......SUNRISE   636 AM MST   SUNSET   539 PM MST
OCTOBER 27 2020.......SUNRISE   637 AM MST   SUNSET   538 PM MST


-  INDICATES NEGATIVE NUMBERS.
R  INDICATES RECORD WAS SET OR TIED.
MM INDICATES DATA IS MISSING.
T  INDICATES TRACE AMOUNT.




$$
