688
CDUS45 KTWC 131426
CLITUS


CLIMATE REPORT
NATIONAL WEATHER SERVICE TUCSON AZ
726 AM MST SUN OCT 13 2019


...................................

...THE TUCSON AZ CLIMATE SUMMARY FOR OCTOBER 13 2019...
VALID AS OF 0700 AM LOCAL TIME.

CLIMATE NORMAL PERIOD 1981 TO 2010
CLIMATE RECORD PERIOD 1895 TO 2019


WEATHER ITEM   OBSERVED TIME   RECORD YEAR NORMAL DEPARTURE LAST
                VALUE   (LST)  VALUE       VALUE  FROM      YEAR
                                                  NORMAL
..................................................................
TEMPERATURE (F)
 TODAY
  MINIMUM         58    651 AM  38    2008  58      0       60

PRECIPITATION (IN)
  TODAY            0.00          0.69 2018   0.03  -0.03     0.69
  MONTH TO DATE    0.01                      0.45  -0.44     1.68
  SINCE OCT 1      0.01                      0.45  -0.44     1.68
  SINCE JAN 1     10.10                      9.65   0.45    10.68

DEGREE DAYS
 HEATING
  TODAY            3                         0      3        1

 COOLING
  TODAY            0                         7     -7        0
..................................................................


WIND (MPH)
  HIGHEST WIND SPEED    14   HIGHEST WIND DIRECTION    SE (150)
  HIGHEST GUST SPEED    16   HIGHEST GUST DIRECTION    SE (150)
  AVERAGE WIND SPEED    MM


SKY COVER
  POSSIBLE SUNSHINE  MM
  AVERAGE SKY COVER  MM


WEATHER CONDITIONS
 THE FOLLOWING WEATHER WAS RECORDED TODAY.
  NO SIGNIFICANT WEATHER WAS OBSERVED.


RELATIVE HUMIDITY (PERCENT)
 HIGHEST    MM

..........................................................


THE TUCSON AZ CLIMATE NORMALS FOR TOMORROW
                         NORMAL    RECORD    YEAR
 MAXIMUM TEMPERATURE (F)   86        98      1991
                                             1938
                                             1898
 MINIMUM TEMPERATURE (F)   58        33      1920


SUNRISE AND SUNSET
OCTOBER 13 2019.......SUNRISE   626 AM MST   SUNSET   554 PM MST
OCTOBER 14 2019.......SUNRISE   626 AM MST   SUNSET   553 PM MST


-  INDICATES NEGATIVE NUMBERS.
R  INDICATES RECORD WAS SET OR TIED.
MM INDICATES DATA IS MISSING.
T  INDICATES TRACE AMOUNT.




$$
