000
CDUS43 KAPX 180538
CLITVC


CLIMATE REPORT
NATIONAL WEATHER SERVICE GAYLORD MI
137 AM EDT WED JUL 18 2018


...................................

...THE TRAVERSE CITY MI CLIMATE SUMMARY FOR JULY 17 2018...

CLIMATE NORMAL PERIOD 1981 TO 2010
CLIMATE RECORD PERIOD 1896 TO 2018


WEATHER ITEM   OBSERVED TIME   RECORD YEAR NORMAL DEPARTURE LAST
                VALUE   (LST)  VALUE       VALUE  FROM      YEAR
                                                  NORMAL
..................................................................
TEMPERATURE (F)
 YESTERDAY
  MAXIMUM         73    224 PM 101    1931  81     -8       80
  MINIMUM         58    444 AM  43    1941  58      0       51
  AVERAGE         66                        69     -3       66

PRECIPITATION (IN)
  YESTERDAY        0.00          3.09 1982   0.10  -0.10     0.00
  MONTH TO DATE    0.89                      1.63  -0.74     0.94
  SINCE JUN 1      2.53                      4.79  -2.26     5.16
  SINCE JAN 1     12.46                     16.34  -3.88    15.13

DEGREE DAYS
 HEATING
  YESTERDAY        0                         1     -1        0
  MONTH TO DATE    0                        18    -18        3
  SINCE JUN 1     44                       130    -86       50
  SINCE JUL 1      0                        18    -18        3

 COOLING
  YESTERDAY        1                         5     -4        1
  MONTH TO DATE  177                        85     92       68
  SINCE JUN 1    292                       166    126      177
  SINCE JAN 1    383                       186    197      198
..................................................................


WIND (MPH)
  HIGHEST WIND SPEED    17   HIGHEST WIND DIRECTION     N (360)
  HIGHEST GUST SPEED    28   HIGHEST GUST DIRECTION    NW (320)
  AVERAGE WIND SPEED     8.7




RELATIVE HUMIDITY (PERCENT)
 HIGHEST    80
 LOWEST     49
 AVERAGE    65

..........................................................


THE TRAVERSE CITY MI CLIMATE NORMALS FOR TODAY
                         NORMAL    RECORD    YEAR
 MAXIMUM TEMPERATURE (F)   81        98      1942
 MINIMUM TEMPERATURE (F)   58        44      1979


SUNRISE AND SUNSET
JULY 18 2018..........SUNRISE   614 AM EDT   SUNSET   923 PM EDT
JULY 19 2018..........SUNRISE   615 AM EDT   SUNSET   922 PM EDT


-  INDICATES NEGATIVE NUMBERS.
R  INDICATES RECORD WAS SET OR TIED.
MM INDICATES DATA IS MISSING.
T  INDICATES TRACE AMOUNT.




$$
