000
CDUS43 KAPX 230541
CLITVC


CLIMATE REPORT
NATIONAL WEATHER SERVICE GAYLORD MI
1241 AM EST WED JAN 23 2019


...................................

...THE TRAVERSE CITY MI CLIMATE SUMMARY FOR JANUARY 22 2019...

CLIMATE NORMAL PERIOD 1981 TO 2010
CLIMATE RECORD PERIOD 1896 TO 2019


WEATHER ITEM   OBSERVED TIME   RECORD YEAR NORMAL DEPARTURE LAST
                VALUE   (LST)  VALUE       VALUE  FROM      YEAR
                                                  NORMAL
..................................................................
TEMPERATURE (F)
 YESTERDAY
  MAXIMUM         23   1159 PM  49    2002  27     -4       38
                                      1933
  MINIMUM          8   1245 AM -10    1954  15     -7       33
  AVERAGE         16                        21     -5       36

PRECIPITATION (IN)
  YESTERDAY        0.02          0.72 1933   0.08  -0.06     0.58
  MONTH TO DATE    0.43                      2.10  -1.67     1.03
  SINCE DEC 1      2.22                      4.59  -2.37     2.35
  SINCE JAN 1      0.43                      2.10  -1.67     1.03

DEGREE DAYS
 HEATING
  YESTERDAY       49                        44      5       29
  MONTH TO DATE  926                       953    -27      938
  SINCE DEC 1   1940                      2142   -202     2210
  SINCE JUL 1   3485                      3761   -276     3504
..................................................................


WIND (MPH)
  HIGHEST WIND SPEED    15   HIGHEST WIND DIRECTION    SE (150)
  HIGHEST GUST SPEED    25   HIGHEST GUST DIRECTION    SE (150)
  AVERAGE WIND SPEED     5.1




RELATIVE HUMIDITY (PERCENT)
 HIGHEST    88
 LOWEST     35
 AVERAGE    62

..........................................................


THE TRAVERSE CITY MI CLIMATE NORMALS FOR TODAY
                         NORMAL    RECORD    YEAR
 MAXIMUM TEMPERATURE (F)   28        48      1967
 MINIMUM TEMPERATURE (F)   15       -12      2005
                                             1948


SUNRISE AND SUNSET
JANUARY 23 2019.......SUNRISE   811 AM EST   SUNSET   538 PM EST
JANUARY 24 2019.......SUNRISE   810 AM EST   SUNSET   539 PM EST


-  INDICATES NEGATIVE NUMBERS.
R  INDICATES RECORD WAS SET OR TIED.
MM INDICATES DATA IS MISSING.
T  INDICATES TRACE AMOUNT.




$$
