585
CDUS43 KAPX 192126
CLITVC


CLIMATE REPORT
NATIONAL WEATHER SERVICE GAYLORD MI
526 PM EDT SAT OCT 19 2019


...................................

...THE TRAVERSE CITY MI CLIMATE SUMMARY FOR OCTOBER 19 2019...
VALID TODAY AS OF 0500 PM LOCAL TIME.

CLIMATE NORMAL PERIOD 1981 TO 2010
CLIMATE RECORD PERIOD 1896 TO 2019


WEATHER ITEM   OBSERVED TIME   RECORD YEAR NORMAL DEPARTURE LAST
                VALUE   (LST)  VALUE       VALUE  FROM      YEAR
                                                  NORMAL
..................................................................
TEMPERATURE (F)
 TODAY
  MAXIMUM         63    300 PM  80    1971  56      7       59
  MINIMUM         42        MM  25    1959  38      4       49
  AVERAGE         53                        47      6       54

PRECIPITATION (IN)
  TODAY            0.00          1.00 1984   0.10  -0.10     0.08
  MONTH TO DATE    1.83                      2.00  -0.17     2.60
  SINCE SEP 1      7.76                      5.53   2.23     6.37
  SINCE JAN 1     26.55                     26.64  -0.09    24.89

SNOWFALL (IN)
  TODAY           MM            MM      MM   0.0   MM       MM
  MONTH TO DATE    0.0                       0.0    0.0     MM
  SINCE OCT 1      0.0                       0.0    0.0     MM
  SINCE JUL 1      0.0                       0.0    0.0     MM

DEGREE DAYS
 HEATING
  TODAY           12                        18     -6       11
  MONTH TO DATE  256                       284    -28      241
  SINCE SEP 1    332                       477   -145      351
  SINCE JUL 1    360                       546   -186      357

 COOLING
  TODAY            0                         0      0        0
  MONTH TO DATE    3                         0      3       14
  SINCE SEP 1     71                        38     33      120
  SINCE JAN 1    476                       407     69      840
..................................................................


WIND (MPH)
  RESULTANT WIND SPEED   5   RESULTANT WIND DIRECTION   S (170)
  HIGHEST WIND SPEED    10   HIGHEST WIND DIRECTION     S (170)
  HIGHEST GUST SPEED    22   HIGHEST GUST DIRECTION     S (170)
  AVERAGE WIND SPEED     6.3


SKY COVER
  POSSIBLE SUNSHINE  MM
  AVERAGE SKY COVER 0.3


WEATHER CONDITIONS
 THE FOLLOWING WEATHER WAS RECORDED TODAY.
  NO SIGNIFICANT WEATHER WAS OBSERVED.


RELATIVE HUMIDITY (PERCENT)
 HIGHEST    76          1200 AM
 LOWEST     48           100 PM
 AVERAGE    62

..........................................................




SUNRISE AND SUNSET
OCTOBER 19 2019.......SUNRISE   803 AM EDT   SUNSET   651 PM EDT
OCTOBER 20 2019.......SUNRISE   804 AM EDT   SUNSET   650 PM EDT


-  INDICATES NEGATIVE NUMBERS.
R  INDICATES RECORD WAS SET OR TIED.
MM INDICATES DATA IS MISSING.
T  INDICATES TRACE AMOUNT.




$$
