000
CDUS43 KAPX 220537
CLITVC


CLIMATE REPORT
NATIONAL WEATHER SERVICE GAYLORD MI
137 AM EDT THU OCT 22 2020


...................................

...THE TRAVERSE CITY MI CLIMATE SUMMARY FOR OCTOBER 21 2020...

CLIMATE NORMAL PERIOD 1981 TO 2010
CLIMATE RECORD PERIOD 1896 TO 2020


WEATHER ITEM   OBSERVED TIME   RECORD YEAR NORMAL DEPARTURE LAST
                VALUE   (LST)  VALUE       VALUE  FROM      YEAR
                                                  NORMAL
..................................................................
TEMPERATURE (F)
 YESTERDAY
  MAXIMUM         49    244 PM  82    1953  55     -6       62
  MINIMUM         42   1159 PM  21    1959  38      4       44
  AVERAGE         46                        46      0       53

PRECIPITATION (IN)
  YESTERDAY        0.04          1.10 1933   0.09  -0.05     0.28
  MONTH TO DATE    2.24                      2.19   0.05     2.11
  SINCE SEP 1      4.87                      5.72  -0.85     8.04
  SINCE JAN 1     27.57                     26.83   0.74    26.83

DEGREE DAYS
 HEATING
  YESTERDAY       19                        19      0       12
  MONTH TO DATE  341                       321     20      279
  SINCE SEP 1    492                       514    -22      355
  SINCE JUL 1    502                       583    -81      383

 COOLING
  YESTERDAY        0                         0      0        0
  MONTH TO DATE    0                         0      0        3
  SINCE SEP 1     32                        38     -6       71
  SINCE JAN 1    708                       407    301      476
..................................................................


WIND (MPH)
  HIGHEST WIND SPEED    18   HIGHEST WIND DIRECTION     W (250)
  HIGHEST GUST SPEED    28   HIGHEST GUST DIRECTION    SW (240)
  AVERAGE WIND SPEED     5.6




RELATIVE HUMIDITY (PERCENT)
 HIGHEST    92
 LOWEST     66
 AVERAGE    79

..........................................................


THE TRAVERSE CITY MI CLIMATE NORMALS FOR TODAY
                         NORMAL    RECORD    YEAR
 MAXIMUM TEMPERATURE (F)   55        83      1947
 MINIMUM TEMPERATURE (F)   37        22      2008


SUNRISE AND SUNSET
OCTOBER 22 2020.......SUNRISE   807 AM EDT   SUNSET   645 PM EDT
OCTOBER 23 2020.......SUNRISE   809 AM EDT   SUNSET   644 PM EDT


-  INDICATES NEGATIVE NUMBERS.
R  INDICATES RECORD WAS SET OR TIED.
MM INDICATES DATA IS MISSING.
T  INDICATES TRACE AMOUNT.




$$
