024
CDUS43 KAPX 250529
CLITVC


CLIMATE REPORT
NATIONAL WEATHER SERVICE GAYLORD MI
129 AM EDT SUN AUG 25 2019


...................................

...THE TRAVERSE CITY MI CLIMATE SUMMARY FOR AUGUST 24 2019...

CLIMATE NORMAL PERIOD 1981 TO 2010
CLIMATE RECORD PERIOD 1896 TO 2019


WEATHER ITEM   OBSERVED TIME   RECORD YEAR NORMAL DEPARTURE LAST
                VALUE   (LST)  VALUE       VALUE  FROM      YEAR
                                                  NORMAL
..................................................................
TEMPERATURE (F)
 YESTERDAY
  MAXIMUM         76    323 PM  98    1947  77     -1       80
  MINIMUM         46    622 AM  39    1971  56    -10       62
  AVERAGE         61                        66     -5       71

PRECIPITATION (IN)
  YESTERDAY        0.00          1.85 1975   0.10  -0.10     0.32
  MONTH TO DATE    1.04                      2.61  -1.57     0.87
  SINCE JUN 1      7.81                      8.79  -0.98     5.19
  SINCE JAN 1     18.64                     20.34  -1.70    15.12

DEGREE DAYS
 HEATING
  YESTERDAY        4                         2      2        0
  MONTH TO DATE   11                        25    -14        0
  SINCE JUN 1    144                       165    -21       47
  SINCE JUL 1     18                        53    -35        3

 COOLING
  YESTERDAY        0                         3     -3        6
  MONTH TO DATE   94                        96     -2      212
  SINCE JUN 1    384                       329     55      587
  SINCE JAN 1    387                       349     38      678
..................................................................


WIND (MPH)
  HIGHEST WIND SPEED    14   HIGHEST WIND DIRECTION    NE (30)
  HIGHEST GUST SPEED    22   HIGHEST GUST DIRECTION    NE (40)
  AVERAGE WIND SPEED     4.0




RELATIVE HUMIDITY (PERCENT)
 HIGHEST    93
 LOWEST     41
 AVERAGE    67

..........................................................


THE TRAVERSE CITY MI CLIMATE NORMALS FOR TODAY
                         NORMAL    RECORD    YEAR
 MAXIMUM TEMPERATURE (F)   77        98      1909
 MINIMUM TEMPERATURE (F)   56        37      1977


SUNRISE AND SUNSET
AUGUST 25 2019........SUNRISE   656 AM EDT   SUNSET   832 PM EDT
AUGUST 26 2019........SUNRISE   657 AM EDT   SUNSET   830 PM EDT


-  INDICATES NEGATIVE NUMBERS.
R  INDICATES RECORD WAS SET OR TIED.
MM INDICATES DATA IS MISSING.
T  INDICATES TRACE AMOUNT.




$$
