484
CDUS43 KAPX 202127
CLITVC


CLIMATE REPORT
NATIONAL WEATHER SERVICE GAYLORD MI
527 PM EDT SAT OCT 20 2018


...................................

...THE TRAVERSE CITY MI CLIMATE SUMMARY FOR OCTOBER 20 2018...
VALID TODAY AS OF 0500 PM LOCAL TIME.

CLIMATE NORMAL PERIOD 1981 TO 2010
CLIMATE RECORD PERIOD 1896 TO 2018


WEATHER ITEM   OBSERVED TIME   RECORD YEAR NORMAL DEPARTURE LAST
                VALUE   (LST)  VALUE       VALUE  FROM      YEAR
                                                  NORMAL
..................................................................
TEMPERATURE (F)
 TODAY
  MAXIMUM         51    108 AM  79    2017  56     -5       79
                                      1953
  MINIMUM         37   1119 AM  22    1972  38     -1       50
  AVERAGE         44                        47     -3       65

PRECIPITATION (IN)
  TODAY            0.25          1.20 1923   0.10   0.15     0.00
  MONTH TO DATE    2.85                      2.10   0.75     2.28
  SINCE SEP 1      6.62                      5.63   0.99     4.68
  SINCE JAN 1     25.14                     26.74  -1.60    25.05

SNOWFALL (IN)
  TODAY           MM            MM      MM   0.0   MM       MM
  MONTH TO DATE   MM                         0.0   MM       MM
  SINCE OCT 1     MM                         0.0   MM       MM
  SINCE JUL 1     MM                         0.0   MM       MM

DEGREE DAYS
 HEATING
  TODAY           21                        18      3        0
  MONTH TO DATE  262                       302    -40      115
  SINCE SEP 1    372                       495   -123      216
  SINCE JUL 1    378                       564   -186      250

 COOLING
  TODAY            0                         0      0        0
  MONTH TO DATE   14                         0     14       15
  SINCE SEP 1    120                        38     82      139
  SINCE JAN 1    840                       407    433      522
..................................................................


WIND (MPH)
  RESULTANT WIND SPEED   8   RESULTANT WIND DIRECTION  NW (320)
  HIGHEST WIND SPEED    25   HIGHEST WIND DIRECTION     N (350)
  HIGHEST GUST SPEED    42   HIGHEST GUST DIRECTION     N (360)
  AVERAGE WIND SPEED    10.7


SKY COVER
  POSSIBLE SUNSHINE  MM
  AVERAGE SKY COVER 0.7


WEATHER CONDITIONS
 THE FOLLOWING WEATHER WAS RECORDED TODAY.
  RAIN
  LIGHT RAIN
  FOG


RELATIVE HUMIDITY (PERCENT)
 HIGHEST    92           600 AM
 LOWEST     54           100 AM
 AVERAGE    73

..........................................................




SUNRISE AND SUNSET
OCTOBER 20 2018.......SUNRISE   804 AM EDT   SUNSET   649 PM EDT
OCTOBER 21 2018.......SUNRISE   805 AM EDT   SUNSET   648 PM EDT


-  INDICATES NEGATIVE NUMBERS.
R  INDICATES RECORD WAS SET OR TIED.
MM INDICATES DATA IS MISSING.
T  INDICATES TRACE AMOUNT.




$$
