000
CDUS43 KAPX 302137
CLITVC


CLIMATE REPORT
NATIONAL WEATHER SERVICE GAYLORD MI
537 PM EDT SAT MAY 30 2020


...................................

...THE TRAVERSE CITY MI CLIMATE SUMMARY FOR MAY 30 2020...
VALID TODAY AS OF 0500 PM LOCAL TIME.

CLIMATE NORMAL PERIOD 1981 TO 2010
CLIMATE RECORD PERIOD 1896 TO 2020


WEATHER ITEM   OBSERVED TIME   RECORD YEAR NORMAL DEPARTURE LAST
                VALUE   (LST)  VALUE       VALUE  FROM      YEAR
                                                  NORMAL
..................................................................
TEMPERATURE (F)
 TODAY
  MAXIMUM         58    200 PM  92    1937  70    -12       74
  MINIMUM         50        MM  28    1961  47      3       47
  AVERAGE         54                        58     -4       61

PRECIPITATION (IN)
  TODAY            0.01          1.41 1975   0.08  -0.07     0.00
  MONTH TO DATE    4.20                      2.50   1.70     4.01
  SINCE MAR 1      9.58                      7.14   2.44     8.16
  SINCE JAN 1     11.21                     11.46  -0.25    10.82

DEGREE DAYS
 HEATING
  TODAY           11                         8      3        4
  MONTH TO DATE  372                       363      9      378
  SINCE MAR 1   1976                      2090   -114     2140
  SINCE JUL 1   6778                      7430   -652     7312

 COOLING
  TODAY            0                         1     -1        0
  MONTH TO DATE   39                        13     26        3
  SINCE MAR 1     39                        16     23        3
  SINCE JAN 1     39                        16     23        3
..................................................................


WIND (MPH)
  RESULTANT WIND SPEED   9   RESULTANT WIND DIRECTION  NW (330)
  HIGHEST WIND SPEED    16   HIGHEST WIND DIRECTION     N (350)
  HIGHEST GUST SPEED    22   HIGHEST GUST DIRECTION     N (350)
  AVERAGE WIND SPEED    10.3


SKY COVER
  POSSIBLE SUNSHINE  MM
  AVERAGE SKY COVER 0.9


WEATHER CONDITIONS
 THE FOLLOWING WEATHER WAS RECORDED TODAY.
  LIGHT RAIN


RELATIVE HUMIDITY (PERCENT)
 HIGHEST    83           200 AM
 LOWEST     57           200 PM
 AVERAGE    70

..........................................................




SUNRISE AND SUNSET
MAY 30 2020...........SUNRISE   601 AM EDT   SUNSET   920 PM EDT
MAY 31 2020...........SUNRISE   600 AM EDT   SUNSET   921 PM EDT


-  INDICATES NEGATIVE NUMBERS.
R  INDICATES RECORD WAS SET OR TIED.
MM INDICATES DATA IS MISSING.
T  INDICATES TRACE AMOUNT.




$$
