000
CDUS44 KJAN 040641
CLITVR


CLIMATE REPORT
NATIONAL WEATHER SERVICE JACKSON MS
138 AM CDT THU JUN 4 2020


...................................

...THE VICKSBURG CLIMATE SUMMARY FOR JUNE 3 2020...

CLIMATE NORMAL PERIOD 1981 TO 2010
CLIMATE RECORD PERIOD 1948 TO 2020


WEATHER ITEM   OBSERVED TIME   RECORD YEAR NORMAL DEPARTURE LAST
                VALUE   (LST)  VALUE       VALUE  FROM      YEAR
                                                  NORMAL
..................................................................
TEMPERATURE (F)
 YESTERDAY
  MAXIMUM         95    348 PM  96    2019  88      7       96
                                      2011
                                      1985
  MINIMUM         75   1159 PM  47    1956  66      9       72
  AVERAGE         85                        77      8       84

PRECIPITATION (IN)
  YESTERDAY        0.68          3.33 1950   0.13   0.55     0.00
  MONTH TO DATE    0.68                      0.35   0.33     0.00
  SINCE JUN 1      0.68                      0.35   0.33     0.00
  SINCE JAN 1     39.19                     25.65  13.54    31.34

SNOWFALL (IN)
  YESTERDAY        0.0

DEGREE DAYS
 HEATING
  YESTERDAY        0                         0      0        0
  MONTH TO DATE    0                         0      0        0
  SINCE JUN 1      0                         0      0        0
  SINCE JUL 1   1643                      2351   -708     2127

 COOLING
  YESTERDAY       20                        12      8       19
  MONTH TO DATE   51                        36     15       53
  SINCE JUN 1     51                        36     15       53
  SINCE JAN 1    572                       406    166      504
..................................................................


WIND (MPH)
  HIGHEST WIND SPEED    18   HIGHEST WIND DIRECTION    SE (150)
  HIGHEST GUST SPEED    25   HIGHEST GUST DIRECTION    SE (150)
  AVERAGE WIND SPEED     6.0


SKY COVER
  POSSIBLE SUNSHINE  MM
  AVERAGE SKY COVER 0.0


WEATHER CONDITIONS
 THE FOLLOWING WEATHER WAS RECORDED YESTERDAY.
  THUNDERSTORM
  HEAVY RAIN
  RAIN
  LIGHT RAIN
  FOG


RELATIVE HUMIDITY (PERCENT)
 HIGHEST    87           200 AM
 LOWEST     41           200 PM
 AVERAGE    64

..........................................................


THE VICKSBURG CLIMATE NORMALS FOR TODAY
                         NORMAL    RECORD    YEAR
 MAXIMUM TEMPERATURE (F)   88        98      2011
 MINIMUM TEMPERATURE (F)   66        54      1954


SUNRISE AND SUNSET
JUNE  4 2020..........SUNRISE   557 AM CDT   SUNSET   808 PM CDT
JUNE  5 2020..........SUNRISE   557 AM CDT   SUNSET   809 PM CDT


-  INDICATES NEGATIVE NUMBERS.
R  INDICATES RECORD WAS SET OR TIED.
MM INDICATES DATA IS MISSING.
T  INDICATES TRACE AMOUNT.




$$
