000
CDUS44 KJAN 230815
CLITVR


CLIMATE REPORT
NATIONAL WEATHER SERVICE JACKSON MS
209 AM CST FRI FEB 23 2018


...................................

...THE VICKSBURG CLIMATE SUMMARY FOR FEBRUARY 22 2018...

CLIMATE NORMAL PERIOD 1981 TO 2010
CLIMATE RECORD PERIOD 1948 TO 2018


WEATHER ITEM   OBSERVED TIME   RECORD YEAR NORMAL DEPARTURE LAST
                VALUE   (LST)  VALUE       VALUE  FROM      YEAR
                                                  NORMAL
..................................................................
TEMPERATURE (F)
 YESTERDAY
  MAXIMUM         82R   344 PM  82    2018  62     20       73
  MINIMUM         58   1119 AM  18    1978  41     17       47
  AVERAGE         70                        52     18       60

PRECIPITATION (IN)
  YESTERDAY        0.02          1.79 1990   0.18  -0.16     0.00
  MONTH TO DATE    7.40                      4.18   3.22     1.17
  SINCE DEC 1     12.58                     14.86  -2.28    11.67
  SINCE JAN 1     10.17                      9.25   0.92     5.40

SNOWFALL (IN)
  YESTERDAY        0.0

DEGREE DAYS
 HEATING
  YESTERDAY        0                        14    -14        5
  MONTH TO DATE  224                       355   -131      166
  SINCE DEC 1   1514                      1497     17      965
  SINCE JUL 1   1871                      1899    -28     1242

 COOLING
  YESTERDAY        5                         0      5        0
  MONTH TO DATE   34                         0     34       26
  SINCE DEC 1     40                         9     31       68
  SINCE JAN 1     34                         3     31       40
..................................................................


WIND (MPH)
  HIGHEST WIND SPEED    17   HIGHEST WIND DIRECTION     S (170)
  HIGHEST GUST SPEED    24   HIGHEST GUST DIRECTION     W (270)
  AVERAGE WIND SPEED     6.7


SKY COVER
  POSSIBLE SUNSHINE  MM
  AVERAGE SKY COVER 0.5


WEATHER CONDITIONS
 THE FOLLOWING WEATHER WAS RECORDED YESTERDAY.
  LIGHT RAIN
  FOG
  HAZE


RELATIVE HUMIDITY (PERCENT)
 HIGHEST   100          1200 AM
 LOWEST     62           600 PM
 AVERAGE    81

..........................................................


THE VICKSBURG CLIMATE NORMALS FOR TODAY
                         NORMAL    RECORD    YEAR
 MAXIMUM TEMPERATURE (F)   63        83      2012
                                             1980
 MINIMUM TEMPERATURE (F)   41        22      1968
                                             1964


SUNRISE AND SUNSET
FEBRUARY 23 2018......SUNRISE   638 AM CST   SUNSET   557 PM CST
FEBRUARY 24 2018......SUNRISE   637 AM CST   SUNSET   558 PM CST


-  INDICATES NEGATIVE NUMBERS.
R  INDICATES RECORD WAS SET OR TIED.
MM INDICATES DATA IS MISSING.
T  INDICATES TRACE AMOUNT.




$$
