000
CDUS44 KJAN 202109
CLITVR


CLIMATE REPORT
NATIONAL WEATHER SERVICE JACKSON MS
407 PM CDT SUN OCT 20 2019


...................................

...THE VICKSBURG CLIMATE SUMMARY FOR OCTOBER 20 2019...
VALID TODAY AS OF 0400 PM LOCAL TIME.

CLIMATE NORMAL PERIOD 1981 TO 2010
CLIMATE RECORD PERIOD 1948 TO 2019


WEATHER ITEM   OBSERVED TIME   RECORD YEAR NORMAL DEPARTURE LAST
                VALUE   (LST)  VALUE       VALUE  FROM      YEAR
                                                  NORMAL
..................................................................
TEMPERATURE (F)
 TODAY
  MAXIMUM         87    149 PM  90    2004  77     10       67
  MINIMUM         57    107 AM  27    2011  51      6       48
  AVERAGE         72                        64      8       58

PRECIPITATION (IN)
  TODAY            T             2.41 1993   0.17  -0.17     0.23
  MONTH TO DATE    3.65                      3.05   0.60     3.11
  SINCE SEP 1      3.65                      5.94  -2.29     5.99
  SINCE JAN 1     50.03                     42.51   7.52    42.87

SNOWFALL (IN)
  TODAY            0.0

DEGREE DAYS
 HEATING
  TODAY            0                         4     -4        7
  MONTH TO DATE   29                        40    -11       26
  SINCE SEP 1     29                        45    -16       26
  SINCE JUL 1     29                        45    -16       26

 COOLING
  TODAY            7                         3      4        0
  MONTH TO DATE  159                        86     73      176
  SINCE SEP 1    732                       394    338      643
  SINCE JAN 1   2756                      2183    573     2728
..................................................................


WIND (MPH)
  HIGHEST WIND SPEED    10   HIGHEST WIND DIRECTION     S (180)
  HIGHEST GUST SPEED    15   HIGHEST GUST DIRECTION     S (170)
  AVERAGE WIND SPEED     2.1


SKY COVER
  POSSIBLE SUNSHINE  MM
  AVERAGE SKY COVER 0.7


WEATHER CONDITIONS
 THE FOLLOWING WEATHER WAS RECORDED TODAY.
  LIGHT RAIN
  FOG


RELATIVE HUMIDITY (PERCENT)
 HIGHEST    93           100 AM
 LOWEST     65           100 PM
 AVERAGE    79

..........................................................


THE VICKSBURG CLIMATE NORMALS FOR TOMORROW
                         NORMAL    RECORD    YEAR
 MAXIMUM TEMPERATURE (F)   77        89      2003
                                             1962
 MINIMUM TEMPERATURE (F)   51        29      1976


SUNRISE AND SUNSET
OCTOBER 20 2019.......SUNRISE   711 AM CDT   SUNSET   626 PM CDT
OCTOBER 21 2019.......SUNRISE   712 AM CDT   SUNSET   625 PM CDT


-  INDICATES NEGATIVE NUMBERS.
R  INDICATES RECORD WAS SET OR TIED.
MM INDICATES DATA IS MISSING.
T  INDICATES TRACE AMOUNT.




$$
