192
CDUS44 KJAN 150644
CLITVR

CLIMATE REPORT
NATIONAL WEATHER SERVICE JACKSON MS
144 AM CDT SAT JUN 15 2024

...................................

...THE VICKSBURG CLIMATE SUMMARY FOR JUNE 14 2024...

CLIMATE NORMAL PERIOD: 1991 TO 2020
CLIMATE RECORD PERIOD: 1948 TO 2024


WEATHER ITEM   OBSERVED TIME   RECORD YEAR NORMAL DEPARTURE LAST
                VALUE   (LST)  VALUE       VALUE  FROM      YEAR
                                                  NORMAL
...................................................................
TEMPERATURE (F)
 YESTERDAY
  MAXIMUM         94   2:29 PM  98    1953  90      4       92
                                      1963
                                      2021
  MINIMUM         64   2:41 AM  50    1994  71     -7       72
  AVERAGE         79                        80     -1       82

PRECIPITATION (IN)
  YESTERDAY        0.00          2.38 1951   0.14  -0.14     0.36
  MONTH TO DATE    3.23                      1.78   1.45     2.34
  SINCE JUN 1      3.23                      1.78   1.45     2.34
  SINCE JAN 1     33.86                     27.16   6.70    26.20

SNOWFALL (IN)
  YESTERDAY        0.0

DEGREE DAYS
 HEATING
  YESTERDAY        0                         0      0        0
  MONTH TO DATE    0                         0      0        0
  SINCE JUN 1      0                         0      0        0
  SINCE JUL 1   1874                      2102   -228     1628

 COOLING
  YESTERDAY       14                        15     -1       17
  MONTH TO DATE  189                       200    -11      202
  SINCE JUN 1    189                       200    -11      202
  SINCE JAN 1    704                       652     52      741
...................................................................


WIND (MPH)
  HIGHEST WIND SPEED     9   HIGHEST WIND DIRECTION    SE (120)
  HIGHEST GUST SPEED    12   HIGHEST GUST DIRECTION    SE (130)
  AVERAGE WIND SPEED     1.7


SKY COVER
  POSSIBLE SUNSHINE  MM
  AVERAGE SKY COVER 0.0


WEATHER CONDITIONS
THE FOLLOWING WEATHER WAS RECORDED YESTERDAY.
  FOG


RELATIVE HUMIDITY (PERCENT)
 HIGHEST    93          11:00 PM
 LOWEST     41           2:00 PM
 AVERAGE    67

..........................................................


THE VICKSBURG CLIMATE NORMALS FOR TODAY
                         NORMAL    RECORD    YEAR
 MAXIMUM TEMPERATURE (F)   90       100      1963
 MINIMUM TEMPERATURE (F)   71        56      1978


SUNRISE AND SUNSET
JUNE 15 2024..........SUNRISE   5:57 AM CDT   SUNSET   8:13 PM CDT
JUNE 16 2024..........SUNRISE   5:57 AM CDT   SUNSET   8:13 PM CDT


-  INDICATES NEGATIVE NUMBERS.
R  INDICATES RECORD WAS SET OR TIED.
MM INDICATES DATA IS MISSING.
T  INDICATES TRACE AMOUNT.




$$