151
CDUS44 KJAN 172115
CLITVR


CLIMATE REPORT
NATIONAL WEATHER SERVICE JACKSON MS
412 PM CDT SUN JUN 17 2018


...................................

...THE VICKSBURG CLIMATE SUMMARY FOR JUNE 17 2018...
VALID TODAY AS OF 0400 PM LOCAL TIME.

CLIMATE NORMAL PERIOD 1981 TO 2010
CLIMATE RECORD PERIOD 1948 TO 2018


WEATHER ITEM   OBSERVED TIME   RECORD YEAR NORMAL DEPARTURE LAST
                VALUE   (LST)  VALUE       VALUE  FROM      YEAR
                                                  NORMAL
..................................................................
TEMPERATURE (F)
 TODAY
  MAXIMUM         90    241 PM  98    1953  90      0       89
  MINIMUM         73    528 AM  56    1969  69      4       70
                                      1955
  AVERAGE         82                        79      3       80

PRECIPITATION (IN)
  TODAY            0.13          3.13 2004   0.11   0.02      T
  MONTH TO DATE    2.13                      2.16  -0.03     4.39
  SINCE JUN 1      2.13                      2.16  -0.03     4.39
  SINCE JAN 1     28.77                     27.46   1.31    31.81

SNOWFALL (IN)
  TODAY            0.0

DEGREE DAYS
 HEATING
  TODAY            0                         0      0        0
  MONTH TO DATE    0                         0      0        0
  SINCE JUN 1      0                         0      0        0
  SINCE JUL 1   2205                      2351   -146     1490

 COOLING
  TODAY           17                        14      3       15
  MONTH TO DATE  260                       222     38      213
  SINCE JUN 1    260                       222     38      213
  SINCE JAN 1    795                       592    203      713
..................................................................


WIND (MPH)
  HIGHEST WIND SPEED    18   HIGHEST WIND DIRECTION     S (170)
  HIGHEST GUST SPEED    23   HIGHEST GUST DIRECTION     S (160)
  AVERAGE WIND SPEED     3.8


SKY COVER
  POSSIBLE SUNSHINE  MM
  AVERAGE SKY COVER 0.2


WEATHER CONDITIONS
 THE FOLLOWING WEATHER WAS RECORDED TODAY.
  THUNDERSTORM
  HEAVY RAIN
  RAIN
  LIGHT RAIN
  FOG


RELATIVE HUMIDITY (PERCENT)
 HIGHEST   100          1200 AM
 LOWEST     64          1100 AM
 AVERAGE    82

..........................................................


THE VICKSBURG CLIMATE NORMALS FOR TOMORROW
                         NORMAL    RECORD    YEAR
 MAXIMUM TEMPERATURE (F)   90        99      1953
 MINIMUM TEMPERATURE (F)   69        54      1960


SUNRISE AND SUNSET
JUNE 17 2018..........SUNRISE   557 AM CDT   SUNSET   813 PM CDT
JUNE 18 2018..........SUNRISE   557 AM CDT   SUNSET   814 PM CDT


-  INDICATES NEGATIVE NUMBERS.
R  INDICATES RECORD WAS SET OR TIED.
MM INDICATES DATA IS MISSING.
T  INDICATES TRACE AMOUNT.




$$
