154
CDUS44 KJAN 180658
CLITVR


CLIMATE REPORT
NATIONAL WEATHER SERVICE JACKSON MS
156 AM CDT TUE SEP 18 2018


...................................

...THE VICKSBURG CLIMATE SUMMARY FOR SEPTEMBER 17 2018...

CLIMATE NORMAL PERIOD 1981 TO 2010
CLIMATE RECORD PERIOD 1948 TO 2018


WEATHER ITEM   OBSERVED TIME   RECORD YEAR NORMAL DEPARTURE LAST
                VALUE   (LST)  VALUE       VALUE  FROM      YEAR
                                                  NORMAL
..................................................................
TEMPERATURE (F)
 YESTERDAY
  MAXIMUM         97    144 PM  99    1980  87     10       92
  MINIMUM         70    609 AM  45    1961  63      7       68
  AVERAGE         84                        75      9       80

PRECIPITATION (IN)
  YESTERDAY        0.00          2.91 1975   0.07  -0.07     0.00
  MONTH TO DATE    1.96                      1.91   0.05     1.44
  SINCE SEP 1      1.96                      1.91   0.05     1.44
  SINCE JAN 1     38.84                     38.48   0.36    50.86

SNOWFALL (IN)
  YESTERDAY        0.0

DEGREE DAYS
 HEATING
  YESTERDAY        0                         0      0        0
  MONTH TO DATE    0                         0      0        4
  SINCE SEP 1      0                         0      0        4
  SINCE JUL 1      0                         0      0        4

 COOLING
  YESTERDAY       19                        10      9       15
  MONTH TO DATE  279                       202     77      164
  SINCE SEP 1    279                       202     77      164
  SINCE JAN 1   2364                      1991    373     2086
..................................................................


WIND (MPH)
  HIGHEST WIND SPEED    10   HIGHEST WIND DIRECTION     N (20)
  HIGHEST GUST SPEED    14   HIGHEST GUST DIRECTION     N (20)
  AVERAGE WIND SPEED     2.2


SKY COVER
  POSSIBLE SUNSHINE  MM
  AVERAGE SKY COVER 0.1


WEATHER CONDITIONS
 THE FOLLOWING WEATHER WAS RECORDED YESTERDAY.
  FOG


RELATIVE HUMIDITY (PERCENT)
 HIGHEST   100          1100 PM
 LOWEST     42           300 PM
 AVERAGE    71

..........................................................


THE VICKSBURG CLIMATE NORMALS FOR TODAY
                         NORMAL    RECORD    YEAR
 MAXIMUM TEMPERATURE (F)   86        99      2010
 MINIMUM TEMPERATURE (F)   63        42      1981


SUNRISE AND SUNSET
SEPTEMBER 18 2018.....SUNRISE   650 AM CDT   SUNSET   706 PM CDT
SEPTEMBER 19 2018.....SUNRISE   650 AM CDT   SUNSET   705 PM CDT


-  INDICATES NEGATIVE NUMBERS.
R  INDICATES RECORD WAS SET OR TIED.
MM INDICATES DATA IS MISSING.
T  INDICATES TRACE AMOUNT.




$$
