000
CDUS44 KJAN 310745
CLITVR


CLIMATE REPORT
NATIONAL WEATHER SERVICE JACKSON MS
243 AM CDT SAT OCT 31 2020


...................................

...THE VICKSBURG CLIMATE SUMMARY FOR OCTOBER 30 2020...

CLIMATE NORMAL PERIOD 1981 TO 2010
CLIMATE RECORD PERIOD 1948 TO 2020


WEATHER ITEM   OBSERVED TIME   RECORD YEAR NORMAL DEPARTURE LAST
                VALUE   (LST)  VALUE       VALUE  FROM      YEAR
                                                  NORMAL
..................................................................
TEMPERATURE (F)
 YESTERDAY
  MAXIMUM         62    325 PM  89    1951  74    -12       76
  MINIMUM         46   1159 PM  22    1952  48     -2       60
  AVERAGE         54                        61     -7       68

PRECIPITATION (IN)
  YESTERDAY        0.00          3.01 2009   0.13  -0.13     1.27
  MONTH TO DATE    4.41                      4.56  -0.15     9.73
  SINCE SEP 1      7.07                      7.45  -0.38     9.73
  SINCE JAN 1     58.21                     44.02  14.19    56.11

SNOWFALL (IN)
  YESTERDAY        0.0

DEGREE DAYS
 HEATING
  YESTERDAY       11                         6      5        0
  MONTH TO DATE   45                        91    -46       60
  SINCE SEP 1     45                        96    -51       60
  SINCE JUL 1     45                        96    -51       60

 COOLING
  YESTERDAY        0                         2     -2        3
  MONTH TO DATE  143                       110     33      163
  SINCE SEP 1    562                       418    144      736
  SINCE JAN 1   2728                      2207    521     2760
..................................................................


WIND (MPH)
  HIGHEST WIND SPEED    17   HIGHEST WIND DIRECTION     N (360)
  HIGHEST GUST SPEED    24   HIGHEST GUST DIRECTION     N (350)
  AVERAGE WIND SPEED     8.2


SKY COVER
  POSSIBLE SUNSHINE  MM
  AVERAGE SKY COVER 0.3


WEATHER CONDITIONS
 THE FOLLOWING WEATHER WAS RECORDED YESTERDAY.
  NO SIGNIFICANT WEATHER WAS OBSERVED.


RELATIVE HUMIDITY (PERCENT)
 HIGHEST    86          1000 PM
 LOWEST     51           400 PM
 AVERAGE    69

..........................................................


THE VICKSBURG CLIMATE NORMALS FOR TODAY
                         NORMAL    RECORD    YEAR
 MAXIMUM TEMPERATURE (F)   74        88      2016
                                             1984
 MINIMUM TEMPERATURE (F)   47        28      1993


SUNRISE AND SUNSET
OCTOBER 31 2020.......SUNRISE   721 AM CDT   SUNSET   614 PM CDT
NOVEMBER  1 2020......SUNRISE   622 AM CST   SUNSET   513 PM CST


-  INDICATES NEGATIVE NUMBERS.
R  INDICATES RECORD WAS SET OR TIED.
MM INDICATES DATA IS MISSING.
T  INDICATES TRACE AMOUNT.




$$
