000
CDUS44 KJAN 180635
CLITVR


CLIMATE REPORT
NATIONAL WEATHER SERVICE JACKSON MS
1232 AM CST TUE DEC 18 2018


...................................

...THE VICKSBURG CLIMATE SUMMARY FOR DECEMBER 17 2018...

CLIMATE NORMAL PERIOD 1981 TO 2010
CLIMATE RECORD PERIOD 1948 TO 2018


WEATHER ITEM   OBSERVED TIME   RECORD YEAR NORMAL DEPARTURE LAST
                VALUE   (LST)  VALUE       VALUE  FROM      YEAR
                                                  NORMAL
..................................................................
TEMPERATURE (F)
 YESTERDAY
  MAXIMUM         64    239 PM  82    2016  58      6       58
  MINIMUM         40    651 AM  17    1989  37      3       44
  AVERAGE         52                        48      4       51

PRECIPITATION (IN)
  YESTERDAY        0.00          2.36 1959   0.18  -0.18     0.67
  MONTH TO DATE    3.63                      3.29   0.34     1.38
  SINCE DEC 1      3.63                      3.29   0.34     1.38
  SINCE JAN 1     55.24                     52.42   2.82    55.00

SNOWFALL (IN)
  YESTERDAY        0.0

DEGREE DAYS
 HEATING
  YESTERDAY       13                        18     -5       14
  MONTH TO DATE  280                       274      6      311
  SINCE DEC 1    280                       274      6      311
  SINCE JUL 1    746                       676     70      668

 COOLING
  YESTERDAY        0                         0      0        0
  MONTH TO DATE    4                         0      4        0
  SINCE DEC 1      4                         0      4        0
  SINCE JAN 1   2759                      2225    534     2498
..................................................................


WIND (MPH)
  HIGHEST WIND SPEED     7   HIGHEST WIND DIRECTION     S (170)
  HIGHEST GUST SPEED    10   HIGHEST GUST DIRECTION     S (170)
  AVERAGE WIND SPEED     0.6


SKY COVER
  POSSIBLE SUNSHINE  MM
  AVERAGE SKY COVER 0.0


WEATHER CONDITIONS
 THE FOLLOWING WEATHER WAS RECORDED YESTERDAY.
  FOG
  FOG W/VISIBILITY <= 1/4 MILE
  HAZE


RELATIVE HUMIDITY (PERCENT)
 HIGHEST   100           400 AM
 LOWEST     63           200 PM
 AVERAGE    82

..........................................................


THE VICKSBURG CLIMATE NORMALS FOR TODAY
                         NORMAL    RECORD    YEAR
 MAXIMUM TEMPERATURE (F)   58        78      1984
 MINIMUM TEMPERATURE (F)   37        11      1979


SUNRISE AND SUNSET
DECEMBER 18 2018......SUNRISE   700 AM CST   SUNSET   502 PM CST
DECEMBER 19 2018......SUNRISE   700 AM CST   SUNSET   502 PM CST


-  INDICATES NEGATIVE NUMBERS.
R  INDICATES RECORD WAS SET OR TIED.
MM INDICATES DATA IS MISSING.
T  INDICATES TRACE AMOUNT.




$$
