000
CDUS45 KBOI 230947
CLITWF


CLIMATE REPORT
NATIONAL WEATHER SERVICE BOISE ID
247 AM MST WED JAN 23 2019


...................................

...THE TWIN FALLS ID CLIMATE SUMMARY FOR JANUARY 22 2019...

CLIMATE NORMAL PERIOD 1981 TO 2010
CLIMATE RECORD PERIOD 9999 TO 9999


WEATHER ITEM   OBSERVED TIME   NORMAL DEPARTURE LAST
                VALUE   (LST)  VALUE  FROM      YEAR
                                      NORMAL
......................................................
TEMPERATURE (F)
 YESTERDAY
  MAXIMUM         35    313 PM  38     -3       40
  MINIMUM         21    818 AM  22     -1       27
  AVERAGE         28

PRECIPITATION (IN)
  YESTERDAY        0.00          0.02  -0.02      T
  MONTH TO DATE    0.80          0.76   0.04     0.80
  SINCE OCT 1      3.99          4.01  -0.02     3.36
  SINCE JAN 1      0.80          0.76   0.04     0.80

DEGREE DAYS
 HEATING
  YESTERDAY       37            35      2       31
  MONTH TO DATE  788           784      4      671
  SINCE DEC 1   1926          1913     13     1822
  SINCE JUL 1   3398          3351     47     3356

 COOLING
  YESTERDAY        0             0      0        0
  MONTH TO DATE    0             0      0        0
  SINCE DEC 1      0             0      0        0
  SINCE JAN 1      0             0      0        0
......................................................


WIND (MPH)
  HIGHEST WIND SPEED    21   HIGHEST WIND DIRECTION     W (250)
  HIGHEST GUST SPEED    26   HIGHEST GUST DIRECTION     W (250)
  AVERAGE WIND SPEED    13.4


SKY COVER
  AVERAGE SKY COVER 0.2


WEATHER CONDITIONS
 THE FOLLOWING WEATHER WAS RECORDED YESTERDAY.
  NO SIGNIFICANT WEATHER WAS OBSERVED.


RELATIVE HUMIDITY (PERCENT)
 HIGHEST    84           600 AM
 LOWEST     49           100 PM
 AVERAGE    67

..........................................................




SUNRISE AND SUNSET
JANUARY 23 2019.......SUNRISE   800 AM MST   SUNSET   540 PM MST
JANUARY 24 2019.......SUNRISE   759 AM MST   SUNSET   541 PM MST


-  INDICATES NEGATIVE NUMBERS.
R  INDICATES RECORD WAS SET OR TIED.
MM INDICATES DATA IS MISSING.
T  INDICATES TRACE AMOUNT.




$$
