000
CDUS45 KBOI 250932
CLITWF


CLIMATE REPORT
NATIONAL WEATHER SERVICE BOISE ID
231 AM MST SUN FEB 25 2018


...................................

...THE TWIN FALLS ID CLIMATE SUMMARY FOR FEBRUARY 24 2018...

CLIMATE NORMAL PERIOD 1981 TO 2010
CLIMATE RECORD PERIOD 9999 TO 9999


WEATHER ITEM   OBSERVED TIME   NORMAL DEPARTURE LAST
                VALUE   (LST)  VALUE  FROM      YEAR
                                      NORMAL
......................................................
TEMPERATURE (F)
 YESTERDAY
  MAXIMUM         32    428 PM  46    -14       26
  MINIMUM         16   1238 AM  25     -9       13
  AVERAGE         24

PRECIPITATION (IN)
  YESTERDAY        0.02          0.03  -0.01     0.00
  MONTH TO DATE    0.55          0.71  -0.16     1.38
  SINCE OCT 1      3.94          4.94  -1.00     7.39
  SINCE JAN 1      1.38          1.69  -0.31     2.89

DEGREE DAYS
 HEATING
  YESTERDAY       41            30     11       45
  MONTH TO DATE  770           784    -14      696
  SINCE DEC 1   2837          3014   -177     3315
  SINCE JUL 1   4371          4452    -81     4617

 COOLING
  YESTERDAY        0             0      0        0
  MONTH TO DATE    0             0      0        0
  SINCE DEC 1      0             0      0        0
  SINCE JAN 1      0             0      0        0
......................................................


WIND (MPH)
  HIGHEST WIND SPEED    33   HIGHEST WIND DIRECTION     W (260)
  HIGHEST GUST SPEED    38   HIGHEST GUST DIRECTION     W (260)
  AVERAGE WIND SPEED    17.8


SKY COVER
  AVERAGE SKY COVER 0.9


WEATHER CONDITIONS
 THE FOLLOWING WEATHER WAS RECORDED YESTERDAY.
  HEAVY SNOW
  SNOW
  LIGHT SNOW
  FOG
  FOG W/VISIBILITY <= 1/4 MILE
  HAZE


RELATIVE HUMIDITY (PERCENT)
 HIGHEST   100           600 PM
 LOWEST     62           200 AM
 AVERAGE    81

..........................................................




SUNRISE AND SUNSET
FEBRUARY 25 2018......SUNRISE   720 AM MST   SUNSET   623 PM MST
FEBRUARY 26 2018......SUNRISE   718 AM MST   SUNSET   624 PM MST


-  INDICATES NEGATIVE NUMBERS.
R  INDICATES RECORD WAS SET OR TIED.
MM INDICATES DATA IS MISSING.
T  INDICATES TRACE AMOUNT.




$$
