000
CDUS45 KBOI 200933
CLITWF


CLIMATE REPORT
NATIONAL WEATHER SERVICE BOISE ID
333 AM MDT FRI APR 20 2018


...................................

...THE TWIN FALLS ID CLIMATE SUMMARY FOR APRIL 19 2018...

CLIMATE NORMAL PERIOD 1981 TO 2010
CLIMATE RECORD PERIOD 9999 TO 9999


WEATHER ITEM   OBSERVED TIME   NORMAL DEPARTURE LAST
                VALUE   (LST)  VALUE  FROM      YEAR
                                      NORMAL
......................................................
TEMPERATURE (F)
 YESTERDAY
  MAXIMUM         58    513 PM  62     -4       59
  MINIMUM         40   1248 AM  36      4       36
  AVERAGE         49

PRECIPITATION (IN)
  YESTERDAY        0.00          0.04  -0.04      T
  MONTH TO DATE    0.51          0.69  -0.18     0.69
  SINCE OCT 1      5.52          6.77  -1.25     9.30
  SINCE JAN 1      2.96          3.52  -0.56     4.80

DEGREE DAYS
 HEATING
  YESTERDAY       16            16      0       17
  MONTH TO DATE  364           346     18      375
  SINCE MAR 1   1143          1068     75      989
  SINCE JUL 1   5675          5635     40     5769

 COOLING
  YESTERDAY        0             0      0        0
  MONTH TO DATE    0             0      0        0
  SINCE MAR 1      0             0      0        0
  SINCE JAN 1      0             0      0        0
......................................................


WIND (MPH)
  HIGHEST WIND SPEED    21   HIGHEST WIND DIRECTION     W (270)
  HIGHEST GUST SPEED    25   HIGHEST GUST DIRECTION     W (280)
  AVERAGE WIND SPEED    13.5


SKY COVER
  AVERAGE SKY COVER 0.4


WEATHER CONDITIONS
 THE FOLLOWING WEATHER WAS RECORDED YESTERDAY.
  NO SIGNIFICANT WEATHER WAS OBSERVED.


RELATIVE HUMIDITY (PERCENT)
 HIGHEST    60           100 AM
 LOWEST     32          1100 AM
 AVERAGE    46

..........................................................




SUNRISE AND SUNSET
APRIL 20 2018.........SUNRISE   649 AM MDT   SUNSET   826 PM MDT
APRIL 21 2018.........SUNRISE   647 AM MDT   SUNSET   827 PM MDT


-  INDICATES NEGATIVE NUMBERS.
R  INDICATES RECORD WAS SET OR TIED.
MM INDICATES DATA IS MISSING.
T  INDICATES TRACE AMOUNT.




$$
