000
CDUS45 KBOI 220930
CLITWF


CLIMATE REPORT
NATIONAL WEATHER SERVICE BOISE ID
330 AM MDT SUN JUL 22 2018


...................................

...THE TWIN FALLS ID CLIMATE SUMMARY FOR JULY 21 2018...

CLIMATE NORMAL PERIOD 1981 TO 2010
CLIMATE RECORD PERIOD 9999 TO 9999


WEATHER ITEM   OBSERVED TIME   NORMAL DEPARTURE LAST
                VALUE   (LST)  VALUE  FROM      YEAR
                                      NORMAL
......................................................
TEMPERATURE (F)
 YESTERDAY
  MAXIMUM         92    357 PM  91      1       89
  MINIMUM         67    521 AM  59      8       59
  AVERAGE         80

PRECIPITATION (IN)
  YESTERDAY        0.00          0.01  -0.01     0.00
  MONTH TO DATE    0.01          0.21  -0.20     0.16
  SINCE OCT 1      7.54          9.72  -2.18    11.85
  SINCE JAN 1      4.98          6.47  -1.49     7.35

DEGREE DAYS
 HEATING
  YESTERDAY        0             0      0        0
  MONTH TO DATE    6             3      3        0
  SINCE JUN 1     80            90    -10       74
  SINCE JUL 1      6             3      3        0

 COOLING
  YESTERDAY       15            10      5        9
  MONTH TO DATE  233           176     57      268
  SINCE JUN 1    294           263     31      368
  SINCE JAN 1    302           285     17      377
......................................................


WIND (MPH)
  HIGHEST WIND SPEED    14   HIGHEST WIND DIRECTION    NW (320)
  HIGHEST GUST SPEED    17   HIGHEST GUST DIRECTION     S (180)
  AVERAGE WIND SPEED     7.2


SKY COVER
  AVERAGE SKY COVER 0.0


WEATHER CONDITIONS
 THE FOLLOWING WEATHER WAS RECORDED YESTERDAY.
  NO SIGNIFICANT WEATHER WAS OBSERVED.


RELATIVE HUMIDITY (PERCENT)
 HIGHEST    44          1000 PM
 LOWEST     18           500 PM
 AVERAGE    31

..........................................................




SUNRISE AND SUNSET
JULY 22 2018..........SUNRISE   620 AM MDT   SUNSET   908 PM MDT
JULY 23 2018..........SUNRISE   621 AM MDT   SUNSET   907 PM MDT


-  INDICATES NEGATIVE NUMBERS.
R  INDICATES RECORD WAS SET OR TIED.
MM INDICATES DATA IS MISSING.
T  INDICATES TRACE AMOUNT.




$$
