188
CDUS45 KBOI 150931
CLITWF


CLIMATE REPORT
NATIONAL WEATHER SERVICE BOISE ID
331 AM MDT MON OCT 15 2018


...................................

...THE TWIN FALLS ID CLIMATE SUMMARY FOR OCTOBER 14 2018...

CLIMATE NORMAL PERIOD 1981 TO 2010
CLIMATE RECORD PERIOD 9999 TO 9999


WEATHER ITEM   OBSERVED TIME   NORMAL DEPARTURE LAST
                VALUE   (LST)  VALUE  FROM      YEAR
                                      NORMAL
......................................................
TEMPERATURE (F)
 YESTERDAY
  MAXIMUM         44    430 PM  64    -20       46
  MINIMUM         20    609 AM  38    -18       24
  AVERAGE         32

PRECIPITATION (IN)
  YESTERDAY        T             0.03  -0.03      T
  MONTH TO DATE    0.94          0.33   0.61     0.40
  SINCE OCT 1      0.94          0.33   0.61     0.40
  SINCE JAN 1      5.93          7.78  -1.85     8.53

DEGREE DAYS
 HEATING
  YESTERDAY       33            14     19       30
  MONTH TO DATE  225           163     62      290
  SINCE SEP 1    331           303     28      520
  SINCE JUL 1    355           324     31      522

 COOLING
  YESTERDAY        0             0      0        0
  MONTH TO DATE    0             0      0        0
  SINCE SEP 1     43            61    -18      119
  SINCE JAN 1    681           678      3      871
......................................................


WIND (MPH)
  HIGHEST WIND SPEED    17   HIGHEST WIND DIRECTION     E (70)
  HIGHEST GUST SPEED    24   HIGHEST GUST DIRECTION     E (70)
  AVERAGE WIND SPEED     6.9


SKY COVER
  AVERAGE SKY COVER 0.2


WEATHER CONDITIONS
 THE FOLLOWING WEATHER WAS RECORDED YESTERDAY.
  LIGHT SNOW


RELATIVE HUMIDITY (PERCENT)
 HIGHEST   100          1200 AM
 LOWEST     36           300 PM
 AVERAGE    68

..........................................................




SUNRISE AND SUNSET
OCTOBER 15 2018.......SUNRISE   751 AM MDT   SUNSET   656 PM MDT
OCTOBER 16 2018.......SUNRISE   752 AM MDT   SUNSET   654 PM MDT


-  INDICATES NEGATIVE NUMBERS.
R  INDICATES RECORD WAS SET OR TIED.
MM INDICATES DATA IS MISSING.
T  INDICATES TRACE AMOUNT.




$$
