000
CDUS45 KBOI 140937
CLITWF

CLIMATE REPORT
NATIONAL WEATHER SERVICE BOISE ID
337 AM MDT FRI AUG 14 2020

...................................

...THE TWIN FALLS ID CLIMATE SUMMARY FOR AUGUST 13 2020...

CLIMATE NORMAL PERIOD 1981 TO 2010
CLIMATE RECORD PERIOD 1997 TO 2020


WEATHER ITEM   OBSERVED TIME   RECORD YEAR NORMAL DEPARTURE LAST
                VALUE   (LST)  VALUE       VALUE  FROM      YEAR
                                                  NORMAL
...................................................................
TEMPERATURE (F)
 YESTERDAY
  MAXIMUM         86    408 PM  99    2015  89     -3       87
  MINIMUM         57    608 AM  46    2005  57      0       53
  AVERAGE         72                        73     -1       70

PRECIPITATION (IN)
  YESTERDAY        0.00          0.44 2014   0.01  -0.01     0.00
  MONTH TO DATE    0.01                      0.14  -0.13     0.49
  SINCE OCT 1      7.48                      9.95  -2.47    11.37
  SINCE JAN 1      5.65                      6.70  -1.05     8.18

DEGREE DAYS
 HEATING
  YESTERDAY        0                         0      0        0
  MONTH TO DATE    0                         0      0        0
  SINCE JUN 1    152                        93     59      102
  SINCE JUL 1      5                         6     -1        4

 COOLING
  YESTERDAY        7                         8     -1        5
  MONTH TO DATE  126                       120      6      103
  SINCE JUN 1    468                       484    -16      406
  SINCE JAN 1    499                       506     -7      412
...................................................................


WIND (MPH)
  HIGHEST WIND SPEED    16   HIGHEST WIND DIRECTION     N (340)
  HIGHEST GUST SPEED    18   HIGHEST GUST DIRECTION    NW (330)
  AVERAGE WIND SPEED     9.4


SKY COVER
  AVERAGE SKY COVER 0.0


WEATHER CONDITIONS
THE FOLLOWING WEATHER WAS RECORDED YESTERDAY.
  NO SIGNIFICANT WEATHER WAS OBSERVED.


RELATIVE HUMIDITY (PERCENT)
 HIGHEST    56           800 PM
 LOWEST     20           400 PM
 AVERAGE    38

..........................................................


THE TWIN FALLS ID CLIMATE NORMALS FOR TODAY
                         NORMAL    RECORD    YEAR
 MAXIMUM TEMPERATURE (F)   89       101      2015
 MINIMUM TEMPERATURE (F)   57        43      2005


SUNRISE AND SUNSET
AUGUST 14 2020........SUNRISE   644 AM MDT   SUNSET   840 PM MDT
AUGUST 15 2020........SUNRISE   646 AM MDT   SUNSET   838 PM MDT


-  INDICATES NEGATIVE NUMBERS.
R  INDICATES RECORD WAS SET OR TIED.
MM INDICATES DATA IS MISSING.
T  INDICATES TRACE AMOUNT.




$$
