000
CDUS45 KBOI 150932
CLITWF


CLIMATE REPORT
NATIONAL WEATHER SERVICE BOISE ID
332 AM MDT TUE OCT 15 2019

...................................

...THE TWIN FALLS ID CLIMATE SUMMARY FOR OCTOBER 14 2019...

CLIMATE NORMAL PERIOD 1981 TO 2010
CLIMATE RECORD PERIOD 9999 TO 9999


WEATHER ITEM   OBSERVED TIME   NORMAL DEPARTURE LAST
                VALUE   (LST)  VALUE  FROM      YEAR
                                      NORMAL
.......................................................
TEMPERATURE (F)
 YESTERDAY
  MAXIMUM         64    232 PM  64      0       44
  MINIMUM         35    636 AM  38     -3       20
  AVERAGE         50

PRECIPITATION (IN)
  YESTERDAY        0.00          0.03  -0.03      T
  MONTH TO DATE    0.02          0.33  -0.31     0.94
  SINCE OCT 1      0.02          0.33  -0.31     0.94
  SINCE JAN 1      9.11          7.78   1.33     5.93

DEGREE DAYS
 HEATING
  YESTERDAY       15            14      1       33
  MONTH TO DATE  302           163    139      225
  SINCE SEP 1    490           303    187      331
  SINCE JUL 1    494           324    170      355

 COOLING
  YESTERDAY        0             0      0        0
  MONTH TO DATE    0             0      0        0
  SINCE SEP 1     70            61      9       43
  SINCE JAN 1    612           678    -66      681
.......................................................


WIND (MPH)
  HIGHEST WIND SPEED    15   HIGHEST WIND DIRECTION    NW (300)
  HIGHEST GUST SPEED    19   HIGHEST GUST DIRECTION    NW (300)
  AVERAGE WIND SPEED    10.3


SKY COVER
  AVERAGE SKY COVER 0.0


WEATHER CONDITIONS
THE FOLLOWING WEATHER WAS RECORDED YESTERDAY.
  NO SIGNIFICANT WEATHER WAS OBSERVED.


RELATIVE HUMIDITY (PERCENT)
 HIGHEST    56           800 PM
 LOWEST     21          1100 AM
 AVERAGE    39

..........................................................


THE TWIN FALLS ID CLIMATE NORMALS FOR TODAY
                         NORMAL




SUNRISE AND SUNSET
OCTOBER 15 2019.......SUNRISE   751 AM MDT   SUNSET   656 PM MDT
OCTOBER 16 2019.......SUNRISE   752 AM MDT   SUNSET   654 PM MDT


-  INDICATES NEGATIVE NUMBERS.
R  INDICATES RECORD WAS SET OR TIED.
MM INDICATES DATA IS MISSING.
T  INDICATES TRACE AMOUNT.




$$
