000
CDUS44 KSHV 070733
CLITXK

CLIMATE REPORT
NATIONAL WEATHER SERVICE SHREVEPORT, LA
233 AM CDT FRI MAY 07 2021

...................................

...THE TEXARKANA CLIMATE SUMMARY FOR MAY 6 2021...

CLIMATE NORMAL PERIOD: 1991 TO 2020
CLIMATE RECORD PERIOD: 1896 TO 2021


WEATHER ITEM   OBSERVED TIME   RECORD YEAR NORMAL DEPARTURE LAST
                VALUE   (LST)  VALUE       VALUE  FROM      YEAR
                                                  NORMAL
...................................................................
TEMPERATURE (F)
 YESTERDAY
  MAXIMUM         83   5:10 PM  91    1929  79      4       78
  MINIMUM         54   3:07 AM  44    1970  59     -5       53
  AVERAGE         69                        69      0       66

PRECIPITATION (IN)
  YESTERDAY        0.00          2.50 1950   0.19  -0.19     0.00
  MONTH TO DATE    0.35                      1.09  -0.74     0.40
  SINCE MAR 1      9.09                      9.97  -0.88    11.30
  SINCE JAN 1     18.32                     17.89   0.43    24.20

SNOWFALL (IN)
  YESTERDAY        0.0
  MONTH TO DATE    0.0
  SINCE MAR 1      0.0
  SINCE JUL 1     16.2
  SNOW DEPTH       0

DEGREE DAYS
 HEATING
  YESTERDAY        0                         1     -1        0
  MONTH TO DATE    0                         7     -7        0
  SINCE MAR 1    291                       421   -130      292
  SINCE JUL 1   2273                      2567   -294     2317

 COOLING
  YESTERDAY        4                         5     -1        1
  MONTH TO DATE   32                        26      6       40
  SINCE MAR 1    148                       118     30      147
  SINCE JAN 1    151                       124     27      147
...................................................................


WIND (MPH)
  HIGHEST WIND SPEED    14   HIGHEST WIND DIRECTION     W (270)
  HIGHEST GUST SPEED    19   HIGHEST GUST DIRECTION     W (270)
  AVERAGE WIND SPEED     4.3


SKY COVER
  POSSIBLE SUNSHINE  MM
  AVERAGE SKY COVER 0.0


WEATHER CONDITIONS
THE FOLLOWING WEATHER WAS RECORDED YESTERDAY.
  HAZE


RELATIVE HUMIDITY (PERCENT)
 HIGHEST    86           3:00 AM
 LOWEST     33           6:00 PM
 AVERAGE    60

..........................................................


THE TEXARKANA CLIMATE NORMALS FOR TODAY
                         NORMAL    RECORD    YEAR
 MAXIMUM TEMPERATURE (F)   79        92      2012
 MINIMUM TEMPERATURE (F)   59        38      1931


SUNRISE AND SUNSET
MAY  7 2021...........SUNRISE   6:22 AM CDT   SUNSET   8:04 PM CDT
MAY  8 2021...........SUNRISE   6:21 AM CDT   SUNSET   8:04 PM CDT


-  INDICATES NEGATIVE NUMBERS.
R  INDICATES RECORD WAS SET OR TIED.
MM INDICATES DATA IS MISSING.
T  INDICATES TRACE AMOUNT.




$$
