000
CDUS44 KSHV 171011
CLITXK


CLIMATE REPORT
NATIONAL WEATHER SERVICE SHREVEPORT, LA
410 AM CST SUN FEB 17 2019


...................................

...THE TEXARKANA CLIMATE SUMMARY FOR FEBRUARY 16 2019...

CLIMATE NORMAL PERIOD 1981 TO 2010
CLIMATE RECORD PERIOD 1896 TO 2019


WEATHER ITEM   OBSERVED TIME   RECORD YEAR NORMAL DEPARTURE LAST
                VALUE   (LST)  VALUE       VALUE  FROM      YEAR
                                                  NORMAL
..................................................................
TEMPERATURE (F)
 YESTERDAY
  MAXIMUM         44    200 AM  84    1927  59    -15       68
  MINIMUM         38   1040 AM   9    1903  38      0       48
  AVERAGE         41                        48     -7       58

PRECIPITATION (IN)
  YESTERDAY        0.01          2.54 2001   0.15  -0.14      T
  MONTH TO DATE    2.03                      2.17  -0.14     3.01
  SINCE DEC 1     12.48                     10.62   1.86    11.99
  SINCE JAN 1      5.34                      5.57  -0.23     5.40

SNOWFALL (IN)
  YESTERDAY       MM
  MONTH TO DATE    T
  SINCE DEC 1      T
  SINCE JUL 1      T
  SNOW DEPTH       0

DEGREE DAYS
 HEATING
  YESTERDAY       24                        17      7        7
  MONTH TO DATE  217                       293    -76      315
  SINCE DEC 1   1388                      1557   -169     1656
  SINCE JUL 1   1984                      2015    -31     2012

 COOLING
  YESTERDAY        0                         0      0        0
  MONTH TO DATE   17                         0     17        4
  SINCE DEC 1     17                         4     13        6
  SINCE JAN 1     17                         1     16        4
..................................................................


WIND (MPH)
  HIGHEST WIND SPEED    15   HIGHEST WIND DIRECTION    NE (50)
  HIGHEST GUST SPEED    19   HIGHEST GUST DIRECTION    NE (40)
  AVERAGE WIND SPEED     6.8


SKY COVER
  POSSIBLE SUNSHINE  MM
  AVERAGE SKY COVER 1.0


WEATHER CONDITIONS
 THE FOLLOWING WEATHER WAS RECORDED YESTERDAY.
  LIGHT RAIN
  FOG


RELATIVE HUMIDITY (PERCENT)
 HIGHEST   100           800 PM
 LOWEST     79           100 PM
 AVERAGE    90

..........................................................


THE TEXARKANA CLIMATE NORMALS FOR TODAY
                         NORMAL    RECORD    YEAR
 MAXIMUM TEMPERATURE (F)   59        82      1897
 MINIMUM TEMPERATURE (F)   38        20      1903


SUNRISE AND SUNSET
FEBRUARY 17 2019......SUNRISE   658 AM CST   SUNSET   602 PM CST
FEBRUARY 18 2019......SUNRISE   657 AM CST   SUNSET   603 PM CST


-  INDICATES NEGATIVE NUMBERS.
R  INDICATES RECORD WAS SET OR TIED.
MM INDICATES DATA IS MISSING.
T  INDICATES TRACE AMOUNT.




$$
