000
CDUS44 KSHV 222133
CLITXK


CLIMATE REPORT
NATIONAL WEATHER SERVICE SHREVEPORT, LA
432 PM CDT MON OCT 22 2018


...................................

...THE TEXARKANA CLIMATE SUMMARY FOR OCTOBER 22 2018...
VALID TODAY AS OF 0400 PM LOCAL TIME.

CLIMATE NORMAL PERIOD 1981 TO 2010
CLIMATE RECORD PERIOD 1896 TO 2018


WEATHER ITEM   OBSERVED TIME   RECORD YEAR NORMAL DEPARTURE LAST
                VALUE   (LST)  VALUE       VALUE  FROM      YEAR
                                                  NORMAL
..................................................................
TEMPERATURE (F)
 TODAY
  MAXIMUM         65    256 PM  96    1939  74     -9       73
  MINIMUM         38    359 AM  32    1898  51    -13       49
  AVERAGE         52                        63    -11       61

PRECIPITATION (IN)
  TODAY            0.00          2.35 2009   0.17  -0.17     1.67
  MONTH TO DATE    4.55                      3.47   1.08     1.75
  SINCE DEC 1     47.99                     43.37   4.62    48.32
  SINCE JAN 1     41.40                     38.32   3.08    41.90

SNOWFALL (IN)
  TODAY            0.0
  MONTH TO DATE    0.0
  SINCE SEP 1      0.0
  SINCE JUL 1      0.0
  SNOW DEPTH       0

DEGREE DAYS
 HEATING
  TODAY           13                         4      9        4
  MONTH TO DATE   90                        56     34       26
  SINCE SEP 1     96                        67     29       26
  SINCE JUL 1     96                        67     29       26

 COOLING
  TODAY            0                         2     -2        0
  MONTH TO DATE  130                        80     50      137
  SINCE SEP 1    494                       386    108      446
  SINCE JAN 1   2579                      2174    405     2150
..................................................................


WIND (MPH)
  HIGHEST WIND SPEED     7   HIGHEST WIND DIRECTION     E (70)
  HIGHEST GUST SPEED    10   HIGHEST GUST DIRECTION    NE (60)
  AVERAGE WIND SPEED     2.6


SKY COVER
  POSSIBLE SUNSHINE  MM
  AVERAGE SKY COVER 0.0


WEATHER CONDITIONS
 THE FOLLOWING WEATHER WAS RECORDED TODAY.
  NO SIGNIFICANT WEATHER WAS OBSERVED.


RELATIVE HUMIDITY (PERCENT)
 HIGHEST   100           400 AM
 LOWEST     40           300 PM
 AVERAGE    70

..........................................................


THE TEXARKANA CLIMATE NORMALS FOR TOMORROW
                         NORMAL    RECORD    YEAR
 MAXIMUM TEMPERATURE (F)   74        96      1939
 MINIMUM TEMPERATURE (F)   51        29      1937


SUNRISE AND SUNSET
OCTOBER 22 2018.......SUNRISE   726 AM CDT   SUNSET   634 PM CDT
OCTOBER 23 2018.......SUNRISE   727 AM CDT   SUNSET   633 PM CDT


-  INDICATES NEGATIVE NUMBERS.
R  INDICATES RECORD WAS SET OR TIED.
MM INDICATES DATA IS MISSING.
T  INDICATES TRACE AMOUNT.




$$
