409
CDUS44 KSHV 172159
CLITXK


CLIMATE REPORT
NATIONAL WEATHER SERVICE SHREVEPORT, LA
459 PM CDT THU OCT 17 2019


...................................

...THE TEXARKANA CLIMATE SUMMARY FOR OCTOBER 17 2019...
VALID TODAY AS OF 0400 PM LOCAL TIME.

CLIMATE NORMAL PERIOD 1981 TO 2010
CLIMATE RECORD PERIOD 1896 TO 2019


WEATHER ITEM   OBSERVED TIME   RECORD YEAR NORMAL DEPARTURE LAST
                VALUE   (LST)  VALUE       VALUE  FROM      YEAR
                                                  NORMAL
..................................................................
TEMPERATURE (F)
 TODAY
  MAXIMUM         68    129 PM  93    1897  76     -8       57
  MINIMUM         44    623 AM  38    1952  53     -9       48
  AVERAGE         56                        64     -8       53

PRECIPITATION (IN)
  TODAY            0.00          2.00 1937   0.18  -0.18     0.04
  MONTH TO DATE    2.70                      2.56   0.14     3.22
  SINCE DEC 1     52.37                     42.46   9.91    46.66
  SINCE JAN 1     45.23                     37.41   7.82    40.07

SNOWFALL (IN)
  TODAY            0.0
  MONTH TO DATE    0.0
  SINCE SEP 1      0.0
  SINCE JUL 1      0.0
  SNOW DEPTH       0

DEGREE DAYS
 HEATING
  TODAY            9                         3      6       12
  MONTH TO DATE   50                        36     14       48
  SINCE SEP 1     50                        47      3       54
  SINCE JUL 1     50                        47      3       54

 COOLING
  TODAY            0                         3     -3        0
  MONTH TO DATE  114                        69     45      130
  SINCE SEP 1    652                       375    277      494
  SINCE JAN 1   2460                      2163    297     2579
..................................................................


WIND (MPH)
  HIGHEST WIND SPEED     9   HIGHEST WIND DIRECTION    SE (140)
  HIGHEST GUST SPEED    11   HIGHEST GUST DIRECTION    SE (150)
  AVERAGE WIND SPEED     2.2


SKY COVER
  POSSIBLE SUNSHINE  MM
  AVERAGE SKY COVER 0.0


WEATHER CONDITIONS
 THE FOLLOWING WEATHER WAS RECORDED TODAY.
  FOG


RELATIVE HUMIDITY (PERCENT)
 HIGHEST   100           300 AM
 LOWEST     42           100 PM
 AVERAGE    71

..........................................................


THE TEXARKANA CLIMATE NORMALS FOR TOMORROW
                         NORMAL    RECORD    YEAR
 MAXIMUM TEMPERATURE (F)   76        92      2005
                                             1932
 MINIMUM TEMPERATURE (F)   52        34      1948


SUNRISE AND SUNSET
OCTOBER 17 2019.......SUNRISE   722 AM CDT   SUNSET   640 PM CDT
OCTOBER 18 2019.......SUNRISE   723 AM CDT   SUNSET   639 PM CDT


-  INDICATES NEGATIVE NUMBERS.
R  INDICATES RECORD WAS SET OR TIED.
MM INDICATES DATA IS MISSING.
T  INDICATES TRACE AMOUNT.




$$
