000
CDUS44 KSHV 090744
CLITXK


CLIMATE REPORT
NATIONAL WEATHER SERVICE SHREVEPORT, LA
237 AM CDT SUN AUG 9 2020


...................................

...THE TEXARKANA CLIMATE SUMMARY FOR AUGUST 8 2020...

CLIMATE NORMAL PERIOD 1981 TO 2010
CLIMATE RECORD PERIOD 1896 TO 2020


WEATHER ITEM   OBSERVED TIME   RECORD YEAR NORMAL DEPARTURE LAST
                VALUE   (LST)  VALUE       VALUE  FROM      YEAR
                                                  NORMAL
..................................................................
TEMPERATURE (F)
 YESTERDAY
  MAXIMUM         92    433 PM 110    1936  94     -2       94
  MINIMUM         72    541 AM  58    2004  72      0       78
                                      1990
  AVERAGE         82                        83     -1       86

PRECIPITATION (IN)
  YESTERDAY        0.00          1.84 1942   0.09  -0.09     0.00
  MONTH TO DATE    0.92                      0.76   0.16      T
  SINCE DEC 1     43.23                     34.32   8.91    47.44
  SINCE JAN 1     41.83                     29.27  12.56    40.30

SNOWFALL (IN)
  YESTERDAY        0.0
  MONTH TO DATE    0.0
  SINCE JUN 1      0.0
  SINCE JUL 1      0.0
  SNOW DEPTH       0

DEGREE DAYS
 HEATING
  YESTERDAY        0                         0      0        0
  MONTH TO DATE    0                         0      0        0
  SINCE JUN 1      0                         0      0        0
  SINCE JUL 1      0                         0      0        0

 COOLING
  YESTERDAY       17                        18     -1       21
  MONTH TO DATE  109                       144    -35      147
  SINCE JUN 1   1084                      1084      0     1004
  SINCE JAN 1   1382                      1404    -22     1360
..................................................................


WIND (MPH)
  HIGHEST WIND SPEED    12   HIGHEST WIND DIRECTION     S (170)
  HIGHEST GUST SPEED    15   HIGHEST GUST DIRECTION    SE (140)
  AVERAGE WIND SPEED     5.7


SKY COVER
  POSSIBLE SUNSHINE  MM
  AVERAGE SKY COVER 0.1


WEATHER CONDITIONS
 THE FOLLOWING WEATHER WAS RECORDED YESTERDAY.
  FOG


RELATIVE HUMIDITY (PERCENT)
 HIGHEST    MM           900 AM
 LOWEST     52           400 PM
 AVERAGE    MM

..........................................................


THE TEXARKANA CLIMATE NORMALS FOR TODAY
                         NORMAL    RECORD    YEAR
 MAXIMUM TEMPERATURE (F)   94       110      1936
 MINIMUM TEMPERATURE (F)   72        57      1989


SUNRISE AND SUNSET
AUGUST  9 2020........SUNRISE   635 AM CDT   SUNSET   808 PM CDT
AUGUST 10 2020........SUNRISE   635 AM CDT   SUNSET   807 PM CDT


-  INDICATES NEGATIVE NUMBERS.
R  INDICATES RECORD WAS SET OR TIED.
MM INDICATES DATA IS MISSING.
T  INDICATES TRACE AMOUNT.




$$
