000
CDUS44 KSHV 182141
CLITYR


CLIMATE REPORT
NATIONAL WEATHER SERVICE SHREVEPORT, LA
440 PM CDT MON JUN 18 2018


...................................

...THE TYLER CLIMATE SUMMARY FOR JUNE 18 2018...
VALID TODAY AS OF 0400 PM LOCAL TIME.

CLIMATE NORMAL PERIOD 1981 TO 2010
CLIMATE RECORD PERIOD 1883 TO 2018


WEATHER ITEM   OBSERVED TIME   RECORD YEAR NORMAL DEPARTURE LAST
                VALUE   (LST)  VALUE       VALUE  FROM      YEAR
                                                  NORMAL
..................................................................
TEMPERATURE (F)
 TODAY
  MAXIMUM         MM        MM 105    2011  89     MM       92
  MINIMUM         MM        MM  53    1917  71     MM       76
  AVERAGE         MM                        80     MM       84

PRECIPITATION (IN)
  TODAY           MM             2.35 1912   0.18  MM        0.00
  MONTH TO DATE    0.07                      2.87  -2.80     2.76
  SINCE DEC 1     22.01                     26.04  -4.03    22.23
  SINCE JAN 1     16.72                     21.80  -5.08    19.58

DEGREE DAYS
 HEATING
  TODAY           MM                         0     MM        0
  MONTH TO DATE    0                         0      0        0
  SINCE JUN 1      0                         0      0        0
  SINCE JUL 1   2070                      2269   -199     1256

 COOLING
  TODAY           MM                        15     MM       19
  MONTH TO DATE  108                       243   -135      269
  SINCE JUN 1    108                       243   -135      269
  SINCE JAN 1    675                       612     63      821
..................................................................


WIND (MPH)
  HIGHEST WIND SPEED    16   HIGHEST WIND DIRECTION    SE (120)
  HIGHEST GUST SPEED    MM   HIGHEST GUST DIRECTION    MM
  AVERAGE WIND SPEED    11.7


SKY COVER
  POSSIBLE SUNSHINE  MM
  AVERAGE SKY COVER 0.9


WEATHER CONDITIONS
 THE FOLLOWING WEATHER WAS RECORDED TODAY.
  LIGHT RAIN


RELATIVE HUMIDITY (PERCENT)
 HIGHEST    93           600 AM
 LOWEST     50           200 PM
 AVERAGE    72

..........................................................


THE TYLER CLIMATE NORMALS FOR TOMORROW
                         NORMAL    RECORD    YEAR
 MAXIMUM TEMPERATURE (F)   89       105      2011
 MINIMUM TEMPERATURE (F)   71        58      1955


SUNRISE AND SUNSET
JUNE 18 2018..........SUNRISE   615 AM CDT   SUNSET   831 PM CDT
JUNE 19 2018..........SUNRISE   615 AM CDT   SUNSET   831 PM CDT


-  INDICATES NEGATIVE NUMBERS.
R  INDICATES RECORD WAS SET OR TIED.
MM INDICATES DATA IS MISSING.
T  INDICATES TRACE AMOUNT.




$$
