000
CDUS44 KSHV 160834
CLITYR


CLIMATE REPORT
NATIONAL WEATHER SERVICE SHREVEPORT, LA
234 AM CST SUN DEC 16 2018


...................................

...THE TYLER CLIMATE SUMMARY FOR DECEMBER 15 2018...

CLIMATE NORMAL PERIOD 1981 TO 2010
CLIMATE RECORD PERIOD 1883 TO 2018


WEATHER ITEM   OBSERVED TIME   RECORD YEAR NORMAL DEPARTURE LAST
                VALUE   (LST)  VALUE       VALUE  FROM      YEAR
                                                  NORMAL
..................................................................
TEMPERATURE (F)
 YESTERDAY
  MAXIMUM         63    332 PM  79    1975  57      6       56
  MINIMUM         40    730 AM  14    1958  39      1       31
                                      1901
  AVERAGE         52                        48      4       44

PRECIPITATION (IN)
  YESTERDAY        0.00          3.31 1992   0.14  -0.14     0.00
  MONTH TO DATE    2.83                      1.98   0.85     0.39
  SINCE DEC 1      2.83                      1.98   0.85     0.39
  SINCE JAN 1     46.10                     43.53   2.57    35.27

SNOWFALL (IN)
  YESTERDAY        0.0
  MONTH TO DATE    0.0
  SINCE DEC 1      0.0
  SINCE JUL 1      T
  SNOW DEPTH       0

DEGREE DAYS
 HEATING
  YESTERDAY       13                        17     -4       21
  MONTH TO DATE  241                       242     -1      219
  SINCE DEC 1    241                       242     -1      219
  SINCE JUL 1    642                       616     26      491

 COOLING
  YESTERDAY        0                         0      0        0
  MONTH TO DATE    0                         0      0        6
  SINCE DEC 1      0                         0      0        6
  SINCE JAN 1   3114                      2411    703     2773
..................................................................


WIND (MPH)
  HIGHEST WIND SPEED    18   HIGHEST WIND DIRECTION    NW (320)
  HIGHEST GUST SPEED    23   HIGHEST GUST DIRECTION    NW (320)
  AVERAGE WIND SPEED     9.4


SKY COVER
  POSSIBLE SUNSHINE  MM
  AVERAGE SKY COVER 0.2


WEATHER CONDITIONS
 THE FOLLOWING WEATHER WAS RECORDED YESTERDAY.
  FOG


RELATIVE HUMIDITY (PERCENT)
 HIGHEST    93           100 AM
 LOWEST     43           300 PM
 AVERAGE    68

..........................................................


THE TYLER CLIMATE NORMALS FOR TODAY
                         NORMAL    RECORD    YEAR
 MAXIMUM TEMPERATURE (F)   57        77      2006
                                             1924
 MINIMUM TEMPERATURE (F)   39        10      1989


SUNRISE AND SUNSET
DECEMBER 16 2018......SUNRISE   716 AM CST   SUNSET   518 PM CST
DECEMBER 17 2018......SUNRISE   717 AM CST   SUNSET   519 PM CST


-  INDICATES NEGATIVE NUMBERS.
R  INDICATES RECORD WAS SET OR TIED.
MM INDICATES DATA IS MISSING.
T  INDICATES TRACE AMOUNT.




$$
