000
CDUS44 KSHV 302135
CLITYR


CLIMATE REPORT
NATIONAL WEATHER SERVICE SHREVEPORT, LA
434 PM CDT SAT MAY 30 2020


...................................

...THE TYLER CLIMATE SUMMARY FOR MAY 30 2020...
VALID TODAY AS OF 0400 PM LOCAL TIME.

CLIMATE NORMAL PERIOD 1981 TO 2010
CLIMATE RECORD PERIOD 1883 TO 2020


WEATHER ITEM   OBSERVED TIME   RECORD YEAR NORMAL DEPARTURE LAST
                VALUE   (LST)  VALUE       VALUE  FROM      YEAR
                                                  NORMAL
..................................................................
TEMPERATURE (F)
 TODAY
  MAXIMUM         87    228 PM 100    1896  86      1       86
  MINIMUM         63    146 AM  49    1889  67     -4       71
  AVERAGE         75                        76     -1       79

PRECIPITATION (IN)
  TODAY            0.00          2.53 1943   0.19  -0.19     0.02
  MONTH TO DATE    3.25                      4.59  -1.34     9.13
  SINCE DEC 1     27.39                     22.99   4.40    35.95
  SINCE JAN 1     26.21                     18.75   7.46    28.46

DEGREE DAYS
 HEATING
  TODAY            0                         0      0        0
  MONTH TO DATE    4                         6     -2        3
  SINCE MAR 1    199                       376   -177      364
  SINCE JUL 1   1856                      2268   -412     2162

 COOLING
  TODAY           10                        11     -1       14
  MONTH TO DATE  269                       245     24      306
  SINCE MAR 1    455                       345    110      434
  SINCE JAN 1    462                       357    105      456
..................................................................


WIND (MPH)
  HIGHEST WIND SPEED    15   HIGHEST WIND DIRECTION     E (70)
  HIGHEST GUST SPEED    19   HIGHEST GUST DIRECTION     E (100)
  AVERAGE WIND SPEED     4.9


SKY COVER
  POSSIBLE SUNSHINE  MM
  AVERAGE SKY COVER 0.0


WEATHER CONDITIONS
 THE FOLLOWING WEATHER WAS RECORDED TODAY.
  NO SIGNIFICANT WEATHER WAS OBSERVED.


RELATIVE HUMIDITY (PERCENT)
 HIGHEST    84           200 AM
 LOWEST     32           100 PM
 AVERAGE    58

..........................................................


THE TYLER CLIMATE NORMALS FOR TOMORROW
                         NORMAL    RECORD    YEAR
 MAXIMUM TEMPERATURE (F)   86       102      1911
 MINIMUM TEMPERATURE (F)   68        47      1889


SUNRISE AND SUNSET
MAY 30 2020...........SUNRISE   616 AM CDT   SUNSET   823 PM CDT
MAY 31 2020...........SUNRISE   616 AM CDT   SUNSET   823 PM CDT


-  INDICATES NEGATIVE NUMBERS.
R  INDICATES RECORD WAS SET OR TIED.
MM INDICATES DATA IS MISSING.
T  INDICATES TRACE AMOUNT.




$$
