000
CDUS44 KSHV 220742
CLITYR


CLIMATE REPORT
NATIONAL WEATHER SERVICE SHREVEPORT, LA
242 AM CDT THU OCT 22 2020


...................................

...THE TYLER CLIMATE SUMMARY FOR OCTOBER 21 2020...

CLIMATE NORMAL PERIOD 1981 TO 2010
CLIMATE RECORD PERIOD 1883 TO 2020


WEATHER ITEM   OBSERVED TIME   RECORD YEAR NORMAL DEPARTURE LAST
                VALUE   (LST)  VALUE       VALUE  FROM      YEAR
                                                  NORMAL
..................................................................
TEMPERATURE (F)
 YESTERDAY
  MAXIMUM         87    210 PM  93    1939  76     11       80
  MINIMUM         65    645 AM  30    1976  55     10       51
  AVERAGE         76                        65     11       66

PRECIPITATION (IN)
  YESTERDAY        0.00          1.85 1990   0.17  -0.17     0.48
  MONTH TO DATE    0.03                      3.17  -3.14     2.95
  SINCE DEC 1     45.35                     40.01   5.34    47.54
  SINCE JAN 1     44.17                     35.77   8.40    40.05

SNOWFALL (IN)
  YESTERDAY        0.0
  MONTH TO DATE    0.0
  SINCE SEP 1      0.0
  SINCE JUL 1      0.0
  SNOW DEPTH       0

DEGREE DAYS
 HEATING
  YESTERDAY        0                         3     -3        0
  MONTH TO DATE    7                        31    -24       27
  SINCE SEP 1      7                        36    -29       27
  SINCE JUL 1      7                        36    -29       27

 COOLING
  YESTERDAY       11                         3      8        1
  MONTH TO DATE  130                       103     27      168
  SINCE SEP 1    451                       445      6      767
  SINCE JAN 1   2670                      2367    303     2917
..................................................................


WIND (MPH)
  HIGHEST WIND SPEED    16   HIGHEST WIND DIRECTION    SE (150)
  HIGHEST GUST SPEED    20   HIGHEST GUST DIRECTION    SE (140)
  AVERAGE WIND SPEED     6.2


SKY COVER
  POSSIBLE SUNSHINE  MM
  AVERAGE SKY COVER 0.2


WEATHER CONDITIONS
 THE FOLLOWING WEATHER WAS RECORDED YESTERDAY.
  FOG
  FOG W/VISIBILITY <= 1/4 MILE


RELATIVE HUMIDITY (PERCENT)
 HIGHEST   100           500 AM
 LOWEST     51           300 PM
 AVERAGE    76

..........................................................


THE TYLER CLIMATE NORMALS FOR TODAY
                         NORMAL    RECORD    YEAR
 MAXIMUM TEMPERATURE (F)   76        96      1939
 MINIMUM TEMPERATURE (F)   54        33      1976
                                             1910


SUNRISE AND SUNSET
OCTOBER 22 2020.......SUNRISE   731 AM CDT   SUNSET   640 PM CDT
OCTOBER 23 2020.......SUNRISE   732 AM CDT   SUNSET   639 PM CDT


-  INDICATES NEGATIVE NUMBERS.
R  INDICATES RECORD WAS SET OR TIED.
MM INDICATES DATA IS MISSING.
T  INDICATES TRACE AMOUNT.




$$
