000
CDUS44 KSHV 190735
CLITYR


CLIMATE REPORT
NATIONAL WEATHER SERVICE SHREVEPORT, LA
235 AM CDT SAT OCT 19 2019


...................................

...THE TYLER CLIMATE SUMMARY FOR OCTOBER 18 2019...

CLIMATE NORMAL PERIOD 1981 TO 2010
CLIMATE RECORD PERIOD 1883 TO 2019


WEATHER ITEM   OBSERVED TIME   RECORD YEAR NORMAL DEPARTURE LAST
                VALUE   (LST)  VALUE       VALUE  FROM      YEAR
                                                  NORMAL
..................................................................
TEMPERATURE (F)
 YESTERDAY
  MAXIMUM         77    347 PM  92    1972  77      0       66
                                      1947
  MINIMUM         47    445 AM  34    1978  56     -9       53
                                      1976
  AVERAGE         62                        66     -4       60

PRECIPITATION (IN)
  YESTERDAY        0.00          2.03 1915   0.18  -0.18      T
  MONTH TO DATE    2.47                      2.64  -0.17     8.07
  SINCE DEC 1     47.06                     39.48   7.58    39.90
  SINCE JAN 1     39.57                     35.24   4.33    34.61

SNOWFALL (IN)
  YESTERDAY        0.0
  MONTH TO DATE    0.0
  SINCE SEP 1      0.0
  SINCE JUL 1      0.0
  SNOW DEPTH       0

DEGREE DAYS
 HEATING
  YESTERDAY        3                         2      1        5
  MONTH TO DATE   27                        23      4       39
  SINCE SEP 1     27                        28     -1       39
  SINCE JUL 1     27                        28     -1       39

 COOLING
  YESTERDAY        0                         4     -4        0
  MONTH TO DATE  153                        94     59      160
  SINCE SEP 1    752                       436    316      597
  SINCE JAN 1   2902                      2358    544     3077
..................................................................


WIND (MPH)
  HIGHEST WIND SPEED    15   HIGHEST WIND DIRECTION    SE (120)
  HIGHEST GUST SPEED    20   HIGHEST GUST DIRECTION    SE (120)
  AVERAGE WIND SPEED     6.6


SKY COVER
  POSSIBLE SUNSHINE  MM
  AVERAGE SKY COVER 0.0


WEATHER CONDITIONS
 THE FOLLOWING WEATHER WAS RECORDED YESTERDAY.
  NO SIGNIFICANT WEATHER WAS OBSERVED.


RELATIVE HUMIDITY (PERCENT)
 HIGHEST    93           400 AM
 LOWEST     26           300 PM
 AVERAGE    60

..........................................................


THE TYLER CLIMATE NORMALS FOR TODAY
                         NORMAL    RECORD    YEAR
 MAXIMUM TEMPERATURE (F)   77        94      1921
 MINIMUM TEMPERATURE (F)   55        34      1975


SUNRISE AND SUNSET
OCTOBER 19 2019.......SUNRISE   728 AM CDT   SUNSET   645 PM CDT
OCTOBER 20 2019.......SUNRISE   729 AM CDT   SUNSET   643 PM CDT


-  INDICATES NEGATIVE NUMBERS.
R  INDICATES RECORD WAS SET OR TIED.
MM INDICATES DATA IS MISSING.
T  INDICATES TRACE AMOUNT.




$$
