000
CDUS44 KMRX 040820
CLITYS


CLIMATE REPORT
NATIONAL WEATHER SERVICE MORRISTOWN TN
420 AM EDT THU JUN 4 2020


...................................

...THE KNOXVILLE    ASOS CLIMATE SUMMARY FOR JUNE 3 2020...

CLIMATE NORMAL PERIOD 1981 TO 2010
CLIMATE RECORD PERIOD 1871 TO 2020


WEATHER ITEM   OBSERVED TIME   RECORD YEAR NORMAL DEPARTURE LAST
                VALUE   (LST)  VALUE       VALUE  FROM      YEAR
                                                  NORMAL
..................................................................
TEMPERATURE (F)
 YESTERDAY
  MAXIMUM         87    227 PM  96    1951  83      4       83
                                      1895
  MINIMUM         68    614 AM  43    1956  61      7       63
  AVERAGE         78                        72      6       73

PRECIPITATION (IN)
  YESTERDAY        0.00          2.59 1967   0.13  -0.13     0.00
  MONTH TO DATE    0.00                      0.38  -0.38     0.00
  SINCE JUN 1      0.00                      0.38  -0.38     0.00
  SINCE JAN 1     36.25                     21.82  14.43    32.20

SNOWFALL (IN)
  YESTERDAY        0.0                       0.0    0.0      0.0
  MONTH TO DATE    0.0                       0.0    0.0      0.0
  SINCE JUN 1      0.0                       0.0    0.0      0.0
  SINCE JUL 1      3.7                       6.5   -2.8      2.1
  SNOW DEPTH       0

DEGREE DAYS
 HEATING
  YESTERDAY        0                         0      0        0
  MONTH TO DATE    0                         0      0        0
  SINCE JUN 1      0                         0      0        0
  SINCE JUL 1   3045                      3633   -588     3319

 COOLING
  YESTERDAY       13                         7      6        8
  MONTH TO DATE   24                        21      3       26
  SINCE JUN 1     24                        21      3       26
  SINCE JAN 1    185                       183      2      326
..................................................................


WIND (MPH)
  HIGHEST WIND SPEED    16   HIGHEST WIND DIRECTION     W (280)
  HIGHEST GUST SPEED    19   HIGHEST GUST DIRECTION     W (290)
  AVERAGE WIND SPEED     6.9


SKY COVER
  POSSIBLE SUNSHINE  MM
  AVERAGE SKY COVER 0.5


WEATHER CONDITIONS
 THE FOLLOWING WEATHER WAS RECORDED YESTERDAY.
  NO SIGNIFICANT WEATHER WAS OBSERVED.


RELATIVE HUMIDITY (PERCENT)
 HIGHEST    78           600 AM
 LOWEST     48           200 PM
 AVERAGE    63

..........................................................


THE KNOXVILLE    ASOS CLIMATE NORMALS FOR TODAY
                         NORMAL    RECORD    YEAR
 MAXIMUM TEMPERATURE (F)   83        96      1943
                                             1911
 MINIMUM TEMPERATURE (F)   62        48      1879


SUNRISE AND SUNSET
JUNE  4 2020..........SUNRISE   620 AM EDT   SUNSET   849 PM EDT
JUNE  5 2020..........SUNRISE   620 AM EDT   SUNSET   849 PM EDT


-  INDICATES NEGATIVE NUMBERS.
R  INDICATES RECORD WAS SET OR TIED.
MM INDICATES DATA IS MISSING.
T  INDICATES TRACE AMOUNT.




$$
