000
CDUS44 KMRX 152127
CLITYS


CLIMATE REPORT
NATIONAL WEATHER SERVICE MORRISTOWN TN
527 PM EDT MON OCT 15 2018


...................................

...THE KNOXVILLE    ASOS CLIMATE SUMMARY FOR OCTOBER 15 2018...
VALID TODAY AS OF 0500 PM LOCAL TIME.

CLIMATE NORMAL PERIOD 1981 TO 2010
CLIMATE RECORD PERIOD 1871 TO 2018


WEATHER ITEM   OBSERVED TIME   RECORD YEAR NORMAL DEPARTURE LAST
                VALUE   (LST)  VALUE       VALUE  FROM      YEAR
                                                  NORMAL
..................................................................
TEMPERATURE (F)
 TODAY
  MAXIMUM         80    145 PM  87    1897  71      9       80
                                      1881
  MINIMUM         56    526 AM  27    1872  49      7       60
  AVERAGE         68                        60      8       70

PRECIPITATION (IN)
  TODAY            0.00          2.06 1914   0.08  -0.08     0.51
  MONTH TO DATE    1.18                      1.19  -0.01     2.68
  SINCE SEP 1      8.58                      4.43   4.15     5.11
  SINCE JAN 1     46.10                     38.03   8.07    42.63

SNOWFALL (IN)
  TODAY            0.0                       0.0    0.0      0.0
  MONTH TO DATE    0.0                       0.0    0.0      0.0
  SINCE SEP 1      0.0                       0.0    0.0      0.0
  SINCE JUL 1      0.0                       0.0    0.0      0.0
  SNOW DEPTH       0

DEGREE DAYS
 HEATING
  TODAY            0                         6     -6        0
  MONTH TO DATE   20                        63    -43        4
  SINCE SEP 1     20                        86    -66       19
  SINCE JUL 1     20                        86    -66       19

 COOLING
  TODAY            3                         1      2        5
  MONTH TO DATE  121                        26     95       89
  SINCE SEP 1    471                       232    239      264
  SINCE JAN 1   1986                      1513    473     1552
..................................................................


WIND (MPH)
  HIGHEST WIND SPEED    17   HIGHEST WIND DIRECTION    SW (230)
  HIGHEST GUST SPEED    21   HIGHEST GUST DIRECTION    SW (230)
  AVERAGE WIND SPEED     4.3


SKY COVER
  POSSIBLE SUNSHINE  MM
  AVERAGE SKY COVER 0.8


WEATHER CONDITIONS
 THE FOLLOWING WEATHER WAS RECORDED TODAY.
  FOG
  FOG W/VISIBILITY <= 1/4 MILE
  HAZE


RELATIVE HUMIDITY (PERCENT)
 HIGHEST   100          1200 AM
 LOWEST     62           200 PM
 AVERAGE    81

..........................................................


THE KNOXVILLE    ASOS CLIMATE NORMALS FOR TOMORROW
                         NORMAL    RECORD    YEAR
 MAXIMUM TEMPERATURE (F)   71        87      1897
 MINIMUM TEMPERATURE (F)   48        25      1876


SUNRISE AND SUNSET
OCTOBER 15 2018.......SUNRISE   743 AM EDT   SUNSET   700 PM EDT
OCTOBER 16 2018.......SUNRISE   743 AM EDT   SUNSET   659 PM EDT


-  INDICATES NEGATIVE NUMBERS.
R  INDICATES RECORD WAS SET OR TIED.
MM INDICATES DATA IS MISSING.
T  INDICATES TRACE AMOUNT.




$$
