000
CDUS44 KMRX 172148
CLITYS


CLIMATE REPORT
NATIONAL WEATHER SERVICE MORRISTOWN TN
547 PM EDT THU OCT 17 2019


...................................

...THE KNOXVILLE    ASOS CLIMATE SUMMARY FOR OCTOBER 17 2019...
VALID TODAY AS OF 0500 PM LOCAL TIME.

CLIMATE NORMAL PERIOD 1981 TO 2010
CLIMATE RECORD PERIOD 1871 TO 2019


WEATHER ITEM   OBSERVED TIME   RECORD YEAR NORMAL DEPARTURE LAST
                VALUE   (LST)  VALUE       VALUE  FROM      YEAR
                                                  NORMAL
..................................................................
TEMPERATURE (F)
 TODAY
  MAXIMUM         61    359 PM  85    2007  71    -10       68
                                      1897
                                      1881
  MINIMUM         39    649 AM  25    1876  48     -9       51
  AVERAGE         50                        59     -9       60

PRECIPITATION (IN)
  TODAY            0.00          1.73 1879   0.07  -0.07      T
  MONTH TO DATE    0.58                      1.33  -0.75     1.84
  SINCE SEP 1      0.61                      4.57  -3.96     9.24
  SINCE JAN 1     48.84                     38.17  10.67    46.76

SNOWFALL (IN)
  TODAY            0.0                       0.0    0.0      0.0
  MONTH TO DATE    0.0                       0.0    0.0      0.0
  SINCE SEP 1      0.0                       0.0    0.0      0.0
  SINCE JUL 1      0.0                       0.0    0.0      0.0
  SNOW DEPTH       0

DEGREE DAYS
 HEATING
  TODAY           15                         6      9        5
  MONTH TO DATE   42                        75    -33       30
  SINCE SEP 1     42                        98    -56       30
  SINCE JUL 1     42                        98    -56       30

 COOLING
  TODAY            0                         1     -1        0
  MONTH TO DATE  103                        28     75      121
  SINCE SEP 1    512                       234    278      471
  SINCE JAN 1   1965                      1515    450     1986
..................................................................


WIND (MPH)
  HIGHEST WIND SPEED    13   HIGHEST WIND DIRECTION     N (10)
  HIGHEST GUST SPEED    18   HIGHEST GUST DIRECTION    NW (320)
  AVERAGE WIND SPEED     4.9


SKY COVER
  POSSIBLE SUNSHINE  MM
  AVERAGE SKY COVER 0.2


WEATHER CONDITIONS
 THE FOLLOWING WEATHER WAS RECORDED TODAY.
  NO SIGNIFICANT WEATHER WAS OBSERVED.


RELATIVE HUMIDITY (PERCENT)
 HIGHEST    85           600 AM
 LOWEST     36           300 PM
 AVERAGE    61

..........................................................


THE KNOXVILLE    ASOS CLIMATE NORMALS FOR TOMORROW
                         NORMAL    RECORD    YEAR
 MAXIMUM TEMPERATURE (F)   71        86      1938
 MINIMUM TEMPERATURE (F)   48        30      1943


SUNRISE AND SUNSET
OCTOBER 17 2019.......SUNRISE   744 AM EDT   SUNSET   658 PM EDT
OCTOBER 18 2019.......SUNRISE   745 AM EDT   SUNSET   657 PM EDT


-  INDICATES NEGATIVE NUMBERS.
R  INDICATES RECORD WAS SET OR TIED.
MM INDICATES DATA IS MISSING.
T  INDICATES TRACE AMOUNT.




$$
