000
CDUS44 KMRX 231009
CLITYS


CLIMATE REPORT
NATIONAL WEATHER SERVICE MORRISTOWN TN
509 AM EST WED JAN 23 2019


...................................

...THE KNOXVILLE    ASOS CLIMATE SUMMARY FOR JANUARY 22 2019...

CLIMATE NORMAL PERIOD 1981 TO 2010
CLIMATE RECORD PERIOD 1871 TO 2019


WEATHER ITEM   OBSERVED TIME   RECORD YEAR NORMAL DEPARTURE LAST
                VALUE   (LST)  VALUE       VALUE  FROM      YEAR
                                                  NORMAL
..................................................................
TEMPERATURE (F)
 YESTERDAY
  MAXIMUM         47    406 PM  76    1937  47      0       66
  MINIMUM         18    704 AM   0    1970  29    -11       36
  AVERAGE         33                        38     -5       51

PRECIPITATION (IN)
  YESTERDAY        0.00          1.75 1954   0.14  -0.14     0.03
  MONTH TO DATE    3.59                      3.07   0.52     0.90
  SINCE DEC 1     11.09                      7.57   3.52     4.28
  SINCE JAN 1      3.59                      3.07   0.52     0.90

SNOWFALL (IN)
  YESTERDAY        0.0                       0.1   -0.1      0.0
  MONTH TO DATE    T                         1.9   -1.9      1.7
  SINCE DEC 1      0.3                       2.7   -2.4      2.6
  SINCE JUL 1      0.3                       2.7   -2.4      2.6
  SNOW DEPTH       0

DEGREE DAYS
 HEATING
  YESTERDAY       32                        27      5       14
  MONTH TO DATE  495                       594    -99      756
  SINCE DEC 1   1145                      1346   -201     1502
  SINCE JUL 1   1932                      2027    -95     2120

 COOLING
  YESTERDAY        0                         0      0        0
  MONTH TO DATE    0                         0      0        0
  SINCE DEC 1      0                         0      0        0
  SINCE JAN 1      0                         0      0        0
..................................................................


WIND (MPH)
  HIGHEST WIND SPEED     9   HIGHEST WIND DIRECTION    NE (30)
  HIGHEST GUST SPEED    12   HIGHEST GUST DIRECTION    NE (40)
  AVERAGE WIND SPEED     3.8


SKY COVER
  POSSIBLE SUNSHINE  MM
  AVERAGE SKY COVER 0.6


WEATHER CONDITIONS
 THE FOLLOWING WEATHER WAS RECORDED YESTERDAY.
  NO SIGNIFICANT WEATHER WAS OBSERVED.


RELATIVE HUMIDITY (PERCENT)
 HIGHEST    74           900 AM
 LOWEST     30           200 PM
 AVERAGE    52

..........................................................


THE KNOXVILLE    ASOS CLIMATE NORMALS FOR TODAY
                         NORMAL    RECORD    YEAR
 MAXIMUM TEMPERATURE (F)   48        72      1999
 MINIMUM TEMPERATURE (F)   29         2      1963
                                             1936


SUNRISE AND SUNSET
JANUARY 23 2019.......SUNRISE   742 AM EST   SUNSET   554 PM EST
JANUARY 24 2019.......SUNRISE   742 AM EST   SUNSET   555 PM EST


-  INDICATES NEGATIVE NUMBERS.
R  INDICATES RECORD WAS SET OR TIED.
MM INDICATES DATA IS MISSING.
T  INDICATES TRACE AMOUNT.




$$
