000
CDUS44 KMRX 310826
CLITYS

CLIMATE REPORT
NATIONAL WEATHER SERVICE MORRISTOWN, TN
426 AM EDT SAT OCT 31 2020

...................................

...THE KNOXVILLE MCGHEE TYSON AIRPORT CLIMATE SUMMARY FOR OCTOBER 30 2020...

CLIMATE NORMAL PERIOD: 1981 TO 2010
CLIMATE RECORD PERIOD: 1871 TO 2020


WEATHER ITEM   OBSERVED TIME   RECORD YEAR NORMAL DEPARTURE LAST
                VALUE   (LST)  VALUE       VALUE  FROM      YEAR
                                                  NORMAL
...................................................................
TEMPERATURE (F)
 YESTERDAY
  MAXIMUM         58  12:04 AM  83    1950  67     -9       67
                                      2016
  MINIMUM         42  11:44 PM  24    1910  44     -2       58
  AVERAGE         50                        55     -5       63

PRECIPITATION (IN)
  YESTERDAY        T             2.09 1949   0.09  -0.09     0.86
  MONTH TO DATE    5.45                      2.42   3.03     4.21
  SINCE SEP 1     10.02                      5.66   4.36     4.24
  SINCE JAN 1     60.93                     39.26  21.67    52.47

SNOWFALL (IN)
  YESTERDAY        0.0                       0.0    0.0      0.0
  MONTH TO DATE    0.0                       0.0    0.0      0.0
  SINCE SEP 1      0.0                       0.0    0.0      0.0
  SINCE JUL 1      0.0                       0.0    0.0      0.0
  SNOW DEPTH       0

DEGREE DAYS
 HEATING
  YESTERDAY       15                        10      5        2
  MONTH TO DATE   98                       184    -86      123
  SINCE SEP 1    128                       207    -79      123
  SINCE JUL 1    128                       207    -79      123

 COOLING
  YESTERDAY        0                         0      0        0
  MONTH TO DATE   31                        37     -6      105
  SINCE SEP 1    242                       243     -1      514
  SINCE JAN 1   1628                      1524    104     1967
...................................................................


WIND (MPH)
  HIGHEST WIND SPEED    23   HIGHEST WIND DIRECTION     W (260)
  HIGHEST GUST SPEED    29   HIGHEST GUST DIRECTION     W (260)
  AVERAGE WIND SPEED     8.3


SKY COVER
  POSSIBLE SUNSHINE  MM
  AVERAGE SKY COVER 0.7


WEATHER CONDITIONS
THE FOLLOWING WEATHER WAS RECORDED YESTERDAY.
  NO SIGNIFICANT WEATHER WAS OBSERVED.


RELATIVE HUMIDITY (PERCENT)
 HIGHEST    83           4:00 AM
 LOWEST     52           4:00 PM
 AVERAGE    68

..........................................................


THE KNOXVILLE MCGHEE TYSON AIRPORT CLIMATE NORMALS FOR TODAY
                         NORMAL    RECORD    YEAR
 MAXIMUM TEMPERATURE (F)   66        84      1950
 MINIMUM TEMPERATURE (F)   44        28      1910
                                             1917
                                             1954


SUNRISE AND SUNSET
OCTOBER 31 2020.......SUNRISE   7:58 AM EDT   SUNSET   6:41 PM EDT
NOVEMBER  1 2020......SUNRISE   6:59 AM EST   SUNSET   5:40 PM EST


-  INDICATES NEGATIVE NUMBERS.
R  INDICATES RECORD WAS SET OR TIED.
MM INDICATES DATA IS MISSING.
T  INDICATES TRACE AMOUNT.




$$
