000
CDUS43 KLOT 190638
CLIUGN


CLIMATE REPORT
NATIONAL WEATHER SERVICE CHICAGO IL
1236 AM CST MON FEB 19 2018


...................................

...THE WAUKEGAN   CLIMATE SUMMARY FOR FEBRUARY 18 2018...

CLIMATE NORMAL PERIOD 1981 TO 2010
CLIMATE RECORD PERIOD 2000 TO 2018


WEATHER ITEM   OBSERVED TIME   RECORD YEAR NORMAL DEPARTURE LAST
                VALUE   (LST)  VALUE       VALUE  FROM      YEAR
                                                  NORMAL
..................................................................
TEMPERATURE (F)
 YESTERDAY
  MAXIMUM         39   1159 PM  67    2017  34      5       67
  MINIMUM         16    644 AM -10    2006  19     -3       36
  AVERAGE         28                        27      1       52

PRECIPITATION (IN)
  YESTERDAY        T             0.36 2013   0.06  -0.06     0.00
  MONTH TO DATE    0.26                      1.03  -0.77     0.50
  SINCE DEC 1      2.17                      4.42  -2.25     3.90
  SINCE JAN 1      1.71                      2.42  -0.71     3.00

DEGREE DAYS
 HEATING
  YESTERDAY       37                        38     -1       13
  MONTH TO DATE  823                       731     92      603
  SINCE DEC 1   3199                      3197      2     2995
  SINCE JUL 1   4429                      4582   -153     3882

 COOLING
  YESTERDAY        0                         0      0        0
  MONTH TO DATE    0                         0      0        0
  SINCE DEC 1      0                         0      0        0
  SINCE JAN 1      0                         0      0        0
..................................................................


WIND (MPH)
  RESULTANT WIND SPEED   9   RESULTANT WIND DIRECTION   S (180)
  HIGHEST WIND SPEED    21   HIGHEST WIND DIRECTION     S (170)
  HIGHEST GUST SPEED    28   HIGHEST GUST DIRECTION     S (160)
  AVERAGE WIND SPEED    10.6


SKY COVER
  POSSIBLE SUNSHINE  MM
  AVERAGE SKY COVER 0.0


WEATHER CONDITIONS
 THE FOLLOWING WEATHER WAS RECORDED YESTERDAY.
  FOG
  HAZE


RELATIVE HUMIDITY (PERCENT)
 HIGHEST    96
 LOWEST     64
 AVERAGE    80

..........................................................


THE WAUKEGAN   CLIMATE NORMALS FOR TODAY
                         NORMAL    RECORD    YEAR
 MAXIMUM TEMPERATURE (F)   35        60      2016
 MINIMUM TEMPERATURE (F)   19       -14      2015


SUNRISE AND SUNSET
FEBRUARY 19 2018......SUNRISE   642 AM CST   SUNSET   529 PM CST
FEBRUARY 20 2018......SUNRISE   641 AM CST   SUNSET   530 PM CST


-  INDICATES NEGATIVE NUMBERS.
R  INDICATES RECORD WAS SET OR TIED.
MM INDICATES DATA IS MISSING.
T  INDICATES TRACE AMOUNT.




$$
