543
CDUS43 KLOT 160824
CLIUGN


CLIMATE REPORT
NATIONAL WEATHER SERVICE CHICAGO IL
324 AM CDT MON JUL 16 2018


...................................

...THE WAUKEGAN   CLIMATE SUMMARY FOR JULY 15 2018...

CLIMATE NORMAL PERIOD 1981 TO 2010
CLIMATE RECORD PERIOD 2000 TO 2018


WEATHER ITEM   OBSERVED TIME   RECORD YEAR NORMAL DEPARTURE LAST
                VALUE   (LST)  VALUE       VALUE  FROM      YEAR
                                                  NORMAL
..................................................................
TEMPERATURE (F)
 YESTERDAY
  MAXIMUM         85   1033 AM  94    2006  81      4       79
  MINIMUM         68    138 AM  53    2015  63      5       59
                                      2007
  AVERAGE         77                        72      5       69

PRECIPITATION (IN)
  YESTERDAY        0.00          0.78 2003   0.13  -0.13     0.00
  MONTH TO DATE    0.33                      1.87  -1.54     5.77
  SINCE JUN 1      9.87                      5.75   4.12    10.04
  SINCE JAN 1     23.71                     18.61   5.10    24.15

DEGREE DAYS
 HEATING
  YESTERDAY        0                         0      0        0
  MONTH TO DATE    1                         3     -2        0
  SINCE JUN 1     52                        89    -37       37
  SINCE JUL 1      1                         3     -2        0

 COOLING
  YESTERDAY       12                         7      5        4
  MONTH TO DATE  126                       102     24       87
  SINCE JUN 1    227                       207     20      228
  SINCE JAN 1    305                       232     73      249
..................................................................


WIND (MPH)
  RESULTANT WIND SPEED   2   RESULTANT WIND DIRECTION  SE (130)
  HIGHEST WIND SPEED    10   HIGHEST WIND DIRECTION    SE (140)
  HIGHEST GUST SPEED    14   HIGHEST GUST DIRECTION    SE (130)
  AVERAGE WIND SPEED     3.3


SKY COVER
  POSSIBLE SUNSHINE  MM
  AVERAGE SKY COVER 0.3


WEATHER CONDITIONS
 THE FOLLOWING WEATHER WAS RECORDED YESTERDAY.
  FOG
  HAZE


RELATIVE HUMIDITY (PERCENT)
 HIGHEST   100
 LOWEST     61
 AVERAGE    81

..........................................................


THE WAUKEGAN   CLIMATE NORMALS FOR TODAY
                         NORMAL    RECORD    YEAR
 MAXIMUM TEMPERATURE (F)   81        98      2012
 MINIMUM TEMPERATURE (F)   63        51      2014


SUNRISE AND SUNSET
JULY 16 2018..........SUNRISE   529 AM CDT   SUNSET   826 PM CDT
JULY 17 2018..........SUNRISE   530 AM CDT   SUNSET   825 PM CDT


-  INDICATES NEGATIVE NUMBERS.
R  INDICATES RECORD WAS SET OR TIED.
MM INDICATES DATA IS MISSING.
T  INDICATES TRACE AMOUNT.




$$
