000
CDUS43 KLOT 200636
CLIUGN


CLIMATE REPORT
NATIONAL WEATHER SERVICE CHICAGO IL
135 AM CDT TUE OCT 20 2020


...................................

...THE WAUKEGAN   CLIMATE SUMMARY FOR OCTOBER 19 2020...

CLIMATE NORMAL PERIOD 1981 TO 2010
CLIMATE RECORD PERIOD 2000 TO 2020


WEATHER ITEM   OBSERVED TIME   RECORD YEAR NORMAL DEPARTURE LAST
                VALUE   (LST)  VALUE       VALUE  FROM      YEAR
                                                  NORMAL
..................................................................
TEMPERATURE (F)
 YESTERDAY
  MAXIMUM         46   1117 AM  76    2000  59    -13       65
  MINIMUM         34    701 AM  33    2014  41     -7       45
  AVERAGE         40                        50    -10       55

PRECIPITATION (IN)
  YESTERDAY        0.04          0.89 2011   0.09  -0.05      T
  MONTH TO DATE    0.58                      1.80  -1.22     3.22
  SINCE SEP 1      4.05                      5.26  -1.21    14.39
  SINCE JAN 1     34.91                     29.71   5.20    42.35

DEGREE DAYS
 HEATING
  YESTERDAY       25                        15     10       10
  MONTH TO DATE  230                       239     -9      237
  SINCE SEP 1    336                       377    -41      265
  SINCE JUL 1    340                       405    -65      273

 COOLING
  YESTERDAY        0                         0      0        0
  MONTH TO DATE    1                         7     -6        5
  SINCE SEP 1     50                        62    -12      109
  SINCE JAN 1    770                       564    206      597
..................................................................


WIND (MPH)
  RESULTANT WIND SPEED   4   RESULTANT WIND DIRECTION   N (20)
  HIGHEST WIND SPEED    14   HIGHEST WIND DIRECTION    NE (30)
  HIGHEST GUST SPEED    19   HIGHEST GUST DIRECTION     N (20)
  AVERAGE WIND SPEED     5.0


SKY COVER
  POSSIBLE SUNSHINE  MM
  AVERAGE SKY COVER 0.7


WEATHER CONDITIONS
 THE FOLLOWING WEATHER WAS RECORDED YESTERDAY.
  LIGHT RAIN
  FOG


RELATIVE HUMIDITY (PERCENT)
 HIGHEST    92
 LOWEST     65
 AVERAGE    79

..........................................................


THE WAUKEGAN   CLIMATE NORMALS FOR TODAY
                         NORMAL    RECORD    YEAR
 MAXIMUM TEMPERATURE (F)   59        82      2003
 MINIMUM TEMPERATURE (F)   41        29      2018
                                             2002


SUNRISE AND SUNSET
OCTOBER 20 2020.......SUNRISE   711 AM CDT   SUNSET   601 PM CDT
OCTOBER 21 2020.......SUNRISE   712 AM CDT   SUNSET   559 PM CDT


-  INDICATES NEGATIVE NUMBERS.
R  INDICATES RECORD WAS SET OR TIED.
MM INDICATES DATA IS MISSING.
T  INDICATES TRACE AMOUNT.




$$
