000
CDUS43 KLOT 190633
CLIUGN


CLIMATE REPORT
NATIONAL WEATHER SERVICE CHICAGO IL
1232 AM CST SAT JAN 19 2019


...................................

...THE WAUKEGAN   CLIMATE SUMMARY FOR JANUARY 18 2019...

CLIMATE NORMAL PERIOD 1981 TO 2010
CLIMATE RECORD PERIOD 2000 TO 2019


WEATHER ITEM   OBSERVED TIME   RECORD YEAR NORMAL DEPARTURE LAST
                VALUE   (LST)  VALUE       VALUE  FROM      YEAR
                                                  NORMAL
..................................................................
TEMPERATURE (F)
 YESTERDAY
  MAXIMUM         31    118 AM  44    2013  30      1       33
  MINIMUM         24    547 PM  -6    2016  15      9       17
  AVERAGE         28                        23      5       25

PRECIPITATION (IN)
  YESTERDAY        0.11R         T    2014   0.04   0.07     0.00
                                      2014
                                      2015
  MONTH TO DATE    0.80                      0.77   0.03     0.23
  SINCE DEC 1      3.71                      2.77   0.94     0.69
  SINCE JAN 1      0.80                      0.77   0.03     0.23

DEGREE DAYS
 HEATING
  YESTERDAY       37                        42     -5       40
  MONTH TO DATE  617                       747   -130      730
  SINCE DEC 1   1637                      1911   -274     1960
  SINCE JUL 1   3130                      3296   -166     3190

 COOLING
  YESTERDAY        0                         0      0        0
  MONTH TO DATE    0                         0      0        0
  SINCE DEC 1      0                         0      0        0
  SINCE JAN 1      0                         0      0        0
..................................................................


WIND (MPH)
  RESULTANT WIND SPEED   6   RESULTANT WIND DIRECTION   N (20)
  HIGHEST WIND SPEED    22   HIGHEST WIND DIRECTION    NE (60)
  HIGHEST GUST SPEED    32   HIGHEST GUST DIRECTION     E (70)
  AVERAGE WIND SPEED     8.5


SKY COVER
  POSSIBLE SUNSHINE  MM
  AVERAGE SKY COVER 1.0


WEATHER CONDITIONS
 THE FOLLOWING WEATHER WAS RECORDED YESTERDAY.
  LIGHT SNOW
  FOG
  HAZE


RELATIVE HUMIDITY (PERCENT)
 HIGHEST    88
 LOWEST     63
 AVERAGE    76

..........................................................


THE WAUKEGAN   CLIMATE NORMALS FOR TODAY
                         NORMAL    RECORD    YEAR
 MAXIMUM TEMPERATURE (F)   30        52      2006
 MINIMUM TEMPERATURE (F)   15        -4      2008


SUNRISE AND SUNSET
JANUARY 19 2019.......SUNRISE   716 AM CST   SUNSET   449 PM CST
JANUARY 20 2019.......SUNRISE   716 AM CST   SUNSET   450 PM CST


-  INDICATES NEGATIVE NUMBERS.
R  INDICATES RECORD WAS SET OR TIED.
MM INDICATES DATA IS MISSING.
T  INDICATES TRACE AMOUNT.




$$
