000
CDUS43 KLOT 180634
CLIUGN


CLIMATE REPORT
NATIONAL WEATHER SERVICE CHICAGO IL
133 AM CDT THU OCT 18 2018


...................................

...THE WAUKEGAN   CLIMATE SUMMARY FOR OCTOBER 17 2018...

CLIMATE NORMAL PERIOD 1981 TO 2010
CLIMATE RECORD PERIOD 2000 TO 2018


WEATHER ITEM   OBSERVED TIME   RECORD YEAR NORMAL DEPARTURE LAST
                VALUE   (LST)  VALUE       VALUE  FROM      YEAR
                                                  NORMAL
..................................................................
TEMPERATURE (F)
 YESTERDAY
  MAXIMUM         50    316 PM  81    2016  60    -10       72
  MINIMUM         31   1109 PM  29    2015  42    -11       46
  AVERAGE         41                        51    -10       59

PRECIPITATION (IN)
  YESTERDAY        0.00          0.47 2006   0.07  -0.07     0.00
  MONTH TO DATE    4.45                      1.63   2.82     4.39
  SINCE SEP 1      9.52                      5.09   4.43     4.82
  SINCE JAN 1     41.42                     29.54  11.88    33.66

DEGREE DAYS
 HEATING
  YESTERDAY       24                        14     10        6
  MONTH TO DATE  196                       209    -13       80
  SINCE SEP 1    286                       347    -61      183
  SINCE JUL 1    290                       375    -85      205

 COOLING
  YESTERDAY        0                         0      0        0
  MONTH TO DATE   25                         7     18       18
  SINCE SEP 1    131                        62     69      121
  SINCE JAN 1    767                       564    203      567
..................................................................


WIND (MPH)
  RESULTANT WIND SPEED   6   RESULTANT WIND DIRECTION  NW (310)
  HIGHEST WIND SPEED    16   HIGHEST WIND DIRECTION    NW (310)
  HIGHEST GUST SPEED    26   HIGHEST GUST DIRECTION     N (340)
  AVERAGE WIND SPEED     7.0


SKY COVER
  POSSIBLE SUNSHINE  MM
  AVERAGE SKY COVER 0.2


WEATHER CONDITIONS
 THE FOLLOWING WEATHER WAS RECORDED YESTERDAY.
  NO SIGNIFICANT WEATHER WAS OBSERVED.


RELATIVE HUMIDITY (PERCENT)
 HIGHEST    82
 LOWEST     32
 AVERAGE    57

..........................................................


THE WAUKEGAN   CLIMATE NORMALS FOR TODAY
                         NORMAL    RECORD    YEAR
 MAXIMUM TEMPERATURE (F)   59        77      2007
 MINIMUM TEMPERATURE (F)   42        30      2015
                                             2009


SUNRISE AND SUNSET
OCTOBER 18 2018.......SUNRISE   708 AM CDT   SUNSET   605 PM CDT
OCTOBER 19 2018.......SUNRISE   709 AM CDT   SUNSET   603 PM CDT


-  INDICATES NEGATIVE NUMBERS.
R  INDICATES RECORD WAS SET OR TIED.
MM INDICATES DATA IS MISSING.
T  INDICATES TRACE AMOUNT.




$$
