000
CDUS46 KSEW 040827
CLIUIL


CLIMATE REPORT
NATIONAL WEATHER SERVICE SEATTLE WA
127 AM PDT THU JUN 4 2020


...................................

...THE QUILLAYUTE WA AIRPORT CLIMATE SUMMARY FOR JUNE 3 2020...

CLIMATE NORMAL PERIOD 1981 TO 2010
CLIMATE RECORD PERIOD 1966 TO 2020


WEATHER ITEM   OBSERVED TIME   RECORD YEAR NORMAL DEPARTURE LAST
                VALUE   (LST)  VALUE       VALUE  FROM      YEAR
                                                  NORMAL
..................................................................
TEMPERATURE (F)
 YESTERDAY
  MAXIMUM         61    342 PM  89    1989  62     -1       61
  MINIMUM         44    216 AM  35    1976  46     -2       42
  AVERAGE         53                        54     -1       52

PRECIPITATION (IN)
  YESTERDAY        T             1.53 1990   0.15  -0.15     0.01
  MONTH TO DATE    0.08                      0.44  -0.36     0.01
  SINCE OCT 1     90.46                     88.19   2.27    75.58
  SINCE JAN 1     56.27                     49.19   7.08    31.66

DEGREE DAYS
 HEATING
  YESTERDAY       12                        11      1       13
  MONTH TO DATE   44                        34     10       32
  SINCE JUN 1     44                        34     10       32
  SINCE JUL 1   5229                      5502   -273     5237

 COOLING
  YESTERDAY        0                         0      0        0
  MONTH TO DATE    0                         0      0        0
  SINCE JUN 1      0                         0      0        0
  SINCE JAN 1      4                         1      3        0
..................................................................


WIND (MPH)
  RESULTANT WIND SPEED   3   RESULTANT WIND DIRECTION  NW (310)
  HIGHEST WIND SPEED    16   HIGHEST WIND DIRECTION    NW (300)
  HIGHEST GUST SPEED    22   HIGHEST GUST DIRECTION    NW (310)
  AVERAGE WIND SPEED     4.4


SKY COVER
  AVERAGE SKY COVER 0.8


WEATHER CONDITIONS
 THE FOLLOWING WEATHER WAS RECORDED YESTERDAY.
  LIGHT RAIN
  FOG


RELATIVE HUMIDITY (PERCENT)
 HIGHEST   100           100 AM
 LOWEST     55           400 PM
 AVERAGE    78

..........................................................


THE QUILLAYUTE WA AIRPORT CLIMATE NORMALS FOR TODAY
                         NORMAL    RECORD    YEAR
 MAXIMUM TEMPERATURE (F)   62        90      2016
                                             2009
                                             1989
 MINIMUM TEMPERATURE (F)   46        34      2001


SUNRISE AND SUNSET
JUNE  4 2020..........SUNRISE   521 AM PDT   SUNSET   913 PM PDT
JUNE  5 2020..........SUNRISE   521 AM PDT   SUNSET   913 PM PDT


-  INDICATES NEGATIVE NUMBERS.
R  INDICATES RECORD WAS SET OR TIED.
MM INDICATES DATA IS MISSING.
T  INDICATES TRACE AMOUNT.




$$
