000
CDUS46 KSEW 200831
CLIUIL


CLIMATE REPORT
NATIONAL WEATHER SERVICE SEATTLE WA
131 AM PDT SAT OCT 20 2018


...................................

...THE QUILLAYUTE WA AIRPORT CLIMATE SUMMARY FOR OCTOBER 19 2018...

CLIMATE NORMAL PERIOD 1981 TO 2010
CLIMATE RECORD PERIOD 1966 TO 2018


WEATHER ITEM   OBSERVED TIME   RECORD YEAR NORMAL DEPARTURE LAST
                VALUE   (LST)  VALUE       VALUE  FROM      YEAR
                                                  NORMAL
..................................................................
TEMPERATURE (F)
 YESTERDAY
  MAXIMUM         58    302 PM  71    1976  57      1       54
  MINIMUM         36   1159 PM  29    1976  41     -5       43
  AVERAGE         47                        49     -2       49

PRECIPITATION (IN)
  YESTERDAY        0.00          1.88 1966   0.36  -0.36     0.65
  MONTH TO DATE    0.48                      5.54  -5.06     5.62
  SINCE OCT 1      0.48                      5.54  -5.06     5.62
  SINCE JAN 1     62.01                     66.08  -4.07    77.01

DEGREE DAYS
 HEATING
  YESTERDAY       18                        16      2       16
  MONTH TO DATE  267                       262      5      293
  SINCE SEP 1    524                       518      6      484
  SINCE JUL 1    827                       887    -60      790

 COOLING
  YESTERDAY        0                         0      0        0
  MONTH TO DATE    0                         0      0        0
  SINCE SEP 1      0                         2     -2       20
  SINCE JAN 1      8                        19    -11       73
..................................................................


WIND (MPH)
  RESULTANT WIND SPEED   1   RESULTANT WIND DIRECTION   N (10)
  HIGHEST WIND SPEED    10   HIGHEST WIND DIRECTION     W (260)
  HIGHEST GUST SPEED    14   HIGHEST GUST DIRECTION    NW (310)
  AVERAGE WIND SPEED     2.5


SKY COVER
  AVERAGE SKY COVER 0.4


WEATHER CONDITIONS
 THE FOLLOWING WEATHER WAS RECORDED YESTERDAY.
  FOG


RELATIVE HUMIDITY (PERCENT)
 HIGHEST   100          1000 PM
 LOWEST     62           300 PM
 AVERAGE    81

..........................................................


THE QUILLAYUTE WA AIRPORT CLIMATE NORMALS FOR TODAY
                         NORMAL    RECORD    YEAR
 MAXIMUM TEMPERATURE (F)   57        71      1987
 MINIMUM TEMPERATURE (F)   41        29      1977


SUNRISE AND SUNSET
OCTOBER 20 2018.......SUNRISE   745 AM PDT   SUNSET   620 PM PDT
OCTOBER 21 2018.......SUNRISE   747 AM PDT   SUNSET   618 PM PDT


-  INDICATES NEGATIVE NUMBERS.
R  INDICATES RECORD WAS SET OR TIED.
MM INDICATES DATA IS MISSING.
T  INDICATES TRACE AMOUNT.




$$
