000
CDUS46 KSEW 180134
CLIUIL


CLIMATE REPORT
NATIONAL WEATHER SERVICE SEATTLE WA
634 PM PDT THU OCT 17 2019


...................................

...THE QUILLAYUTE WA AIRPORT CLIMATE SUMMARY FOR OCTOBER 17 2019...
VALID TODAY AS OF 0500 PM LOCAL TIME.

CLIMATE NORMAL PERIOD 1981 TO 2010
CLIMATE RECORD PERIOD 1966 TO 2019


WEATHER ITEM   OBSERVED TIME   RECORD YEAR NORMAL DEPARTURE LAST
                VALUE   (LST)  VALUE       VALUE  FROM      YEAR
                                                  NORMAL
..................................................................
TEMPERATURE (F)
 TODAY
  MAXIMUM         58   1107 AM  74    2018  58      0       74
  MINIMUM         51    501 AM  27    1984  42      9       37
  AVERAGE         55                        50      5       56

PRECIPITATION (IN)
  TODAY            1.10          2.26 1995   0.35   0.75     0.00
  MONTH TO DATE    6.40                      4.82   1.58     0.48
  SINCE OCT 1      6.40                      4.82   1.58     0.48
  SINCE JAN 1     53.13                     65.36 -12.23    62.01

DEGREE DAYS
 HEATING
  TODAY           10                        15     -5        9
  MONTH TO DATE  265                       230     35      231
  SINCE SEP 1    479                       486     -7      488
  SINCE JUL 1    692                       855   -163      791

 COOLING
  TODAY            0                         0      0        0
  MONTH TO DATE    0                         0      0        0
  SINCE SEP 1      0                         2     -2        0
  SINCE JAN 1     21                        19      2        8
..................................................................


WIND (MPH)
  RESULTANT WIND SPEED  10   RESULTANT WIND DIRECTION   S (190)
  HIGHEST WIND SPEED    21   HIGHEST WIND DIRECTION    SW (230)
  HIGHEST GUST SPEED    28   HIGHEST GUST DIRECTION     S (190)
  AVERAGE WIND SPEED    10.4


SKY COVER
  AVERAGE SKY COVER 0.9


WEATHER CONDITIONS
 THE FOLLOWING WEATHER WAS RECORDED TODAY.
  HEAVY RAIN
  RAIN
  LIGHT RAIN
  FOG


RELATIVE HUMIDITY (PERCENT)
 HIGHEST   100           600 AM
 LOWEST     86          1100 AM
 AVERAGE    93

..........................................................


THE QUILLAYUTE WA AIRPORT CLIMATE NORMALS FOR TOMORROW
                         NORMAL    RECORD    YEAR
 MAXIMUM TEMPERATURE (F)   58        79      1978
 MINIMUM TEMPERATURE (F)   41        29      1987
                                             1982


SUNRISE AND SUNSET
OCTOBER 17 2019.......SUNRISE   740 AM PDT   SUNSET   626 PM PDT
OCTOBER 18 2019.......SUNRISE   742 AM PDT   SUNSET   624 PM PDT


-  INDICATES NEGATIVE NUMBERS.
R  INDICATES RECORD WAS SET OR TIED.
MM INDICATES DATA IS MISSING.
T  INDICATES TRACE AMOUNT.




$$
