000
CDUS46 KSEW 310829
CLIUIL


CLIMATE REPORT
NATIONAL WEATHER SERVICE SEATTLE WA
129 AM PDT SAT OCT 31 2020


...................................

...THE QUILLAYUTE WA AIRPORT CLIMATE SUMMARY FOR OCTOBER 30 2020...

CLIMATE NORMAL PERIOD 1981 TO 2010
CLIMATE RECORD PERIOD 1966 TO 2020


WEATHER ITEM   OBSERVED TIME   RECORD YEAR NORMAL DEPARTURE LAST
                VALUE   (LST)  VALUE       VALUE  FROM      YEAR
                                                  NORMAL
..................................................................
TEMPERATURE (F)
 YESTERDAY
  MAXIMUM         55    137 PM  66    2017  54      1       56
  MINIMUM         37   1117 PM  24    1972  40     -3       26
  AVERAGE         46                        47     -1       41

PRECIPITATION (IN)
  YESTERDAY        0.79          3.64 1999   0.45   0.34     0.00
  MONTH TO DATE    7.13                     10.04  -2.91    12.81
  SINCE OCT 1      7.13                     10.04  -2.91    12.81
  SINCE JAN 1     77.23                     70.58   6.65    59.54

DEGREE DAYS
 HEATING
  YESTERDAY       19                        18      1       24
  MONTH TO DATE  384                       448    -64      495
  SINCE SEP 1    499                       704   -205      709
  SINCE JUL 1    821                      1073   -252      922

 COOLING
  YESTERDAY        0                         0      0        0
  MONTH TO DATE    0                         0      0        0
  SINCE SEP 1     21                         2     19        0
  SINCE JAN 1     39                        19     20       21
..................................................................


WIND (MPH)
  RESULTANT WIND SPEED   5   RESULTANT WIND DIRECTION   W (270)
  HIGHEST WIND SPEED    24   HIGHEST WIND DIRECTION     W (270)
  HIGHEST GUST SPEED    31   HIGHEST GUST DIRECTION     W (270)
  AVERAGE WIND SPEED     6.8


SKY COVER
  AVERAGE SKY COVER 0.6


WEATHER CONDITIONS
 THE FOLLOWING WEATHER WAS RECORDED YESTERDAY.
  HEAVY RAIN
  RAIN
  LIGHT RAIN
  FOG
  HAZE


RELATIVE HUMIDITY (PERCENT)
 HIGHEST    96           300 AM
 LOWEST     32           300 PM
 AVERAGE    64

..........................................................


THE QUILLAYUTE WA AIRPORT CLIMATE NORMALS FOR TODAY
                         NORMAL    RECORD    YEAR
 MAXIMUM TEMPERATURE (F)   54        67      1970
 MINIMUM TEMPERATURE (F)   40        23      2006


SUNRISE AND SUNSET
OCTOBER 31 2020.......SUNRISE   802 AM PDT   SUNSET   600 PM PDT
NOVEMBER  1 2020......SUNRISE   704 AM PST   SUNSET   459 PM PST


-  INDICATES NEGATIVE NUMBERS.
R  INDICATES RECORD WAS SET OR TIED.
MM INDICATES DATA IS MISSING.
T  INDICATES TRACE AMOUNT.




$$
