000
CDUS46 KSEW 180830
CLIUIL


CLIMATE REPORT
NATIONAL WEATHER SERVICE SEATTLE WA
129 AM PDT WED JUL 18 2018


...................................

...THE QUILLAYUTE WA AIRPORT CLIMATE SUMMARY FOR JULY 17 2018...

CLIMATE NORMAL PERIOD 1981 TO 2010
CLIMATE RECORD PERIOD 1966 TO 2018


WEATHER ITEM   OBSERVED TIME   RECORD YEAR NORMAL DEPARTURE LAST
                VALUE   (LST)  VALUE       VALUE  FROM      YEAR
                                                  NORMAL
..................................................................
TEMPERATURE (F)
 YESTERDAY
  MAXIMUM         63    226 PM  96    1995  68     -5       72
  MINIMUM         54    629 AM  40    1988  51      3       46
  AVERAGE         59                        59      0       59

PRECIPITATION (IN)
  YESTERDAY        0.00          0.72 1974   0.05  -0.05     0.00
  MONTH TO DATE    0.70                      1.20  -0.50     0.05
  SINCE OCT 1     92.41                     92.45  -0.04   126.88
  SINCE JAN 1     54.19                     53.45   0.74    66.95

DEGREE DAYS
 HEATING
  YESTERDAY        6                         6      0        6
  MONTH TO DATE   78                       116    -38      117
  SINCE JUN 1    357                       410    -53      385
  SINCE JUL 1     78                       116    -38      117

 COOLING
  YESTERDAY        0                         0      0        0
  MONTH TO DATE    2                         0      2        0
  SINCE JUN 1      4                         3      1       11
  SINCE JAN 1      4                         4      0       11
..................................................................


WIND (MPH)
  RESULTANT WIND SPEED   3   RESULTANT WIND DIRECTION   S (190)
  HIGHEST WIND SPEED    12   HIGHEST WIND DIRECTION    SW (230)
  HIGHEST GUST SPEED    16   HIGHEST GUST DIRECTION    SW (210)
  AVERAGE WIND SPEED     4.8


SKY COVER
  AVERAGE SKY COVER 1.0


WEATHER CONDITIONS
 THE FOLLOWING WEATHER WAS RECORDED YESTERDAY.
  FOG
  FOG W/VISIBILITY <= 1/4 MILE


RELATIVE HUMIDITY (PERCENT)
 HIGHEST   100          1200 AM
 LOWEST     78          1200 PM
 AVERAGE    89

..........................................................


THE QUILLAYUTE WA AIRPORT CLIMATE NORMALS FOR TODAY
                         NORMAL    RECORD    YEAR
 MAXIMUM TEMPERATURE (F)   68        90      2015
 MINIMUM TEMPERATURE (F)   51        38      1977


SUNRISE AND SUNSET
JULY 18 2018..........SUNRISE   538 AM PDT   SUNSET   910 PM PDT
JULY 19 2018..........SUNRISE   539 AM PDT   SUNSET   909 PM PDT


-  INDICATES NEGATIVE NUMBERS.
R  INDICATES RECORD WAS SET OR TIED.
MM INDICATES DATA IS MISSING.
T  INDICATES TRACE AMOUNT.




$$
