000
CDUS46 KSEW 240122
CLIUIL


CLIMATE REPORT
NATIONAL WEATHER SERVICE SEATTLE WA
522 PM PST FRI FEB 23 2018


...................................

...THE QUILLAYUTE WA AIRPORT CLIMATE SUMMARY FOR FEBRUARY 23 2018...
VALID TODAY AS OF 0500 PM LOCAL TIME.

CLIMATE NORMAL PERIOD 1981 TO 2010
CLIMATE RECORD PERIOD 1966 TO 2018


WEATHER ITEM   OBSERVED TIME   RECORD YEAR NORMAL DEPARTURE LAST
                VALUE   (LST)  VALUE       VALUE  FROM      YEAR
                                                  NORMAL
..................................................................
TEMPERATURE (F)
 TODAY
  MAXIMUM         36   1041 AM  62    2005  50    -14       47
                                      1995
  MINIMUM         24R  1222 AM  25    2017  35    -11       25
  AVERAGE         30                        42    -12       36

PRECIPITATION (IN)
  TODAY            0.31          2.86 1986   0.37  -0.06     0.02
  MONTH TO DATE    6.64                      8.54  -1.90    10.20
  SINCE OCT 1     66.96                     62.15   4.81    78.41
  SINCE JAN 1     28.74                     23.15   5.59    18.48

DEGREE DAYS
 HEATING
  TODAY           35                        23     12       29
  MONTH TO DATE  584                       529     55      549
  SINCE DEC 1   1987                      2020    -33     2248
  SINCE JUL 1   3521                      3734   -213     3675

 COOLING
  TODAY            0                         0      0        0
  MONTH TO DATE    0                         0      0        0
  SINCE DEC 1      0                         0      0        0
  SINCE JAN 1      0                         0      0        0
..................................................................


WIND (MPH)
  RESULTANT WIND SPEED   5   RESULTANT WIND DIRECTION   E (110)
  HIGHEST WIND SPEED    15   HIGHEST WIND DIRECTION    SE (150)
  HIGHEST GUST SPEED    23   HIGHEST GUST DIRECTION     S (160)
  AVERAGE WIND SPEED     6.2


SKY COVER
  AVERAGE SKY COVER 0.7


WEATHER CONDITIONS
 THE FOLLOWING WEATHER WAS RECORDED TODAY.
  LIGHT RAIN
  SNOW
  LIGHT SNOW
  FOG
  FOG W/VISIBILITY <= 1/4 MILE


RELATIVE HUMIDITY (PERCENT)
 HIGHEST    92          1200 PM
 LOWEST     56          1000 AM
 AVERAGE    74

..........................................................


THE QUILLAYUTE WA AIRPORT CLIMATE NORMALS FOR TOMORROW
                         NORMAL    RECORD    YEAR
 MAXIMUM TEMPERATURE (F)   50        62      1970
 MINIMUM TEMPERATURE (F)   35        24      1998
                                             1993


SUNRISE AND SUNSET
FEBRUARY 23 2018......SUNRISE   710 AM PST   SUNSET   554 PM PST
FEBRUARY 24 2018......SUNRISE   708 AM PST   SUNSET   555 PM PST


-  INDICATES NEGATIVE NUMBERS.
R  INDICATES RECORD WAS SET OR TIED.
MM INDICATES DATA IS MISSING.
T  INDICATES TRACE AMOUNT.




$$
