540
CDUS46 KSEW 230829
CLIUIL


CLIMATE REPORT
NATIONAL WEATHER SERVICE SEATTLE WA
1229 AM PST WED JAN 23 2019


...................................

...THE QUILLAYUTE WA AIRPORT CLIMATE SUMMARY FOR JANUARY 22 2019...

CLIMATE NORMAL PERIOD 1981 TO 2010
CLIMATE RECORD PERIOD 1966 TO 2019


WEATHER ITEM   OBSERVED TIME   RECORD YEAR NORMAL DEPARTURE LAST
                VALUE   (LST)  VALUE       VALUE  FROM      YEAR
                                                  NORMAL
..................................................................
TEMPERATURE (F)
 YESTERDAY
  MAXIMUM         51   1041 PM  63    1981  48      3       48
  MINIMUM         43    337 AM  12    1969  36      7       35
  AVERAGE         47                        42      5       42

PRECIPITATION (IN)
  YESTERDAY        2.78          4.36 2005   0.46   2.32     0.11
  MONTH TO DATE   14.58                     10.66   3.92    12.26
  SINCE OCT 1     58.50                     49.66   8.84    50.48
  SINCE JAN 1     14.58                     10.66   3.92    12.26

DEGREE DAYS
 HEATING
  YESTERDAY       18                        23     -5       23
  MONTH TO DATE  456                       518    -62      442
  SINCE DEC 1   1156                      1282   -126     1204
  SINCE JUL 1   2696                      2996   -300     2738

 COOLING
  YESTERDAY        0                         0      0        0
  MONTH TO DATE    0                         0      0        0
  SINCE DEC 1      0                         0      0        0
  SINCE JAN 1      0                         0      0        0
..................................................................


WIND (MPH)
  RESULTANT WIND SPEED   9   RESULTANT WIND DIRECTION   S (170)
  HIGHEST WIND SPEED    23   HIGHEST WIND DIRECTION    SW (230)
  HIGHEST GUST SPEED    31   HIGHEST GUST DIRECTION    SW (220)
  AVERAGE WIND SPEED    11.2


SKY COVER
  AVERAGE SKY COVER 1.0


WEATHER CONDITIONS
 THE FOLLOWING WEATHER WAS RECORDED YESTERDAY.
  HEAVY RAIN
  RAIN
  LIGHT RAIN
  FOG


RELATIVE HUMIDITY (PERCENT)
 HIGHEST   100           500 PM
 LOWEST     83           100 AM
 AVERAGE    92

..........................................................


THE QUILLAYUTE WA AIRPORT CLIMATE NORMALS FOR TODAY
                         NORMAL    RECORD    YEAR
 MAXIMUM TEMPERATURE (F)   48        59      2005
                                             1968
 MINIMUM TEMPERATURE (F)   36         7      1969


SUNRISE AND SUNSET
JANUARY 23 2019.......SUNRISE   756 AM PST   SUNSET   504 PM PST
JANUARY 24 2019.......SUNRISE   755 AM PST   SUNSET   506 PM PST


-  INDICATES NEGATIVE NUMBERS.
R  INDICATES RECORD WAS SET OR TIED.
MM INDICATES DATA IS MISSING.
T  INDICATES TRACE AMOUNT.




$$
