711
CDUS43 KLSX 142234
CLIUIN


CLIMATE REPORT
NATIONAL WEATHER SERVICE ST LOUIS MO
534 PM CDT MON OCT 14 2019

...................................

...THE QUINCY IL CLIMATE SUMMARY FOR OCTOBER 14 2019...
VALID AS OF 0500 PM LOCAL TIME.

CLIMATE NORMAL PERIOD 1981 TO 2010
CLIMATE RECORD PERIOD 1901 TO 2019


WEATHER ITEM   OBSERVED TIME   RECORD YEAR NORMAL DEPARTURE LAST
                VALUE   (LST)  VALUE       VALUE  FROM      YEAR
                                                  NORMAL
...................................................................
TEMPERATURE (F)
 TODAY
  MAXIMUM         65    305 PM  91    1938  66     -1       55
  MINIMUM         34    511 AM  25    1917  45    -11       38
  AVERAGE         50                        55     -5       47

PRECIPITATION (IN)
  TODAY            0.00          1.14 1975   0.09  -0.09     0.23
  MONTH TO DATE    1.21                      1.38  -0.17     4.52
  SINCE SEP 1      6.27                      4.68   1.59     9.87
  SINCE JAN 1     37.30                     30.43   6.87    29.97

DEGREE DAYS
 HEATING
  TODAY           15                        10      5       18
  MONTH TO DATE  110                       118     -8       91
  SINCE SEP 1    112                       200    -88      130
  SINCE JUL 1    114                       205    -91      130

 COOLING
  TODAY            0                         0      0        0
  MONTH TO DATE   28                        14     14       56
  SINCE SEP 1    289                       137    152      281
  SINCE JAN 1   1346                      1090    256     1646
...................................................................


WIND (MPH)
  HIGHEST WIND SPEED    12   HIGHEST WIND DIRECTION     S (160)
  HIGHEST GUST SPEED    16   HIGHEST GUST DIRECTION     E (110)
  AVERAGE WIND SPEED     3.0


SKY COVER
  AVERAGE SKY COVER 0.0


WEATHER CONDITIONS
THE FOLLOWING WEATHER WAS RECORDED TODAY.
  NO SIGNIFICANT WEATHER WAS OBSERVED.


RELATIVE HUMIDITY (PERCENT)
 HIGHEST    85           500 AM
 LOWEST     31           300 PM
 AVERAGE    58

..........................................................


THE QUINCY IL CLIMATE NORMALS FOR TOMORROW
                         NORMAL    RECORD    YEAR
 MAXIMUM TEMPERATURE (F)   65        90      1938
 MINIMUM TEMPERATURE (F)   45        29      1952


SUNRISE AND SUNSET
OCTOBER 14 2019.......SUNRISE   714 AM CDT   SUNSET   627 PM CDT
OCTOBER 15 2019.......SUNRISE   715 AM CDT   SUNSET   626 PM CDT


-  INDICATES NEGATIVE NUMBERS.
R  INDICATES RECORD WAS SET OR TIED.
MM INDICATES DATA IS MISSING.
T  INDICATES TRACE AMOUNT.




$$
