000
CDUS43 KLSX 180854
CLIUIN

CLIMATE REPORT
NATIONAL WEATHER SERVICE ST LOUIS MO
254 AM CST TUE FEB 18 2020

...................................

...THE QUINCY IL CLIMATE SUMMARY FOR FEBRUARY 17 2020...

CLIMATE NORMAL PERIOD 1981 TO 2010
CLIMATE RECORD PERIOD 1901 TO 2020


WEATHER ITEM   OBSERVED TIME   RECORD YEAR NORMAL DEPARTURE LAST
                VALUE   (LST)  VALUE       VALUE  FROM      YEAR
                                                  NORMAL
...................................................................
TEMPERATURE (F)
 YESTERDAY
  MAXIMUM         43   1107 PM  72    2017  40      3       31
  MINIMUM         34    113 AM -18    1903  23     11       25
  AVERAGE         39                        31      8       28

PRECIPITATION (IN)
  YESTERDAY        0.05          1.28 2008   0.06  -0.01      T
  MONTH TO DATE    0.57                      1.04  -0.47     0.51
  SINCE DEC 1      3.72                      4.81  -1.09     4.92
  SINCE JAN 1      2.57                      2.56   0.01     2.29

DEGREE DAYS
 HEATING
  YESTERDAY       26                        34     -8       37
  MONTH TO DATE  587                       609    -22      628
  SINCE DEC 1   2541                      2895   -354     2802
  SINCE JUL 1   3767                      3995   -228     4098

 COOLING
  YESTERDAY        0                         0      0        0
  MONTH TO DATE    0                         0      0        0
  SINCE DEC 1      0                         0      0        0
  SINCE JAN 1      0                         0      0        0
...................................................................


WIND (MPH)
  HIGHEST WIND SPEED    21   HIGHEST WIND DIRECTION    NW (300)
  HIGHEST GUST SPEED    27   HIGHEST GUST DIRECTION     W (290)
  AVERAGE WIND SPEED     8.4


SKY COVER
  AVERAGE SKY COVER 0.9


WEATHER CONDITIONS
THE FOLLOWING WEATHER WAS RECORDED YESTERDAY.
  LIGHT RAIN
  FOG
  FOG W/VISIBILITY <= 1/4 MILE


RELATIVE HUMIDITY (PERCENT)
 HIGHEST    97           600 PM
 LOWEST     78           400 AM
 AVERAGE    88

..........................................................


THE QUINCY IL CLIMATE NORMALS FOR TODAY
                         NORMAL    RECORD    YEAR
 MAXIMUM TEMPERATURE (F)   40        68      1971
                                             2017
 MINIMUM TEMPERATURE (F)   23       -14      1936


SUNRISE AND SUNSET
FEBRUARY 18 2020......SUNRISE   654 AM CST   SUNSET   544 PM CST
FEBRUARY 19 2020......SUNRISE   653 AM CST   SUNSET   545 PM CST


-  INDICATES NEGATIVE NUMBERS.
R  INDICATES RECORD WAS SET OR TIED.
MM INDICATES DATA IS MISSING.
T  INDICATES TRACE AMOUNT.




$$
