000
CDUS43 KLSX 212227
CLIUIN


CLIMATE REPORT
NATIONAL WEATHER SERVICE ST LOUIS MO
526 PM CDT SUN OCT 21 2018


...................................

...THE QUINCY IL CLIMATE SUMMARY FOR OCTOBER 21 2018...
VALID TODAY AS OF 0500 PM LOCAL TIME.

CLIMATE NORMAL PERIOD 1981 TO 2010
CLIMATE RECORD PERIOD 1901 TO 2018


WEATHER ITEM   OBSERVED TIME   RECORD YEAR NORMAL DEPARTURE LAST
                VALUE   (LST)  VALUE       VALUE  FROM      YEAR
                                                  NORMAL
..................................................................
TEMPERATURE (F)
 TODAY
  MAXIMUM         55    359 PM  86    1979  63     -8       80
  MINIMUM         26    543 AM  24    1952  43    -17       63
  AVERAGE         41                        53    -12       72

PRECIPITATION (IN)
  TODAY            0.00          2.68 1983   0.09  -0.09     0.05
  MONTH TO DATE    4.52                      2.05   2.47     3.88
  SINCE SEP 1      9.87                      5.35   4.52     4.55
  SINCE JAN 1     29.97                     31.10  -1.13    30.70

DEGREE DAYS
 HEATING
  TODAY           24                        12     12
  MONTH TO DATE  227                       197     30
  SINCE SEP 1    266                       279    -13
  SINCE JUL 1    266                       284    -18

 COOLING
  TODAY            0                         0      0
  MONTH TO DATE   56                        14     42
  SINCE SEP 1    281                       137    144
  SINCE JAN 1   1646                      1090    556
..................................................................


WIND (MPH)
  HIGHEST WIND SPEED    17   HIGHEST WIND DIRECTION     S (200)
  HIGHEST GUST SPEED    25   HIGHEST GUST DIRECTION    SW (220)
  AVERAGE WIND SPEED     7.6


SKY COVER
  AVERAGE SKY COVER 0.0



RELATIVE HUMIDITY (PERCENT)
 HIGHEST    85           700 AM
 LOWEST     30           300 PM
 AVERAGE    58

..........................................................


THE QUINCY IL CLIMATE NORMALS FOR TOMORROW
                         NORMAL    RECORD    YEAR
 MAXIMUM TEMPERATURE (F)   63        85      1963
 MINIMUM TEMPERATURE (F)   43        25      1976
                                             1916


SUNRISE AND SUNSET
OCTOBER 21 2018.......SUNRISE   722 AM CDT   SUNSET   617 PM CDT
OCTOBER 22 2018.......SUNRISE   723 AM CDT   SUNSET   615 PM CDT


-  INDICATES NEGATIVE NUMBERS.
R  INDICATES RECORD WAS SET OR TIED.
MM INDICATES DATA IS MISSING.
T  INDICATES TRACE AMOUNT.




$$
