000
CDUS43 KLSX 202240
CLIUIN


CLIMATE REPORT
NATIONAL WEATHER SERVICE ST LOUIS MO
439 PM CST SUN JAN 20 2019


...................................

...THE QUINCY IL CLIMATE SUMMARY FOR JANUARY 20 2019...
VALID TODAY AS OF 0400 PM LOCAL TIME.

CLIMATE NORMAL PERIOD 1981 TO 2010
CLIMATE RECORD PERIOD 1901 TO 2019


WEATHER ITEM   OBSERVED TIME   RECORD YEAR NORMAL DEPARTURE LAST
                VALUE   (LST)  VALUE       VALUE  FROM      YEAR
                                                  NORMAL
..................................................................
TEMPERATURE (F)
 TODAY
  MAXIMUM         12    359 PM  66    1906  34    -22       51
  MINIMUM          1    405 AM -21    1985  18    -17       34
  AVERAGE          7                        26    -19       43

PRECIPITATION (IN)
  TODAY            T             1.24 1904   0.04  -0.04     0.00
  MONTH TO DATE    1.06                      1.00   0.06     0.54
  SINCE DEC 1      3.69                      3.25   0.44     0.71
  SINCE JAN 1      1.06                      1.00   0.06     0.54

DEGREE DAYS
 HEATING
  TODAY           58                        39     19
  MONTH TO DATE  674                       776   -102
  SINCE DEC 1   1618                      1867   -249
  SINCE JUL 1   2914                      2967    -53

 COOLING
  TODAY            0                         0      0
  MONTH TO DATE    0                         0      0
  SINCE DEC 1      0                         0      0
  SINCE JAN 1      0                         0      0
..................................................................


WIND (MPH)
  HIGHEST WIND SPEED    14   HIGHEST WIND DIRECTION    NW (310)
  HIGHEST GUST SPEED    17   HIGHEST GUST DIRECTION    NW (310)
  AVERAGE WIND SPEED     7.4


SKY COVER
  AVERAGE SKY COVER 0.7



RELATIVE HUMIDITY (PERCENT)
 HIGHEST    79           200 AM
 LOWEST     69          1100 AM
 AVERAGE    74

..........................................................


THE QUINCY IL CLIMATE NORMALS FOR TOMORROW
                         NORMAL    RECORD    YEAR
 MAXIMUM TEMPERATURE (F)   34        69      1957
 MINIMUM TEMPERATURE (F)   18       -16      1970


SUNRISE AND SUNSET
JANUARY 20 2019.......SUNRISE   722 AM CST   SUNSET   510 PM CST
JANUARY 21 2019.......SUNRISE   722 AM CST   SUNSET   511 PM CST


-  INDICATES NEGATIVE NUMBERS.
R  INDICATES RECORD WAS SET OR TIED.
MM INDICATES DATA IS MISSING.
T  INDICATES TRACE AMOUNT.




$$
