000
CDUS43 KLSX 222233
CLIUIN


CLIMATE REPORT
NATIONAL WEATHER SERVICE ST LOUIS MO
431 PM CST THU FEB 22 2018


...................................

...THE QUINCY IL CLIMATE SUMMARY FOR FEBRUARY 22 2018...
VALID TODAY AS OF 0400 PM LOCAL TIME.

CLIMATE NORMAL PERIOD 1981 TO 2010
CLIMATE RECORD PERIOD 1901 TO 2018


WEATHER ITEM   OBSERVED TIME   RECORD YEAR NORMAL DEPARTURE LAST
                VALUE   (LST)  VALUE       VALUE  FROM      YEAR
                                                  NORMAL
..................................................................
TEMPERATURE (F)
 TODAY
  MAXIMUM         36    359 PM  70    1922  42     -6       68
  MINIMUM         28    117 AM  -3    1963  25      3       50
  AVERAGE         32                        33     -1       59

PRECIPITATION (IN)
  TODAY            T             1.60 1985   0.08  -0.08     0.00
  MONTH TO DATE    2.30                      1.41   0.89     0.40
  SINCE DEC 1      3.76                      5.18  -1.42     2.61
  SINCE JAN 1      3.59                      2.93   0.66     1.58

DEGREE DAYS
 HEATING
  TODAY           33                        32      1
  MONTH TO DATE  802                       772     30
  SINCE DEC 1   3099                      3058     41
  SINCE JUL 1   4046                      4158   -112

 COOLING
  TODAY            0                         0      0
  MONTH TO DATE    0                         0      0
  SINCE DEC 1      0                         0      0
  SINCE JAN 1      0                         0      0
..................................................................


WIND (MPH)
  HIGHEST WIND SPEED    16   HIGHEST WIND DIRECTION    NE (50)
  HIGHEST GUST SPEED    19   HIGHEST GUST DIRECTION    NE (30)
  AVERAGE WIND SPEED     9.4


SKY COVER
  AVERAGE SKY COVER 1.0



RELATIVE HUMIDITY (PERCENT)
 HIGHEST   100           100 PM
 LOWEST     85          1200 AM
 AVERAGE    93

..........................................................


THE QUINCY IL CLIMATE NORMALS FOR TOMORROW
                         NORMAL    RECORD    YEAR
 MAXIMUM TEMPERATURE (F)   42        70      1922
 MINIMUM TEMPERATURE (F)   25        -7      1989


SUNRISE AND SUNSET
FEBRUARY 22 2018......SUNRISE   648 AM CST   SUNSET   549 PM CST
FEBRUARY 23 2018......SUNRISE   647 AM CST   SUNSET   550 PM CST


-  INDICATES NEGATIVE NUMBERS.
R  INDICATES RECORD WAS SET OR TIED.
MM INDICATES DATA IS MISSING.
T  INDICATES TRACE AMOUNT.




$$
