000
CDUS46 KEKA 161211
CLIUKI


CLIMATE REPORT
NATIONAL WEATHER SERVICE EUREKA CA
511 AM PDT WED OCT 16 2019


...................................

...THE UKIAH CA CLIMATE SUMMARY FOR OCTOBER 15 2019...

CLIMATE NORMAL PERIOD 1981 TO 2010
CLIMATE RECORD PERIOD 1903 TO 2019


WEATHER ITEM   OBSERVED TIME   RECORD YEAR NORMAL DEPARTURE LAST
                VALUE   (LST)  VALUE       VALUE  FROM      YEAR
                                                  NORMAL
..................................................................
TEMPERATURE (F)
 YESTERDAY
  MAXIMUM         83    236 PM 101    1961  78      5       86
  MINIMUM         38    651 AM  30    1897  44     -6       37
  AVERAGE         61                        61      0       62

PRECIPITATION (IN)
  YESTERDAY        0.00          1.82 1969   0.07  -0.07     0.00
  MONTH TO DATE    0.00                      0.43  -0.43     1.33
  SINCE OCT 1      0.00                      0.43  -0.43     1.33
  SINCE JAN 1     35.07                     24.40  10.67    19.43

SNOWFALL (IN)
  YESTERDAY        0.0          MM      MM  MM     MM        0.0
  MONTH TO DATE    0.0                      MM     MM        0.0
  SINCE SEP 1      0.0                      MM     MM        0.0
  SINCE JUL 1      0.0                      MM     MM        0.0
  SNOW DEPTH       0

DEGREE DAYS
 HEATING
  YESTERDAY        4                         5     -1        3
  MONTH TO DATE   66                        52     14       24
  SINCE SEP 1     99                        82     17       41
  SINCE JUL 1     99                        85     14       41

 COOLING
  YESTERDAY        0                         0      0        0
  MONTH TO DATE    7                        19    -12       11
  SINCE SEP 1    156                       149      7      158
  SINCE JAN 1   1125                       832    293     1040
..................................................................


WIND (MPH)
  HIGHEST WIND SPEED    14   HIGHEST WIND DIRECTION     S (190)
  HIGHEST GUST SPEED    19   HIGHEST GUST DIRECTION     S (190)
  AVERAGE WIND SPEED     2.8


SKY COVER
  AVERAGE SKY COVER 0.0


WEATHER CONDITIONS
 THE FOLLOWING WEATHER WAS RECORDED YESTERDAY.
  NO SIGNIFICANT WEATHER WAS OBSERVED.


RELATIVE HUMIDITY (PERCENT)
 HIGHEST    79
 LOWEST     10
 AVERAGE    45

..........................................................


THE UKIAH CA CLIMATE NORMALS FOR TODAY
                         NORMAL    RECORD    YEAR
 MAXIMUM TEMPERATURE (F)   77        97      1961
                                             1959
                                             1933
 MINIMUM TEMPERATURE (F)   44        30      1897


SUNRISE AND SUNSET
OCTOBER 16 2019.......SUNRISE   723 AM PDT   SUNSET   633 PM PDT
OCTOBER 17 2019.......SUNRISE   724 AM PDT   SUNSET   631 PM PDT


-  INDICATES NEGATIVE NUMBERS.
R  INDICATES RECORD WAS SET OR TIED.
MM INDICATES DATA IS MISSING.
T  INDICATES TRACE AMOUNT.




$$
