000
CDUS46 KEKA 061221
CLIUKI


CLIMATE REPORT
NATIONAL WEATHER SERVICE EUREKA CA
521 AM PDT SAT JUN 6 2020


...................................

...THE UKIAH CA CLIMATE SUMMARY FOR JUNE 5 2020...

CLIMATE NORMAL PERIOD 1981 TO 2010
CLIMATE RECORD PERIOD 1903 TO 2020


WEATHER ITEM   OBSERVED TIME   RECORD YEAR NORMAL DEPARTURE LAST
                VALUE   (LST)  VALUE       VALUE  FROM      YEAR
                                                  NORMAL
..................................................................
TEMPERATURE (F)
 YESTERDAY
  MAXIMUM         77   1159 AM 111    1926  80     -3       90
  MINIMUM         54   1159 PM  30    1995  50      4       57
  AVERAGE         66                        65      1       74

PRECIPITATION (IN)
  YESTERDAY        0.00          0.57 1993   0.01  -0.01     0.00
  MONTH TO DATE    0.00                      0.09  -0.09     0.00
  SINCE OCT 1     14.67                     36.51 -21.84    43.64
  SINCE JAN 1      7.08                     23.13 -16.05    34.69

SNOWFALL (IN)
  YESTERDAY        0.0          MM      MM  MM     MM        0.0
  MONTH TO DATE    0.0                      MM     MM        0.0
  SINCE JUN 1      0.0                      MM     MM        0.0
  SINCE JUL 1      0.0                      MM     MM        0.0
  SNOW DEPTH       0

DEGREE DAYS
 HEATING
  YESTERDAY        0                         2     -2        0
  MONTH TO DATE    0                        10    -10        0
  SINCE JUN 1      0                        10    -10        0
  SINCE JUL 1   2508                      3096   -588     2721

 COOLING
  YESTERDAY        1                         2     -1        9
  MONTH TO DATE   45                        10     35       46
  SINCE JUN 1     45                        10     35       46
  SINCE JAN 1    135                        62     73      112
..................................................................


WIND (MPH)
  HIGHEST WIND SPEED    18   HIGHEST WIND DIRECTION     N (350)
  HIGHEST GUST SPEED    26   HIGHEST GUST DIRECTION     W (290)
  AVERAGE WIND SPEED     8.2


SKY COVER
  AVERAGE SKY COVER 0.0


WEATHER CONDITIONS
 THE FOLLOWING WEATHER WAS RECORDED YESTERDAY.
  NO SIGNIFICANT WEATHER WAS OBSERVED.


RELATIVE HUMIDITY (PERCENT)
 HIGHEST    72
 LOWEST     31
 AVERAGE    52

..........................................................


THE UKIAH CA CLIMATE NORMALS FOR TODAY
                         NORMAL    RECORD    YEAR
 MAXIMUM TEMPERATURE (F)   81       107      1903
 MINIMUM TEMPERATURE (F)   50        21      1995


SUNRISE AND SUNSET
JUNE  6 2020..........SUNRISE   547 AM PDT   SUNSET   837 PM PDT
JUNE  7 2020..........SUNRISE   547 AM PDT   SUNSET   837 PM PDT


-  INDICATES NEGATIVE NUMBERS.
R  INDICATES RECORD WAS SET OR TIED.
MM INDICATES DATA IS MISSING.
T  INDICATES TRACE AMOUNT.




$$
