000
CDUS46 KEKA 201218
CLIUKI


CLIMATE REPORT
NATIONAL WEATHER SERVICE EUREKA CA
417 AM PST TUE FEB 20 2018


...................................

...THE UKIAH CA CLIMATE SUMMARY FOR FEBRUARY 19 2018...

CLIMATE NORMAL PERIOD 1981 TO 2010
CLIMATE RECORD PERIOD 1903 TO 2018


WEATHER ITEM   OBSERVED TIME   RECORD YEAR NORMAL DEPARTURE LAST
                VALUE   (LST)  VALUE       VALUE  FROM      YEAR
                                                  NORMAL
..................................................................
TEMPERATURE (F)
 YESTERDAY
  MAXIMUM         51    302 PM  82    1964  61    -10       53
  MINIMUM         31   1116 PM  24    1932  39     -8       43
  AVERAGE         41                        50     -9       48

PRECIPITATION (IN)
  YESTERDAY        T             3.69 1998   0.27  -0.27     0.28
  MONTH TO DATE    0.05                      4.24  -4.19     9.64
  SINCE OCT 1     12.05                     24.63 -12.58    41.67
  SINCE JAN 1      6.47                     11.25  -4.78    24.56

SNOWFALL (IN)
  YESTERDAY       MM            MM      MM  MM     MM       MM
  MONTH TO DATE    0.0                      MM     MM        0.0
  SINCE DEC 1      0.0                      MM     MM        0.0
  SINCE JUL 1      0.0                      MM     MM        0.0
  SNOW DEPTH       0

DEGREE DAYS
 HEATING
  YESTERDAY       24                        15      9       17
  MONTH TO DATE  232                       303    -71      223
  SINCE DEC 1   1294                      1480   -186     1444
  SINCE JUL 1   1827                      2103   -276     1981

 COOLING
  YESTERDAY        0                         0      0        0
  MONTH TO DATE    0                         0      0        0
  SINCE DEC 1      0                         0      0        0
  SINCE JAN 1      0                         0      0        0
..................................................................


WIND (MPH)
  HIGHEST WIND SPEED    23   HIGHEST WIND DIRECTION    NW (320)
  HIGHEST GUST SPEED    31   HIGHEST GUST DIRECTION    NW (310)
  AVERAGE WIND SPEED     8.0


SKY COVER
  AVERAGE SKY COVER 0.1


WEATHER CONDITIONS
 THE FOLLOWING WEATHER WAS RECORDED YESTERDAY.
  LIGHT RAIN


RELATIVE HUMIDITY (PERCENT)
 HIGHEST    85
 LOWEST     23
 AVERAGE    54

..........................................................


THE UKIAH CA CLIMATE NORMALS FOR TODAY
                         NORMAL    RECORD    YEAR
 MAXIMUM TEMPERATURE (F)   61        78      1964
 MINIMUM TEMPERATURE (F)   39        23      1913


SUNRISE AND SUNSET
FEBRUARY 20 2018......SUNRISE   658 AM PST   SUNSET   556 PM PST
FEBRUARY 21 2018......SUNRISE   656 AM PST   SUNSET   557 PM PST


-  INDICATES NEGATIVE NUMBERS.
R  INDICATES RECORD WAS SET OR TIED.
MM INDICATES DATA IS MISSING.
T  INDICATES TRACE AMOUNT.




$$
