000
CDUS46 KEKA 201212
CLIUKI


CLIMATE REPORT
NATIONAL WEATHER SERVICE EUREKA CA
512 AM PDT MON AUG 20 2018


...................................

...THE UKIAH CA CLIMATE SUMMARY FOR AUGUST 19 2018...

CLIMATE NORMAL PERIOD 1981 TO 2010
CLIMATE RECORD PERIOD 1903 TO 2018


WEATHER ITEM   OBSERVED TIME   RECORD YEAR NORMAL DEPARTURE LAST
                VALUE   (LST)  VALUE       VALUE  FROM      YEAR
                                                  NORMAL
..................................................................
TEMPERATURE (F)
 YESTERDAY
  MAXIMUM        101    241 PM 109    1950  91     10       92
  MINIMUM         52    557 AM  40    1910  53     -1       57
  AVERAGE         77                        72      5       75

PRECIPITATION (IN)
  YESTERDAY        0.00          0.30 1968   0.00   0.00     0.00
  MONTH TO DATE    0.00                      0.01  -0.01      T
  SINCE OCT 1     23.65                     36.81 -13.16    51.62
  SINCE JAN 1     18.07                     23.43  -5.36    34.51

SNOWFALL (IN)
  YESTERDAY        0.0          MM      MM  MM     MM        0.0
  MONTH TO DATE    0.0                      MM     MM        0.0
  SINCE JUN 1      0.0                      MM     MM        0.0
  SINCE JUL 1      0.0                      MM     MM        0.0
  SNOW DEPTH       0

DEGREE DAYS
 HEATING
  YESTERDAY        0                         0      0        0
  MONTH TO DATE    0                         0      0        0
  SINCE JUN 1     13                        33    -20       25
  SINCE JUL 1      0                         1     -1        0

 COOLING
  YESTERDAY       12                         7      5       10
  MONTH TO DATE  215                       158     57      249
  SINCE JUN 1    789                       549    240      856
  SINCE JAN 1    825                       601    224      950
..................................................................


WIND (MPH)
  HIGHEST WIND SPEED    12   HIGHEST WIND DIRECTION     N (10)
  HIGHEST GUST SPEED    17   HIGHEST GUST DIRECTION     W (270)
  AVERAGE WIND SPEED     1.8


SKY COVER
  AVERAGE SKY COVER 0.1


WEATHER CONDITIONS
 THE FOLLOWING WEATHER WAS RECORDED YESTERDAY.
  HAZE


RELATIVE HUMIDITY (PERCENT)
 HIGHEST    63
 LOWEST      6
 AVERAGE    35

..........................................................


THE UKIAH CA CLIMATE NORMALS FOR TODAY
                         NORMAL    RECORD    YEAR
 MAXIMUM TEMPERATURE (F)   91       111      1950
 MINIMUM TEMPERATURE (F)   53        40      1910


SUNRISE AND SUNSET
AUGUST 20 2018........SUNRISE   631 AM PDT   SUNSET   801 PM PDT
AUGUST 21 2018........SUNRISE   632 AM PDT   SUNSET   759 PM PDT


-  INDICATES NEGATIVE NUMBERS.
R  INDICATES RECORD WAS SET OR TIED.
MM INDICATES DATA IS MISSING.
T  INDICATES TRACE AMOUNT.




$$
