000
CDUS46 KEKA 231213
CLIUKI


CLIMATE REPORT
NATIONAL WEATHER SERVICE EUREKA CA
413 AM PST SAT FEB 23 2019


...................................

...THE UKIAH CA CLIMATE SUMMARY FOR FEBRUARY 22 2019...

CLIMATE NORMAL PERIOD 1981 TO 2010
CLIMATE RECORD PERIOD 1903 TO 2019


WEATHER ITEM   OBSERVED TIME   RECORD YEAR NORMAL DEPARTURE LAST
                VALUE   (LST)  VALUE       VALUE  FROM      YEAR
                                                  NORMAL
..................................................................
TEMPERATURE (F)
 YESTERDAY
  MAXIMUM         59    301 PM  78    1995  61     -2       48
  MINIMUM         27    731 AM  20    1920  39    -12       35
  AVERAGE         43                        50     -7       42

PRECIPITATION (IN)
  YESTERDAY        0.00          1.85 1930   0.26  -0.26     0.06
  MONTH TO DATE    8.03                      5.03   3.00     0.11
  SINCE OCT 1     25.51                     25.42   0.09    12.11
  SINCE JAN 1     16.56                     12.04   4.52     6.53

SNOWFALL (IN)
  YESTERDAY        0.0          MM      MM  MM     MM       MM
  MONTH TO DATE    0.0                      MM     MM        0.0
  SINCE DEC 1      0.0                      MM     MM        0.0
  SINCE JUL 1      0.0                      MM     MM        0.0
  SNOW DEPTH       0

DEGREE DAYS
 HEATING
  YESTERDAY       22                        15      7       23
  MONTH TO DATE  451                       348    103      304
  SINCE DEC 1   1445                      1525    -80     1366
  SINCE JUL 1   1920                      2148   -228     1899

 COOLING
  YESTERDAY        0                         0      0        0
  MONTH TO DATE    0                         0      0        0
  SINCE DEC 1      0                         0      0        0
  SINCE JAN 1      0                         0      0        0
..................................................................


WIND (MPH)
  HIGHEST WIND SPEED     9   HIGHEST WIND DIRECTION    NW (320)
  HIGHEST GUST SPEED    13   HIGHEST GUST DIRECTION    NW (320)
  AVERAGE WIND SPEED     0.9


SKY COVER
  AVERAGE SKY COVER 0.0


WEATHER CONDITIONS
 THE FOLLOWING WEATHER WAS RECORDED YESTERDAY.
  NO SIGNIFICANT WEATHER WAS OBSERVED.


RELATIVE HUMIDITY (PERCENT)
 HIGHEST    81
 LOWEST     19
 AVERAGE    50

..........................................................


THE UKIAH CA CLIMATE NORMALS FOR TODAY
                         NORMAL    RECORD    YEAR
 MAXIMUM TEMPERATURE (F)   62        80      1954
                                             1947
 MINIMUM TEMPERATURE (F)   40        20      1913


SUNRISE AND SUNSET
FEBRUARY 23 2019......SUNRISE   654 AM PST   SUNSET   559 PM PST
FEBRUARY 24 2019......SUNRISE   653 AM PST   SUNSET   600 PM PST


-  INDICATES NEGATIVE NUMBERS.
R  INDICATES RECORD WAS SET OR TIED.
MM INDICATES DATA IS MISSING.
T  INDICATES TRACE AMOUNT.




$$
