000
CDUS46 KEKA 190010
CLIUKI


CLIMATE REPORT
NATIONAL WEATHER SERVICE EUREKA CA
410 PM PST SUN NOV 18 2018


...................................

...THE UKIAH CA CLIMATE SUMMARY FOR NOVEMBER 18 2018...
VALID TODAY AS OF 0400 PM LOCAL TIME.

CLIMATE NORMAL PERIOD 1981 TO 2010
CLIMATE RECORD PERIOD 1903 TO 2018


WEATHER ITEM   OBSERVED RECORD YEAR NORMAL DEPARTURE LAST
                VALUE   VALUE       VALUE  FROM      YEAR
                                           NORMAL
...........................................................
TEMPERATURE (F)
 TODAY
  MAXIMUM         67     88    1932  62      5       60
  MINIMUM         28     20    1921  39    -11       30
  AVERAGE         48                 50     -2       45

PRECIPITATION (IN)
  TODAY            0.00   3.85 1920   0.16  -0.16     0.00
  MONTH TO DATE    0.00               2.28  -2.28     3.32
  SINCE OCT 1      1.33               4.44  -3.11     3.53
  SINCE JAN 1     19.43              28.41  -8.98    38.07

SNOWFALL (IN)
  TODAY            0.0   MM          MM     MM        0.0
  MONTH TO DATE    0.0               MM     MM        0.0
  SINCE SEP 1      0.0               MM     MM        0.0
  SINCE JUL 1      0.0               MM     MM        0.0
  SNOW DEPTH       0

...........................................................


WIND (MPH)
  HIGHEST WIND SPEED     5   HIGHEST WIND DIRECTION     S (190)
  HIGHEST GUST SPEED     7   HIGHEST GUST DIRECTION     S (190)
  AVERAGE WIND SPEED     0.0


SKY COVER
  AVERAGE SKY COVER 0.0


WEATHER CONDITIONS
 THE FOLLOWING WEATHER WAS RECORDED TODAY.
  FOG
  HAZE


RELATIVE HUMIDITY (PERCENT)
 HIGHEST    85
 LOWEST     20
 AVERAGE    53

..........................................................


THE UKIAH CA CLIMATE NORMALS FOR TOMORROW
                         NORMAL    RECORD    YEAR
 MAXIMUM TEMPERATURE (F)   61        88      1936
 MINIMUM TEMPERATURE (F)   38        20      1921


SUNRISE AND SUNSET
NOVEMBER 18 2018......SUNRISE   659 AM PST   SUNSET   456 PM PST
NOVEMBER 19 2018......SUNRISE   701 AM PST   SUNSET   456 PM PST


-  INDICATES NEGATIVE NUMBERS.
R  INDICATES RECORD WAS SET OR TIED.
MM INDICATES DATA IS MISSING.
T  INDICATES TRACE AMOUNT.




$$
