000
CDUS46 KEKA 191207
CLIUKI

CLIMATE REPORT
NATIONAL WEATHER SERVICE
507 AM PDT MON OCT 19 2020

...................................

...THE UKIAH CA CLIMATE SUMMARY FOR OCTOBER 18 2020...

CLIMATE NORMAL PERIOD: 1981 TO 2010
CLIMATE RECORD PERIOD: 1903 TO 2020


WEATHER ITEM   OBSERVED TIME   RECORD YEAR NORMAL DEPARTURE LAST
                VALUE   (LST)  VALUE       VALUE  FROM      YEAR
                                                  NORMAL
...................................................................
TEMPERATURE (F)
 YESTERDAY
  MAXIMUM         95R  1:47 PM  95    1974  76     19       69
  MINIMUM         50   7:16 AM  28    1917  43      7       44
  AVERAGE         73                        60     13       57

PRECIPITATION (IN)
  YESTERDAY        0.00          0.68 1920   0.08  -0.08      T
  MONTH TO DATE    0.00                      0.65  -0.65      T
  SINCE OCT 1      0.00                      0.65  -0.65      T
  SINCE JAN 1      7.16                     24.62 -17.46    35.07

SNOWFALL (IN)
  YESTERDAY       MM            MM      MM  MM     MM        0.0
  MONTH TO DATE    0.0                       0.0    0.0      0.0
  SINCE SEP 1      0.0                      MM     MM        0.0
  SINCE JUL 1      0.0                      MM     MM        0.0
  SNOW DEPTH      MM

DEGREE DAYS
 HEATING
  YESTERDAY        0                         6     -6        8
  MONTH TO DATE    6                        68    -62       90
  SINCE SEP 1     12                        98    -86      123
  SINCE JUL 1     12                       101    -89      123

 COOLING
  YESTERDAY        8                         0      8        0
  MONTH TO DATE  110                        19     91        7
  SINCE SEP 1    352                       149    203      156
  SINCE JAN 1   1429                       832    597     1125
...................................................................


WIND (MPH)
  HIGHEST WIND SPEED    10   HIGHEST WIND DIRECTION     N (340)
  HIGHEST GUST SPEED    15   HIGHEST GUST DIRECTION     N (350)
  AVERAGE WIND SPEED     1.9


SKY COVER
  AVERAGE SKY COVER 0.0


WEATHER CONDITIONS
THE FOLLOWING WEATHER WAS RECORDED YESTERDAY.
  NO SIGNIFICANT WEATHER WAS OBSERVED.


RELATIVE HUMIDITY (PERCENT)
 HIGHEST    68
 LOWEST     13
 AVERAGE    41

..........................................................


THE UKIAH CA CLIMATE NORMALS FOR TODAY
                         NORMAL    RECORD    YEAR
 MAXIMUM TEMPERATURE (F)   76        94      1974
 MINIMUM TEMPERATURE (F)   43        28      1949


SUNRISE AND SUNSET
OCTOBER 19 2020.......SUNRISE   7:27 AM PDT   SUNSET   6:27 PM PDT
OCTOBER 20 2020.......SUNRISE   7:28 AM PDT   SUNSET   6:26 PM PDT


-  INDICATES NEGATIVE NUMBERS.
R  INDICATES RECORD WAS SET OR TIED.
MM INDICATES DATA IS MISSING.
T  INDICATES TRACE AMOUNT.




$$
