000
CDUS43 KSGF 150627
CLIUNO


CLIMATE REPORT
NATIONAL WEATHER SERVICE SPRINGFIELD MO
127 AM CDT MON OCT 15 2018


...................................

...THE WEST PLAINS MO CLIMATE SUMMARY FOR OCTOBER 14 2018...

CLIMATE NORMAL PERIOD 1981 TO 2010
CLIMATE RECORD PERIOD 1947 TO 2018


WEATHER ITEM   OBSERVED TIME   RECORD YEAR NORMAL DEPARTURE LAST
                VALUE   (LST)  VALUE       VALUE  FROM      YEAR
                                                  NORMAL
..................................................................
TEMPERATURE (F)
 YESTERDAY
  MAXIMUM         59    318 PM  91    1963  70    -11       88
  MINIMUM         48   1238 AM  29    1979  45      3       59
  AVERAGE         54                        58     -4       74

PRECIPITATION (IN)
  YESTERDAY        0.12          2.79 1984   0.12   0.00     0.00
  MONTH TO DATE    1.84                      1.66   0.18     0.57
  SINCE SEP 1      4.25                      5.75  -1.50     1.08
  SINCE JAN 1     37.84                     35.82   2.02    43.27

DEGREE DAYS
 HEATING
  YESTERDAY       11                         8      3        0
  MONTH TO DATE   61                        88    -27       18
  SINCE SEP 1     70                       129    -59       23
  SINCE JUL 1     70                       130    -60       24

 COOLING
  YESTERDAY        0                         1     -1        9
  MONTH TO DATE  105                        18     87       70
  SINCE SEP 1    344                       174    170      279
  SINCE JAN 1   1822                      1346    476     1380
..................................................................


WIND (MPH)
  HIGHEST WIND SPEED     9   HIGHEST WIND DIRECTION    NE (60)
  HIGHEST GUST SPEED    13   HIGHEST GUST DIRECTION     E (70)
  AVERAGE WIND SPEED     4.1


SKY COVER
  AVERAGE SKY COVER 1.0


WEATHER CONDITIONS
 THE FOLLOWING WEATHER WAS RECORDED YESTERDAY.
  LIGHT RAIN
  FOG


RELATIVE HUMIDITY (PERCENT)
 HIGHEST   100           500 AM
 LOWEST     86          1200 PM
 AVERAGE    93

..........................................................


THE WEST PLAINS MO CLIMATE NORMALS FOR TODAY
                         NORMAL    RECORD    YEAR
 MAXIMUM TEMPERATURE (F)   70        90      1963
 MINIMUM TEMPERATURE (F)   45        29      1961


SUNRISE AND SUNSET
OCTOBER 15 2018.......SUNRISE   715 AM CDT   SUNSET   631 PM CDT
OCTOBER 16 2018.......SUNRISE   716 AM CDT   SUNSET   630 PM CDT


-  INDICATES NEGATIVE NUMBERS.
R  INDICATES RECORD WAS SET OR TIED.
MM INDICATES DATA IS MISSING.
T  INDICATES TRACE AMOUNT.




$$
