000
CDUS43 KSGF 200630
CLIUNO

CLIMATE REPORT
NATIONAL WEATHER SERVICE
130 AM CDT TUE OCT 20 2020

...................................

...THE WEST PLAINS MO CLIMATE SUMMARY FOR OCTOBER 19 2020...

CLIMATE NORMAL PERIOD: 1981 TO 2010
CLIMATE RECORD PERIOD: 1947 TO 2020


WEATHER ITEM   OBSERVED TIME   RECORD YEAR NORMAL DEPARTURE LAST
                VALUE   (LST)  VALUE       VALUE  FROM      YEAR
                                                  NORMAL
...................................................................
TEMPERATURE (F)
 YESTERDAY
  MAXIMUM         50   8:03 PM  87    1963  69    -19       69
  MINIMUM         45   8:33 AM  29    1996  44      1       39
  AVERAGE         48

PRECIPITATION (IN)
  YESTERDAY        2.75R         1.18 2006   0.15   2.60     0.03
  MONTH TO DATE    3.28                      2.34   0.94     4.66
  SINCE SEP 1      5.73                      6.43  -0.70     5.31
  SINCE JAN 1     49.19                     36.50  12.69    52.06

DEGREE DAYS
 HEATING
  YESTERDAY       17                         9              11
  MONTH TO DATE  130                       131             126
  SINCE SEP 1    158                       172             130
  SINCE JUL 1    158                       173             130

 COOLING
  YESTERDAY        0                         0               0
  MONTH TO DATE   16                        20              50
  SINCE SEP 1    182                       176             411
  SINCE JAN 1   1400                      1348            1607
...................................................................


WIND (MPH)
  RESULTANT WIND SPEED   6   RESULTANT WIND DIRECTION  NE (50)
  HIGHEST WIND SPEED    16   HIGHEST WIND DIRECTION     E (70)
  HIGHEST GUST SPEED    23   HIGHEST GUST DIRECTION    NE (60)
  AVERAGE WIND SPEED     6.6


SKY COVER
  AVERAGE SKY COVER 1.0


WEATHER CONDITIONS
THE FOLLOWING WEATHER WAS RECORDED YESTERDAY.
  THUNDERSTORM
  HEAVY RAIN
  RAIN
  LIGHT RAIN
  FOG


RELATIVE HUMIDITY (PERCENT)
 HIGHEST    97
 LOWEST     89
 AVERAGE    93

..........................................................


THE WEST PLAINS MO CLIMATE NORMALS FOR TODAY
                         NORMAL    RECORD    YEAR
 MAXIMUM TEMPERATURE (F)   68        85      1963
 MINIMUM TEMPERATURE (F)   44        23      1972


SUNRISE AND SUNSET
OCTOBER 20 2020.......SUNRISE   7:20 AM CDT   SUNSET   6:24 PM CDT
OCTOBER 21 2020.......SUNRISE   7:21 AM CDT   SUNSET   6:22 PM CDT


-  INDICATES NEGATIVE NUMBERS.
R  INDICATES RECORD WAS SET OR TIED.
MM INDICATES DATA IS MISSING.
T  INDICATES TRACE AMOUNT.




$$
