000
CDUS43 KSGF 212326
CLIUNO


CLIMATE REPORT
NATIONAL WEATHER SERVICE SPRINGFIELD MO
526 PM CST MON JAN 21 2019


...................................

...THE WEST PLAINS MO CLIMATE SUMMARY FOR JANUARY 21 2019...
VALID TODAY AS OF 0500 PM LOCAL TIME.

CLIMATE NORMAL PERIOD 1981 TO 2010
CLIMATE RECORD PERIOD 1947 TO 2019


WEATHER ITEM   OBSERVED TIME   RECORD YEAR NORMAL DEPARTURE LAST
                VALUE   (LST)  VALUE       VALUE  FROM      YEAR
                                                  NORMAL
..................................................................
TEMPERATURE (F)
 TODAY
  MAXIMUM         28    459 PM  76    1986  45    -17       63
  MINIMUM         15    604 AM -11    1985  24     -9       50
  AVERAGE         22                        34    -12       57

PRECIPITATION (IN)
  TODAY            0.00          2.03 1962   0.10  -0.10      T
  MONTH TO DATE    3.88                      1.50   2.38     0.83
  SINCE DEC 1      8.68                      5.14   3.54     2.86
  SINCE JAN 1      3.88                      1.50   2.38     0.83

DEGREE DAYS
 COOLING
  TODAY            0                         0      0        0
  MONTH TO DATE    0                         0      0        0
  SINCE DEC 1      0                         0      0        0
  SINCE JAN 1      0                         0      0        0
..................................................................


WIND (MPH)
  HIGHEST WIND SPEED    18   HIGHEST WIND DIRECTION    SE (120)
  HIGHEST GUST SPEED    27   HIGHEST GUST DIRECTION    SE (120)


SKY COVER
  AVERAGE SKY COVER 0.5


WEATHER CONDITIONS
 THE FOLLOWING WEATHER WAS RECORDED TODAY.
  FOG


RELATIVE HUMIDITY (PERCENT)
 HIGHEST    92           300 AM
 LOWEST     74           100 PM
 AVERAGE    83

..........................................................


THE WEST PLAINS MO CLIMATE NORMALS FOR TOMORROW
                         NORMAL    RECORD    YEAR
 MAXIMUM TEMPERATURE (F)   45        72      1967
 MINIMUM TEMPERATURE (F)   24         2      1994


SUNRISE AND SUNSET
JANUARY 21 2019.......SUNRISE   717 AM CST   SUNSET   521 PM CST
JANUARY 22 2019.......SUNRISE   717 AM CST   SUNSET   522 PM CST


-  INDICATES NEGATIVE NUMBERS.
R  INDICATES RECORD WAS SET OR TIED.
MM INDICATES DATA IS MISSING.
T  INDICATES TRACE AMOUNT.




$$
