000
CDUS43 KSGF 160627
CLIUNO


CLIMATE REPORT
NATIONAL WEATHER SERVICE SPRINGFIELD MO
126 AM CDT WED OCT 16 2019


...................................

...THE WEST PLAINS MO CLIMATE SUMMARY FOR OCTOBER 15 2019...

CLIMATE NORMAL PERIOD 1981 TO 2010
CLIMATE RECORD PERIOD 1947 TO 2019


WEATHER ITEM   OBSERVED TIME   RECORD YEAR NORMAL DEPARTURE LAST
                VALUE   (LST)  VALUE       VALUE  FROM      YEAR
                                                  NORMAL
..................................................................
TEMPERATURE (F)
 YESTERDAY
  MAXIMUM         77    229 PM  90    1963  70      7       56
  MINIMUM         51   1159 PM  29    1961  45      6       38
  AVERAGE         64                        58      6       47

PRECIPITATION (IN)
  YESTERDAY        0.04          0.70 1967   0.13  -0.09     0.14
                                      1984
  MONTH TO DATE    4.63                      1.79   2.84     1.98
  SINCE SEP 1      5.28                      5.88  -0.60     4.39
  SINCE JAN 1     52.03                     35.95  16.08    37.98

DEGREE DAYS
 HEATING
  YESTERDAY        1                         8     -7       18
  MONTH TO DATE   75                        96    -21       79
  SINCE SEP 1     79                       137    -58       88
  SINCE JUL 1     79                       138    -59       88

 COOLING
  YESTERDAY        0                         1     -1        0
  MONTH TO DATE   50                        19     31      105
  SINCE SEP 1    411                       175    236      344
  SINCE JAN 1   1607                      1347    260     1822
..................................................................


WIND (MPH)
  HIGHEST WIND SPEED    18   HIGHEST WIND DIRECTION     N (350)
  HIGHEST GUST SPEED    31   HIGHEST GUST DIRECTION     N (340)
  AVERAGE WIND SPEED     7.3


SKY COVER
  AVERAGE SKY COVER 0.7


WEATHER CONDITIONS
 THE FOLLOWING WEATHER WAS RECORDED YESTERDAY.
  THUNDERSTORM
  RAIN
  LIGHT RAIN
  HAZE


RELATIVE HUMIDITY (PERCENT)
 HIGHEST    86           600 AM
 LOWEST     66          1100 PM
 AVERAGE    76

..........................................................


THE WEST PLAINS MO CLIMATE NORMALS FOR TODAY
                         NORMAL    RECORD    YEAR
 MAXIMUM TEMPERATURE (F)   70        88      1950
 MINIMUM TEMPERATURE (F)   45        27      1952


SUNRISE AND SUNSET
OCTOBER 16 2019.......SUNRISE   716 AM CDT   SUNSET   630 PM CDT
OCTOBER 17 2019.......SUNRISE   717 AM CDT   SUNSET   629 PM CDT


-  INDICATES NEGATIVE NUMBERS.
R  INDICATES RECORD WAS SET OR TIED.
MM INDICATES DATA IS MISSING.
T  INDICATES TRACE AMOUNT.




$$
