000
CDUS43 KSGF 060628
CLIUNO


CLIMATE REPORT
NATIONAL WEATHER SERVICE SPRINGFIELD MO
128 AM CDT SAT JUN 6 2020


...................................

...THE WEST PLAINS MO CLIMATE SUMMARY FOR JUNE 5 2020...

CLIMATE NORMAL PERIOD 1981 TO 2010
CLIMATE RECORD PERIOD 1947 TO 2020


WEATHER ITEM   OBSERVED TIME   RECORD YEAR NORMAL DEPARTURE LAST
                VALUE   (LST)  VALUE       VALUE  FROM      YEAR
                                                  NORMAL
..................................................................
TEMPERATURE (F)
 YESTERDAY
  MAXIMUM         90    449 PM  98    1977  82      8       88
  MINIMUM         67    509 AM  41    1988  60      7       71
  AVERAGE         79                        71      8       80

PRECIPITATION (IN)
  YESTERDAY        0.08          1.35 2015   0.13  -0.05     0.00
  MONTH TO DATE    0.22                      0.65  -0.43     1.92
  SINCE JUN 1      0.22                      0.65  -0.43     1.92
  SINCE JAN 1     31.80                     19.92  11.88    30.67

DEGREE DAYS
 HEATING
  YESTERDAY        0                         0      0        0
  MONTH TO DATE    0                         4     -4        0
  SINCE JUN 1      0                         4     -4        0
  SINCE JUL 1   4055                      4346   -291     4322

 COOLING
  YESTERDAY       14                         6      8       15
  MONTH TO DATE   47                        30     17       44
  SINCE JUN 1     47                        30     17       44
  SINCE JAN 1    154                       152      2      208
..................................................................


WIND (MPH)
  HIGHEST WIND SPEED    16   HIGHEST WIND DIRECTION    NW (320)
  HIGHEST GUST SPEED    26   HIGHEST GUST DIRECTION     N (10)
  AVERAGE WIND SPEED     1.8


SKY COVER
  AVERAGE SKY COVER 0.1


WEATHER CONDITIONS
 THE FOLLOWING WEATHER WAS RECORDED YESTERDAY.
  THUNDERSTORM
  HEAVY RAIN
  LIGHT RAIN
  FOG


RELATIVE HUMIDITY (PERCENT)
 HIGHEST    93           400 AM
 LOWEST     52           500 PM
 AVERAGE    73

..........................................................


THE WEST PLAINS MO CLIMATE NORMALS FOR TODAY
                         NORMAL    RECORD    YEAR
 MAXIMUM TEMPERATURE (F)   82        95      1969
 MINIMUM TEMPERATURE (F)   61        46      1993


SUNRISE AND SUNSET
JUNE  6 2020..........SUNRISE   548 AM CDT   SUNSET   825 PM CDT
JUNE  7 2020..........SUNRISE   548 AM CDT   SUNSET   825 PM CDT


-  INDICATES NEGATIVE NUMBERS.
R  INDICATES RECORD WAS SET OR TIED.
MM INDICATES DATA IS MISSING.
T  INDICATES TRACE AMOUNT.




$$
