000
CDUS43 KSGF 202129
CLIUNO


CLIMATE REPORT
NATIONAL WEATHER SERVICE SPRINGFIELD MO
428 PM CDT FRI JUL 20 2018


...................................

...THE WEST PLAINS MO CLIMATE SUMMARY FOR JULY 20 2018...
VALID AS OF 0400 PM LOCAL TIME.

CLIMATE NORMAL PERIOD 1981 TO 2010
CLIMATE RECORD PERIOD 1947 TO 2018


WEATHER ITEM   OBSERVED TIME   RECORD YEAR NORMAL DEPARTURE LAST
                VALUE   (LST)  VALUE       VALUE  FROM      YEAR
                                                  NORMAL
..................................................................
TEMPERATURE (F)
 TODAY
  MAXIMUM         93    250 PM 101    1964  90      3       96
  MINIMUM         68    208 AM  57    2009  67      1       72
                                      1971
  AVERAGE         81                        78      3       84

PRECIPITATION (IN)
  TODAY            0.02          1.78 1988   0.12  -0.10     0.00
  MONTH TO DATE    3.91                      2.40   1.51     2.13
  SINCE JUN 1      5.65                      6.42  -0.77     3.80
  SINCE JAN 1     28.39                     25.69   2.70    39.21

DEGREE DAYS
 HEATING
  TODAY            0                         0      0        0
  MONTH TO DATE    0                         0      0        0
  SINCE JUN 1      0                         5     -5        0
  SINCE JUL 1      0                         0      0        0

 COOLING
  TODAY           16                        13      3       19
  MONTH TO DATE  335                       256     79      279
  SINCE JUN 1    734                       522    212      533
  SINCE JAN 1    988                       644    344      655
..................................................................


WIND (MPH)
  HIGHEST WIND SPEED    10   HIGHEST WIND DIRECTION     S (190)
  HIGHEST GUST SPEED    15   HIGHEST GUST DIRECTION     W (260)


SKY COVER
  AVERAGE SKY COVER 0.1


WEATHER CONDITIONS
 THE FOLLOWING WEATHER WAS RECORDED TODAY.
  THUNDERSTORM
  LIGHT RAIN


RELATIVE HUMIDITY (PERCENT)
 HIGHEST    93           200 AM
 LOWEST     49           100 PM
 AVERAGE    71

..........................................................


THE WEST PLAINS MO CLIMATE NORMALS FOR TOMORROW
                         NORMAL    RECORD    YEAR
 MAXIMUM TEMPERATURE (F)   90       100      1964
 MINIMUM TEMPERATURE (F)   67        54      1970


SUNRISE AND SUNSET
JULY 20 2018..........SUNRISE   604 AM CDT   SUNSET   824 PM CDT
JULY 21 2018..........SUNRISE   605 AM CDT   SUNSET   823 PM CDT


-  INDICATES NEGATIVE NUMBERS.
R  INDICATES RECORD WAS SET OR TIED.
MM INDICATES DATA IS MISSING.
T  INDICATES TRACE AMOUNT.




$$
