000
CDUS43 KSGF 250627
CLIUNO


CLIMATE REPORT
NATIONAL WEATHER SERVICE SPRINGFIELD MO
126 AM CDT WED APR 25 2018


...................................

...THE WEST PLAINS MO CLIMATE SUMMARY FOR APRIL 24 2018...

CLIMATE NORMAL PERIOD 1981 TO 2010
CLIMATE RECORD PERIOD 1947 TO 2018


WEATHER ITEM   OBSERVED TIME   RECORD YEAR NORMAL DEPARTURE LAST
                VALUE   (LST)  VALUE       VALUE  FROM      YEAR
                                                  NORMAL
..................................................................
TEMPERATURE (F)
 YESTERDAY
  MAXIMUM         72    509 PM  87    1965  72      0       75
  MINIMUM         50   1153 PM  30    2005  48      2       39
  AVERAGE         61                        60      1       57

PRECIPITATION (IN)
  YESTERDAY        0.00          4.40 2004   0.17  -0.17     0.00
  MONTH TO DATE    3.63                      3.50   0.13     6.57
  SINCE MAR 1      9.40                      7.79   1.61    12.86
  SINCE JAN 1     18.63                     13.35   5.28    17.49

DEGREE DAYS
 HEATING
  YESTERDAY        4                         6     -2        8
  MONTH TO DATE  385                       220    165      134
  SINCE MAR 1    931                       766    165      563
  SINCE JUL 1   4176                      4230    -54     3212

 COOLING
  YESTERDAY        0                         1     -1        0
  MONTH TO DATE    5                        19    -14       20
  SINCE MAR 1      5                        23    -18       24
  SINCE JAN 1     11                        23    -12       25
..................................................................


WIND (MPH)
  HIGHEST WIND SPEED    18   HIGHEST WIND DIRECTION     N (350)
  HIGHEST GUST SPEED    27   HIGHEST GUST DIRECTION    NW (310)
  AVERAGE WIND SPEED     7.8


SKY COVER
  AVERAGE SKY COVER 0.5


WEATHER CONDITIONS
 THE FOLLOWING WEATHER WAS RECORDED YESTERDAY.
  NO SIGNIFICANT WEATHER WAS OBSERVED.


RELATIVE HUMIDITY (PERCENT)
 HIGHEST    96          1200 AM
 LOWEST     41           500 PM
 AVERAGE    69

..........................................................


THE WEST PLAINS MO CLIMATE NORMALS FOR TODAY
                         NORMAL    RECORD    YEAR
 MAXIMUM TEMPERATURE (F)   72        88      2012
 MINIMUM TEMPERATURE (F)   48        31      2013
                                             1968


SUNRISE AND SUNSET
APRIL 25 2018.........SUNRISE   621 AM CDT   SUNSET   751 PM CDT
APRIL 26 2018.........SUNRISE   619 AM CDT   SUNSET   752 PM CDT


-  INDICATES NEGATIVE NUMBERS.
R  INDICATES RECORD WAS SET OR TIED.
MM INDICATES DATA IS MISSING.
T  INDICATES TRACE AMOUNT.




$$
