000
CDUS43 KUNR 201831
CLIUNR


CLIMATE REPORT
NATIONAL WEATHER SERVICE RAPID CITY SD
1231 PM MDT MON AUG 20 2018


...................................

...THE EAST RAPID CITY SD CLIMATE SUMMARY FOR AUGUST 20 2018...
VALID AS OF 1200 PM LOCAL TIME.

CLIMATE NORMAL PERIOD 1981 TO 2010
CLIMATE RECORD PERIOD 1888 TO 2018


WEATHER ITEM   OBSERVED RECORD YEAR NORMAL DEPARTURE LAST
                VALUE   VALUE       VALUE  FROM      YEAR
                                           NORMAL
...........................................................
TEMPERATURE (F)
 TODAY
  MAXIMUM         63    102    1898  83    -20       80
  MINIMUM         50     43    1964  59     -9       61
  AVERAGE         57                 71    -14       71

PRECIPITATION (IN)
  TODAY            0.00   0.80 1906   0.06  -0.06     0.00
  MONTH TO DATE    1.14               1.42  -0.28     2.38
  SINCE JUN 1     13.33               7.08   6.25     5.15
  SINCE JAN 1     23.27              15.13   8.14     9.78

SNOWFALL (IN)
  TODAY            0.0    0.0  2002   0.0    0.0      0.0
                               2001
                               1954
  MONTH TO DATE    0.0                0.0    0.0      0.0
  SINCE JUN 1      0.0                0.0    0.0      0.0
  SINCE JUL 1      0.0                0.0    0.0      0.0
  SNOW DEPTH       0

DEGREE DAYS
 HEATING
  TODAY            8                  0      8        0
  MONTH TO DATE   17                  0     17        5
  SINCE JUN 1     70                100    -30       17
  SINCE JUL 1     26                 12     14        5

 COOLING
  TODAY            0                  7     -7        6
  MONTH TO DATE  146                163    -17       72
  SINCE JUN 1    466                514    -48      638
  SINCE JAN 1    519                532    -13      651
...........................................................





WEATHER CONDITIONS
 THE FOLLOWING WEATHER WAS RECORDED TODAY.
  NO SIGNIFICANT WEATHER WAS OBSERVED.


..........................................................


THE EAST RAPID CITY SD CLIMATE NORMALS FOR TOMORROW
                         NORMAL    RECORD    YEAR
 MAXIMUM TEMPERATURE (F)   83        99      1898
 MINIMUM TEMPERATURE (F)   59        45      1964


SUNRISE AND SUNSET
AUGUST 20 2018........SUNRISE   602 AM MDT   SUNSET   749 PM MDT
AUGUST 21 2018........SUNRISE   603 AM MDT   SUNSET   748 PM MDT


-  INDICATES NEGATIVE NUMBERS.
R  INDICATES RECORD WAS SET OR TIED.
MM INDICATES DATA IS MISSING.
T  INDICATES TRACE AMOUNT.




$$
