000
CDUS43 KUNR 190035
CLIUNR


CLIMATE REPORT
NATIONAL WEATHER SERVICE RAPID CITY SD
535 PM MST SUN NOV 18 2018


...................................

...THE EAST RAPID CITY SD CLIMATE SUMMARY FOR NOVEMBER 18 2018...
VALID TODAY AS OF 0500 PM LOCAL TIME.

CLIMATE NORMAL PERIOD 1981 TO 2010
CLIMATE RECORD PERIOD 1888 TO 2018


WEATHER ITEM   OBSERVED RECORD YEAR NORMAL DEPARTURE LAST
                VALUE   VALUE       VALUE  FROM      YEAR
                                           NORMAL
...........................................................
TEMPERATURE (F)
 TODAY
  MAXIMUM         41     78    2008  44     -3       44
  MINIMUM          9     -2    1903  27    -18       32
  AVERAGE         25                 36    -11       38

PRECIPITATION (IN)
  TODAY            0.00   0.60 1930   0.02  -0.02     0.00
  MONTH TO DATE    0.21               0.48  -0.27     0.22
  SINCE SEP 1      2.27               3.67  -1.40     2.59
  SINCE JAN 1     25.99              19.35   6.64    12.56

SNOWFALL (IN)
  TODAY            0.0    4.8  2011   0.2   -0.2      0.0
  MONTH TO DATE    2.9                4.0   -1.1      0.9
  SINCE SEP 1      8.5                6.4    2.1      0.9
  SINCE JUL 1      8.5                6.4    2.1      0.9
  SNOW DEPTH       T

DEGREE DAYS
 HEATING
  TODAY           40                 29     11       27
  MONTH TO DATE  601                463    138      521
  SINCE SEP 1   1357               1162    195     1148
  SINCE JUL 1   1398               1192    206     1153

 COOLING
  TODAY            0                  0      0        0
  MONTH TO DATE    0                  0      0        0
  SINCE SEP 1     69                 70     -1      117
  SINCE JAN 1    624                665    -41      854
...........................................................





WEATHER CONDITIONS
 THE FOLLOWING WEATHER WAS RECORDED TODAY.
  NO SIGNIFICANT WEATHER WAS OBSERVED.


..........................................................


THE EAST RAPID CITY SD CLIMATE NORMALS FOR TOMORROW
                         NORMAL    RECORD    YEAR
 MAXIMUM TEMPERATURE (F)   44        76      1897
 MINIMUM TEMPERATURE (F)   26        -3      1921


SUNRISE AND SUNSET
NOVEMBER 18 2018......SUNRISE   652 AM MST   SUNSET   424 PM MST
NOVEMBER 19 2018......SUNRISE   653 AM MST   SUNSET   423 PM MST


-  INDICATES NEGATIVE NUMBERS.
R  INDICATES RECORD WAS SET OR TIED.
MM INDICATES DATA IS MISSING.
T  INDICATES TRACE AMOUNT.




$$
