000
CDUS43 KUNR 260836
CLIUNR

CLIMATE REPORT
NATIONAL WEATHER SERVICE
236 AM MDT MON OCT 26 2020

...................................

...THE EAST RAPID CITY SD CLIMATE SUMMARY FOR OCTOBER 25 2020...

CLIMATE NORMAL PERIOD 1981 TO 2010
CLIMATE RECORD PERIOD 1888 TO 2020


WEATHER ITEM   OBSERVED RECORD YEAR NORMAL DEPARTURE LAST
                VALUE   VALUE       VALUE  FROM      YEAR
                                           NORMAL
............................................................
TEMPERATURE (F)
 YESTERDAY
  MAXIMUM         15     77    1955  56    -41       66
                               2007
  MINIMUM          9      2    1919  35    -26       36
  AVERAGE         12                 45    -33       51

PRECIPITATION (IN)
  YESTERDAY        0.09   0.59 1954   0.05   0.04     0.00
  MONTH TO DATE    1.05               1.36  -0.31     1.33
  SINCE SEP 1      2.27               2.90  -0.63     3.67
  SINCE JAN 1     15.83              18.58  -2.75    29.85

SNOWFALL (IN)
  YESTERDAY        2.0    5.0  1954   0.1    1.9      0.0
  MONTH TO DATE   12.0                1.4   10.6      6.0
  SINCE SEP 1     13.0                1.5   11.5      6.0
  SINCE JUL 1     13.0                1.5   11.5      6.0
  SNOW DEPTH       7

DEGREE DAYS
 HEATING
  YESTERDAY       53                 20     33       14
  MONTH TO DATE  490                395     95      501
  SINCE SEP 1    639                574     65      631
  SINCE JUL 1    646                604     42      646

 COOLING
  YESTERDAY        0                  0      0        0
  MONTH TO DATE    4                  0      4        0
  SINCE SEP 1     90                 66     24       80
  SINCE JAN 1    861                661    200      469
............................................................


WIND (MPH)
  HIGHEST GUST SPEED    36   HIGHEST GUST DIRECTION     N (350)


WEATHER CONDITIONS
THE FOLLOWING WEATHER WAS RECORDED YESTERDAY.
  LIGHT SNOW

..........................................................


THE EAST RAPID CITY SD CLIMATE NORMALS FOR TODAY
                         NORMAL    RECORD    YEAR
 MAXIMUM TEMPERATURE (F)   56        80      1966
 MINIMUM TEMPERATURE (F)   34         2      1919


SUNRISE AND SUNSET
OCTOBER 26 2020.......SUNRISE   722 AM MDT   SUNSET   551 PM MDT
OCTOBER 27 2020.......SUNRISE   724 AM MDT   SUNSET   549 PM MDT


-  INDICATES NEGATIVE NUMBERS.
R  INDICATES RECORD WAS SET OR TIED.
MM INDICATES DATA IS MISSING.
T  INDICATES TRACE AMOUNT.




$$
