000
CDUS43 KUNR 110833
CLIUNR


CLIMATE REPORT
NATIONAL WEATHER SERVICE RAPID CITY SD
133 AM MST WED DEC 11 2019


...................................

...THE EAST RAPID CITY SD CLIMATE SUMMARY FOR DECEMBER 10 2019...

CLIMATE NORMAL PERIOD 1981 TO 2010
CLIMATE RECORD PERIOD 1888 TO 2019


WEATHER ITEM   OBSERVED RECORD YEAR NORMAL DEPARTURE LAST
                VALUE   VALUE       VALUE  FROM      YEAR
                                           NORMAL
...........................................................
TEMPERATURE (F)
 YESTERDAY
  MAXIMUM         34     75    1890  36     -2       50
  MINIMUM          7    -17    1919  19    -12       24
  AVERAGE         21                 28     -7       37

PRECIPITATION (IN)
  YESTERDAY        T      0.31 1970   0.01  -0.01     0.00
  MONTH TO DATE    T                  0.09  -0.09     0.57
  SINCE DEC 1      T                  0.09  -0.09     0.57
  SINCE JAN 1     31.62              19.56  12.06    26.76

SNOWFALL (IN)
  YESTERDAY        T      3.5  2000   0.2   -0.2      0.0
  MONTH TO DATE    0.3                1.7   -1.4      7.0
  SINCE DEC 1      0.3                1.7   -1.4      7.0
  SINCE JUL 1     34.1               10.3   23.8     17.8
  SNOW DEPTH       0

DEGREE DAYS
 HEATING
  YESTERDAY       44                 37      7       28
  MONTH TO DATE  324                363    -39      390
  SINCE DEC 1    324                363    -39      390
  SINCE JUL 1   2114               1943    171     2099

 COOLING
  YESTERDAY        0                  0      0        0
  MONTH TO DATE    0                  0      0        0
  SINCE DEC 1      0                  0      0        0
  SINCE JAN 1    469                665   -196      624
...........................................................


WIND (MPH)
  HIGHEST GUST SPEED    24   HIGHEST GUST DIRECTION     N (360)



WEATHER CONDITIONS
 THE FOLLOWING WEATHER WAS RECORDED YESTERDAY.
  LIGHT SNOW


..........................................................


THE EAST RAPID CITY SD CLIMATE NORMALS FOR TODAY
                         NORMAL    RECORD    YEAR
 MAXIMUM TEMPERATURE (F)   36        72      1939
 MINIMUM TEMPERATURE (F)   19       -18      1932


SUNRISE AND SUNSET
DECEMBER 11 2019......SUNRISE   717 AM MST   SUNSET   414 PM MST
DECEMBER 12 2019......SUNRISE   718 AM MST   SUNSET   415 PM MST


-  INDICATES NEGATIVE NUMBERS.
R  INDICATES RECORD WAS SET OR TIED.
MM INDICATES DATA IS MISSING.
T  INDICATES TRACE AMOUNT.




$$
