000
CDUS43 KUNR 131833
CLIUNR


CLIMATE REPORT
NATIONAL WEATHER SERVICE RAPID CITY SD
1233 PM MDT SUN OCT 13 2019


...................................

...THE EAST RAPID CITY SD CLIMATE SUMMARY FOR OCTOBER 13 2019...
VALID AS OF 1100 AM LOCAL TIME.

CLIMATE NORMAL PERIOD 1981 TO 2010
CLIMATE RECORD PERIOD 1888 TO 2019


WEATHER ITEM   OBSERVED RECORD YEAR NORMAL DEPARTURE LAST
                VALUE   VALUE       VALUE  FROM      YEAR
                                           NORMAL
...........................................................
TEMPERATURE (F)
 TODAY
  MAXIMUM         49     87    1958  60    -11       50
  MINIMUM         28     20    1969  38    -10       25
  AVERAGE         39                 49    -10       38

PRECIPITATION (IN)
  TODAY            0.00   0.99 1892   0.05  -0.05     0.15
  MONTH TO DATE    0.60               0.69  -0.09     0.99
  SINCE SEP 1      2.94               2.23   0.71     2.06
  SINCE JAN 1     29.12              17.91  11.21    25.78

SNOWFALL (IN)
  TODAY            0.0    2.0  2018   0.1   -0.1      2.0
  MONTH TO DATE    4.6                0.4    4.2      5.6
  SINCE SEP 1      4.6                0.5    4.1      5.6
  SINCE JUL 1      4.6                0.5    4.1      5.6
  SNOW DEPTH       0

DEGREE DAYS
 HEATING
  TODAY           26                 16     10       27
  MONTH TO DATE  282                179    103      312
  SINCE SEP 1    412                358     54      488
  SINCE JUL 1    427                388     39      529

 COOLING
  TODAY            0                  0      0        0
  MONTH TO DATE    0                  0      0        1
  SINCE SEP 1     80                 66     14       69
  SINCE JAN 1    469                661   -192      624
...........................................................





WEATHER CONDITIONS
 THE FOLLOWING WEATHER WAS RECORDED TODAY.
  NO SIGNIFICANT WEATHER WAS OBSERVED.


..........................................................


THE EAST RAPID CITY SD CLIMATE NORMALS FOR TOMORROW
                         NORMAL    RECORD    YEAR
 MAXIMUM TEMPERATURE (F)   60        84      2016
 MINIMUM TEMPERATURE (F)   38        16      1969


SUNRISE AND SUNSET
OCTOBER 13 2019.......SUNRISE   705 AM MDT   SUNSET   613 PM MDT
OCTOBER 14 2019.......SUNRISE   706 AM MDT   SUNSET   611 PM MDT


-  INDICATES NEGATIVE NUMBERS.
R  INDICATES RECORD WAS SET OR TIED.
MM INDICATES DATA IS MISSING.
T  INDICATES TRACE AMOUNT.




$$
