953
CDUS43 KUNR 210048
CLIUNR


CLIMATE REPORT
NATIONAL WEATHER SERVICE RAPID CITY SD
546 PM MST TUE FEB 20 2018


...................................

...THE EAST RAPID CITY SD CLIMATE SUMMARY FOR FEBRUARY 20 2018...
VALID TODAY AS OF 0500 PM LOCAL TIME.

CLIMATE NORMAL PERIOD 1981 TO 2010
CLIMATE RECORD PERIOD 1888 TO 2018


WEATHER ITEM   OBSERVED RECORD YEAR NORMAL DEPARTURE LAST
                VALUE   VALUE       VALUE  FROM      YEAR
                                           NORMAL
...........................................................
TEMPERATURE (F)
 TODAY
  MAXIMUM          5     72    1930  39    -34       62
  MINIMUM         -4    -19    1918  19    -23       44
  AVERAGE          1                 29    -28       53

PRECIPITATION (IN)
  TODAY            0.01   0.57 2011   0.02  -0.01      T
  MONTH TO DATE    0.92               0.33   0.59     0.18
  SINCE DEC 1      1.48               0.94   0.54     1.35
  SINCE JAN 1      1.18               0.62   0.56     0.53

SNOWFALL (IN)
  TODAY            0.1    9.3  2011   0.3   -0.2      0.0
  MONTH TO DATE   19.9                5.1   14.8      4.8
  SINCE DEC 1     31.0               15.8   15.2     25.0
  SINCE JUL 1     32.1               24.4    7.7     28.7
  SNOW DEPTH       9

DEGREE DAYS
 HEATING
  TODAY           64                 36     28       12
  MONTH TO DATE 1006                748    258      600
  SINCE DEC 1   3370               3096    274     3294
  SINCE JUL 1   4750               4676     74     4325

 COOLING
  TODAY            0                  0      0        0
  MONTH TO DATE    0                  0      0        0
  SINCE DEC 1      0                  0      0        0
  SINCE JAN 1      0                  0      0        0
...........................................................





WEATHER CONDITIONS
 THE FOLLOWING WEATHER WAS RECORDED TODAY.
  LIGHT SNOW


..........................................................


THE EAST RAPID CITY SD CLIMATE NORMALS FOR TOMORROW
                         NORMAL    RECORD    YEAR
 MAXIMUM TEMPERATURE (F)   40        69      2017
 MINIMUM TEMPERATURE (F)   19       -14      1894


SUNRISE AND SUNSET
FEBRUARY 20 2018......SUNRISE   644 AM MST   SUNSET   529 PM MST
FEBRUARY 21 2018......SUNRISE   643 AM MST   SUNSET   531 PM MST


-  INDICATES NEGATIVE NUMBERS.
R  INDICATES RECORD WAS SET OR TIED.
MM INDICATES DATA IS MISSING.
T  INDICATES TRACE AMOUNT.




$$
