464
CDUS45 KGJT 142342
CLIVEL


CLIMATE REPORT
NATIONAL WEATHER SERVICE GRAND JUNCTION CO
530 PM MDT TUE AUG 14 2018


...................................

...THE VERNAL UT CLIMATE SUMMARY FOR AUGUST 14 2018...
VALID TODAY AS OF 0500 PM LOCAL TIME.

CLIMATE NORMAL PERIOD 1981 TO 2010
CLIMATE RECORD PERIOD 9999 TO 9999


WEATHER ITEM   OBSERVED TIME   RECORD YEAR NORMAL DEPARTURE LAST
                VALUE   (LST)  VALUE       VALUE  FROM      YEAR
                                                  NORMAL
..................................................................
TEMPERATURE (F)
 TODAY
  MAXIMUM         91    155 PM  MM      MM  86      5       90
  MINIMUM         61    558 AM  MM      MM  56      5       54
  AVERAGE         76                        71      5       72

PRECIPITATION (IN)
  TODAY            T            MM      MM   0.02  -0.02     0.16
  MONTH TO DATE    0.12                      0.31  -0.19     0.60
  SINCE JUN 1      0.22                      1.75  -1.53     0.84
  SINCE JAN 1      2.58                      5.16  -2.58     5.52

SNOWFALL (IN)
  TODAY           MM            MM      MM     MM    MM       MM
  MONTH TO DATE   MM                           MM    MM       MM
  SINCE JUN 1     MM                           MM    MM       MM
  SINCE JUL 1     MM                           MM    MM       MM
  SNOW DEPTH      MM

DEGREE DAYS
 HEATING
  TODAY            0                         0      0        0
  MONTH TO DATE    0                         0      0        0
  SINCE JUN 1      6                        78    -72       14
  SINCE JUL 1      0                         6     -6        0

 COOLING
  TODAY           11                         6      5        7
  MONTH TO DATE  158                        99     59      104
  SINCE JUN 1    812                       408    404      676
  SINCE JAN 1    838                       417    421      682
..................................................................


WIND (MPH)
  HIGHEST WIND SPEED    12   HIGHEST WIND DIRECTION    NW (320)
  HIGHEST GUST SPEED    16   HIGHEST GUST DIRECTION     N (360)
  AVERAGE WIND SPEED     4.4


SKY COVER
  POSSIBLE SUNSHINE  MM
  AVERAGE SKY COVER 0.0


WEATHER CONDITIONS
 THE FOLLOWING WEATHER WAS RECORDED TODAY.
  LIGHT RAIN


RELATIVE HUMIDITY (PERCENT)
 HIGHEST    49           600 AM
 LOWEST     16           200 PM
 AVERAGE    33

..........................................................


THE VERNAL UT CLIMATE NORMALS FOR TOMORROW
                         NORMAL    RECORD    YEAR
 MAXIMUM TEMPERATURE (F)   86        MM        MM
 MINIMUM TEMPERATURE (F)   56        MM        MM


SUNRISE AND SUNSET
AUGUST 14 2018........SUNRISE   628 AM MDT   SUNSET   817 PM MDT
AUGUST 15 2018........SUNRISE   629 AM MDT   SUNSET   815 PM MDT


-  INDICATES NEGATIVE NUMBERS.
R  INDICATES RECORD WAS SET OR TIED.
MM INDICATES DATA IS MISSING.
T  INDICATES TRACE AMOUNT.




$$
