000
CDUS45 KGJT 222331
CLIVEL


CLIMATE REPORT
NATIONAL WEATHER SERVICE GRAND JUNCTION CO
528 PM MDT THU OCT 22 2020


...................................

...THE VERNAL UT CLIMATE SUMMARY FOR OCTOBER 22 2020...
VALID TODAY AS OF 0500 PM LOCAL TIME.

CLIMATE NORMAL PERIOD 1981 TO 2010
CLIMATE RECORD PERIOD 9999 TO 9999


WEATHER ITEM   OBSERVED TIME   RECORD YEAR NORMAL DEPARTURE LAST
                VALUE   (LST)  VALUE       VALUE  FROM      YEAR
                                                  NORMAL
..................................................................
TEMPERATURE (F)
 TODAY
  MAXIMUM         69    201 PM  MM      MM  58     11       56
  MINIMUM         35    703 AM  MM      MM  34      1       26
  AVERAGE         52                        46      6       41

PRECIPITATION (IN)
  TODAY            0.00         MM      MM   0.04  -0.04     0.00
  MONTH TO DATE    T                         1.04  -1.04     0.03
  SINCE SEP 1      0.05                      2.12  -2.07     0.32
  SINCE JAN 1      3.78                      7.73  -3.95     8.65

SNOWFALL (IN)
  TODAY           MM            MM      MM    MM    MM       MM
  MONTH TO DATE   MM                          MM    MM       MM
  SINCE SEP 1     MM                          MM    MM       MM
  SINCE JUL 1     MM                          MM    MM       MM
  SNOW DEPTH      MM

DEGREE DAYS
 HEATING
  TODAY           13                        19     -6       24
  MONTH TO DATE  226                       332   -106      435
  SINCE SEP 1    378                       498   -120      549
  SINCE JUL 1    378                       514   -136      549

 COOLING
  TODAY            0                         0      0        0
  MONTH TO DATE    0                         0      0        0
  SINCE SEP 1     37                        22     15       63
  SINCE JAN 1    874                       511    363      671
..................................................................


WIND (MPH)
  HIGHEST WIND SPEED    36   HIGHEST WIND DIRECTION     W (250)
  HIGHEST GUST SPEED    49   HIGHEST GUST DIRECTION     W (250)
  AVERAGE WIND SPEED    11.9


SKY COVER
  POSSIBLE SUNSHINE  MM
  AVERAGE SKY COVER 0.1


WEATHER CONDITIONS
 THE FOLLOWING WEATHER WAS RECORDED TODAY.
  HAZE


RELATIVE HUMIDITY (PERCENT)
 HIGHEST    52           700 AM
 LOWEST     18           300 PM
 AVERAGE    35

..........................................................


THE VERNAL UT CLIMATE NORMALS FOR TOMORROW
                         NORMAL    RECORD    YEAR
 MAXIMUM TEMPERATURE (F)   58        MM        MM
 MINIMUM TEMPERATURE (F)   33        MM        MM


SUNRISE AND SUNSET
OCTOBER 22 2020.......SUNRISE   737 AM MDT   SUNSET   627 PM MDT
OCTOBER 23 2020.......SUNRISE   738 AM MDT   SUNSET   626 PM MDT


-  INDICATES NEGATIVE NUMBERS.
R  INDICATES RECORD WAS SET OR TIED.
MM INDICATES DATA IS MISSING.
T  INDICATES TRACE AMOUNT.




$$
