000
CDUS45 KGJT 280727
CLIVEL


CLIMATE REPORT
NATIONAL WEATHER SERVICE GRAND JUNCTION CO
126 AM MDT THU MAY 28 2020


...................................

...THE VERNAL UT CLIMATE SUMMARY FOR MAY 27 2020...

CLIMATE NORMAL PERIOD 1981 TO 2010
CLIMATE RECORD PERIOD 9999 TO 9999


WEATHER ITEM   OBSERVED TIME   RECORD YEAR NORMAL DEPARTURE LAST
                VALUE   (LST)  VALUE       VALUE  FROM      YEAR
                                                  NORMAL
..................................................................
TEMPERATURE (F)
 YESTERDAY
  MAXIMUM         82    537 PM  MM      MM  74      8       67
  MINIMUM         57   1159 PM  MM      MM  46     11       43
  AVERAGE         70                        60     10       55

PRECIPITATION (IN)
  YESTERDAY        T            MM      MM   0.02  -0.02     0.09
  MONTH TO DATE    0.45                      0.78  -0.33     1.83
  SINCE MAR 1      2.18                      2.28  -0.10     4.40
  SINCE JAN 1      2.45                      3.30  -0.85     7.36

SNOWFALL (IN)
  YESTERDAY       MM            MM      MM   0.0   MM       MM
  MONTH TO DATE   MM                         0.0   MM       MM
  SINCE MAR 1     MM                         1.6   MM       MM
  SINCE JUL 1     MM                        17.5   MM       MM
  SNOW DEPTH      MM

DEGREE DAYS
 HEATING
  YESTERDAY        0                         6     -6       10
  MONTH TO DATE  192                       249    -57      337
  SINCE MAR 1   1448                      1637   -189     1746
  SINCE JUL 1   7104                      7128    -24     7434

 COOLING
  YESTERDAY        5                         1      4        0
  MONTH TO DATE    8                         2      6        1
  SINCE MAR 1      8                         2      6        1
  SINCE JAN 1      8                         2      6        1
..................................................................


WIND (MPH)
  HIGHEST WIND SPEED    20   HIGHEST WIND DIRECTION     N (360)
  HIGHEST GUST SPEED    25   HIGHEST GUST DIRECTION     N (350)
  AVERAGE WIND SPEED     4.3


SKY COVER
  POSSIBLE SUNSHINE  MM
  AVERAGE SKY COVER 0.4


WEATHER CONDITIONS
 THE FOLLOWING WEATHER WAS RECORDED YESTERDAY.
  NO SIGNIFICANT WEATHER WAS OBSERVED.


RELATIVE HUMIDITY (PERCENT)
 HIGHEST    57           400 AM
 LOWEST     21           100 PM
 AVERAGE    39

..........................................................


THE VERNAL UT CLIMATE NORMALS FOR TODAY
                         NORMAL    RECORD    YEAR
 MAXIMUM TEMPERATURE (F)   74        MM        MM
 MINIMUM TEMPERATURE (F)   46        MM        MM


SUNRISE AND SUNSET
MAY 28 2020...........SUNRISE   552 AM MDT   SUNSET   840 PM MDT
MAY 29 2020...........SUNRISE   551 AM MDT   SUNSET   840 PM MDT


-  INDICATES NEGATIVE NUMBERS.
R  INDICATES RECORD WAS SET OR TIED.
MM INDICATES DATA IS MISSING.
T  INDICATES TRACE AMOUNT.




$$
