659
CDUS45 KGJT 200740
CLIVEL


CLIMATE REPORT
NATIONAL WEATHER SERVICE GRAND JUNCTION CO
140 AM MDT SAT OCT 20 2018


...................................

...THE VERNAL UT CLIMATE SUMMARY FOR OCTOBER 19 2018...

CLIMATE NORMAL PERIOD 1981 TO 2010
CLIMATE RECORD PERIOD 9999 TO 9999


WEATHER ITEM   OBSERVED TIME   RECORD YEAR NORMAL DEPARTURE LAST
                VALUE   (LST)  VALUE       VALUE  FROM      YEAR
                                                  NORMAL
..................................................................
TEMPERATURE (F)
 YESTERDAY
  MAXIMUM         60    424 PM  MM      MM  60      0       70
  MINIMUM         31    629 AM  MM      MM  35     -4       34
  AVERAGE         46                        47     -1       52

PRECIPITATION (IN)
  YESTERDAY        0.00         MM      MM   0.05  -0.05     0.00
  MONTH TO DATE    1.29                      0.91   0.38     0.10
  SINCE SEP 1      1.31                      1.99  -0.68     1.45
  SINCE JAN 1      4.66                      7.60  -2.94     7.01

SNOWFALL (IN)
  YESTERDAY       MM            MM      MM  MM     MM       MM
  MONTH TO DATE   MM                        MM     MM       MM
  SINCE SEP 1     MM                        MM     MM       MM
  SINCE JUL 1     MM                        MM     MM       MM
  SNOW DEPTH      MM

DEGREE DAYS
 HEATING
  YESTERDAY       19                        18      1       13
  MONTH TO DATE  331                       276     55      338
  SINCE SEP 1    373                       442    -69      496
  SINCE JUL 1    373                       458    -85      496

 COOLING
  YESTERDAY        0                         0      0        0
  MONTH TO DATE    0                         0      0        0
  SINCE SEP 1     94                        22     72       92
  SINCE JAN 1   1033                       511    522      891
..................................................................


WIND (MPH)
  HIGHEST WIND SPEED     8   HIGHEST WIND DIRECTION     W (290)
  HIGHEST GUST SPEED     9   HIGHEST GUST DIRECTION     S (180)
  AVERAGE WIND SPEED     3.1


SKY COVER
  POSSIBLE SUNSHINE  MM
  AVERAGE SKY COVER 0.1


WEATHER CONDITIONS
 THE FOLLOWING WEATHER WAS RECORDED YESTERDAY.
  NO SIGNIFICANT WEATHER WAS OBSERVED.


RELATIVE HUMIDITY (PERCENT)
 HIGHEST    96           300 AM
 LOWEST     37           500 PM
 AVERAGE    67

..........................................................


THE VERNAL UT CLIMATE NORMALS FOR TODAY
                         NORMAL    RECORD    YEAR
 MAXIMUM TEMPERATURE (F)   59        MM        MM
 MINIMUM TEMPERATURE (F)   34        MM        MM


SUNRISE AND SUNSET
OCTOBER 20 2018.......SUNRISE   734 AM MDT   SUNSET   631 PM MDT
OCTOBER 21 2018.......SUNRISE   736 AM MDT   SUNSET   629 PM MDT


-  INDICATES NEGATIVE NUMBERS.
R  INDICATES RECORD WAS SET OR TIED.
MM INDICATES DATA IS MISSING.
T  INDICATES TRACE AMOUNT.




$$
