000
CDUS45 KVEF 040821
CLIVGT

CLIMATE REPORT
NATIONAL WEATHER SERVICE LAS VEGAS, NV
121 AM PDT THU JUN 04 2020

...................................

...THE NORTH_LAS_VEGAS NV CLIMATE SUMMARY FOR JUNE 3 2020...

CLIMATE NORMAL PERIOD: 1981 TO 2010
CLIMATE RECORD PERIOD: 2000 TO 2020


WEATHER ITEM   OBSERVED TIME   RECORD YEAR NORMAL DEPARTURE LAST
                VALUE   (LST)  VALUE       VALUE  FROM      YEAR
                                                  NORMAL
...................................................................
TEMPERATURE (F)
 YESTERDAY
  MAXIMUM        106R  4:42 PM 106    2016  94     12       92
  MINIMUM         84   5:45 AM  61    2011  69     15       71
  AVERAGE         95                        82     13       82

PRECIPITATION (IN)
  YESTERDAY        0.00          T    2009   0.01  -0.01     0.00
  MONTH TO DATE    0.00                      0.02  -0.02     0.00
  SINCE OCT 1      5.48                      4.02   1.46     5.61
  SINCE JAN 1      3.28                      2.61   0.67     4.98

DEGREE DAYS
 HEATING
  YESTERDAY        0                         0      0        0
  MONTH TO DATE    0                         0      0        0
  SINCE JUN 1      0                         0      0        0
  SINCE JUL 1   1802                      2044   -242     2025

 COOLING
  YESTERDAY       30                        16     14       17
  MONTH TO DATE   78                        48     30       47
  SINCE JUN 1     78                        48     30       47
  SINCE JAN 1    773                       524    249      397
...................................................................


WIND (MPH)
  RESULTANT WIND SPEED   2   RESULTANT WIND DIRECTION   N (360)
  HIGHEST WIND SPEED    18   HIGHEST WIND DIRECTION     N (360)
  HIGHEST GUST SPEED    27   HIGHEST GUST DIRECTION     N (10)
  AVERAGE WIND SPEED     7.1


SKY COVER
  AVERAGE SKY COVER 0.0


WEATHER CONDITIONS
THE FOLLOWING WEATHER WAS RECORDED YESTERDAY.
  NO SIGNIFICANT WEATHER WAS OBSERVED.


RELATIVE HUMIDITY (PERCENT)
 HIGHEST    15          11:00 PM
 LOWEST      9           3:00 PM
 AVERAGE    12

..........................................................


THE NORTH_LAS_VEGAS NV CLIMATE NORMALS FOR TODAY
                         NORMAL    RECORD    YEAR
 MAXIMUM TEMPERATURE (F)   94       107      2006
                                             2016
 MINIMUM TEMPERATURE (F)   70        61      2011


SUNRISE AND SUNSET
JUNE  4 2020..........SUNRISE   5:24 AM PDT   SUNSET   7:55 PM PDT
JUNE  5 2020..........SUNRISE   5:24 AM PDT   SUNSET   7:55 PM PDT


-  INDICATES NEGATIVE NUMBERS.
R  INDICATES RECORD WAS SET OR TIED.
MM INDICATES DATA IS MISSING.
T  INDICATES TRACE AMOUNT.




$$
