000
CDUS45 KVEF 310850
CLIVGT

CLIMATE REPORT
NATIONAL WEATHER SERVICE LAS VEGAS, NV
150 AM PDT SAT OCT 31 2020

...................................

...THE NORTH_LAS_VEGAS NV CLIMATE SUMMARY FOR OCTOBER 30 2020...

CLIMATE NORMAL PERIOD: 1981 TO 2010
CLIMATE RECORD PERIOD: 2000 TO 2020


WEATHER ITEM   OBSERVED TIME   RECORD YEAR NORMAL DEPARTURE LAST
                VALUE   (LST)  VALUE       VALUE  FROM      YEAR
                                                  NORMAL
...................................................................
TEMPERATURE (F)
 YESTERDAY
  MAXIMUM         81   2:26 PM  85    2008  74      7       53
                                      2016
  MINIMUM         52   5:44 AM  35    2019  52      0       35
  AVERAGE         67                        63      4       44

PRECIPITATION (IN)
  YESTERDAY        0.00          0.05 2000   0.02  -0.02     0.00
  MONTH TO DATE    0.00                      0.39  -0.39     0.00
  SINCE OCT 1      0.00                      0.39  -0.39     0.00
  SINCE JAN 1      3.28                      4.35  -1.07     5.09

DEGREE DAYS
 HEATING
  YESTERDAY        0                         4     -4       21
  MONTH TO DATE   21                        36    -15       71
  SINCE SEP 1     21                        37    -16       71
  SINCE JUL 1     21                        37    -16       71

 COOLING
  YESTERDAY        2                         2      0        0
  MONTH TO DATE  334                       153    181       98
  SINCE SEP 1   1000                       637    363      620
  SINCE JAN 1   4250                      3283    967     3315
...................................................................


WIND (MPH)
  RESULTANT WIND SPEED   3   RESULTANT WIND DIRECTION   W (290)
  HIGHEST WIND SPEED     9   HIGHEST WIND DIRECTION     W (280)
  HIGHEST GUST SPEED    11   HIGHEST GUST DIRECTION    NW (320)
  AVERAGE WIND SPEED     4.2


SKY COVER
  AVERAGE SKY COVER 0.0


WEATHER CONDITIONS
THE FOLLOWING WEATHER WAS RECORDED YESTERDAY.
  NO SIGNIFICANT WEATHER WAS OBSERVED.


RELATIVE HUMIDITY (PERCENT)
 HIGHEST    32           5:00 AM
 LOWEST     11           2:00 PM
 AVERAGE    22

..........................................................


THE NORTH_LAS_VEGAS NV CLIMATE NORMALS FOR TODAY
                         NORMAL    RECORD    YEAR
 MAXIMUM TEMPERATURE (F)   74        83      2014
 MINIMUM TEMPERATURE (F)   52        34      2019


SUNRISE AND SUNSET
OCTOBER 31 2020.......SUNRISE   7:03 AM PDT   SUNSET   5:45 PM PDT
NOVEMBER  1 2020......SUNRISE   6:04 AM PST   SUNSET   4:44 PM PST


-  INDICATES NEGATIVE NUMBERS.
R  INDICATES RECORD WAS SET OR TIED.
MM INDICATES DATA IS MISSING.
T  INDICATES TRACE AMOUNT.




$$
