441
CDUS45 KVEF 180027
CLIVGT


CLIMATE REPORT
NATIONAL WEATHER SERVICE LAS VEGAS, NV
526 PM PDT THU OCT 17 2019


...................................

...THE NORTH_LAS_VEGAS NV CLIMATE SUMMARY FOR OCTOBER 17 2019...
VALID TODAY AS OF 0500 PM LOCAL TIME.

CLIMATE NORMAL PERIOD 1981 TO 2010
CLIMATE RECORD PERIOD 2000 TO 2019


WEATHER ITEM   OBSERVED TIME   RECORD YEAR NORMAL DEPARTURE LAST
                VALUE   (LST)  VALUE       VALUE  FROM      YEAR
                                                  NORMAL
..................................................................
TEMPERATURE (F)
 TODAY
  MAXIMUM         85        MM  90    2003  80      5       72
  MINIMUM         61        MM  49    2013  57      4       50
  AVERAGE         73                        68      5       61

PRECIPITATION (IN)
  TODAY            0.00          0.56 2005   0.01  -0.01     0.00
  MONTH TO DATE    0.00                      0.19  -0.19     0.16
  SINCE OCT 1      0.00                      0.19  -0.19     0.16
  SINCE JAN 1      5.09                      4.15   0.94     2.00

DEGREE DAYS
 HEATING
  TODAY            0                         1     -1        4
  MONTH TO DATE   12                         7      5       14
  SINCE SEP 1     12                         8      4       14
  SINCE JUL 1     12                         8      4       14

 COOLING
  TODAY            8                         4      4        0
  MONTH TO DATE   81                       117    -36       88
  SINCE SEP 1    603                       601      2      705
  SINCE JAN 1   3298                      3247     51     3853
..................................................................


WIND (MPH)
  RESULTANT WIND SPEED   7   RESULTANT WIND DIRECTION   S (200)
  HIGHEST WIND SPEED    25   HIGHEST WIND DIRECTION    SW (210)
  HIGHEST GUST SPEED    36   HIGHEST GUST DIRECTION     S (190)


SKY COVER
  POSSIBLE SUNSHINE  MM
  AVERAGE SKY COVER 0.0


WEATHER CONDITIONS
 THE FOLLOWING WEATHER WAS RECORDED TODAY.
  NO SIGNIFICANT WEATHER WAS OBSERVED.


RELATIVE HUMIDITY (PERCENT)
 HIGHEST    36           400 AM
 LOWEST     12           100 PM
 AVERAGE    24

..........................................................


THE NORTH_LAS_VEGAS NV CLIMATE NORMALS FOR TOMORROW
                         NORMAL    RECORD    YEAR
 MAXIMUM TEMPERATURE (F)   79        92      2009
 MINIMUM TEMPERATURE (F)   56        50      2018


SUNRISE AND SUNSET
OCTOBER 17 2019.......SUNRISE   649 AM PDT   SUNSET   602 PM PDT
OCTOBER 18 2019.......SUNRISE   650 AM PDT   SUNSET   601 PM PDT


-  INDICATES NEGATIVE NUMBERS.
R  INDICATES RECORD WAS SET OR TIED.
MM INDICATES DATA IS MISSING.
T  INDICATES TRACE AMOUNT.




$$
