132
CDUS45 KVEF 240033
CLIVGT


CLIMATE REPORT
NATIONAL WEATHER SERVICE LAS VEGAS, NV
433 PM PST FRI FEB 23 2018


...................................

...THE NORTH_LAS_VEGAS NV CLIMATE SUMMARY FOR FEBRUARY 23 2018...
VALID TODAY AS OF 0400 PM LOCAL TIME.

CLIMATE NORMAL PERIOD 1981 TO 2010
CLIMATE RECORD PERIOD 2000 TO 2018


WEATHER ITEM   OBSERVED TIME   RECORD YEAR NORMAL DEPARTURE LAST
                VALUE   (LST)  VALUE       VALUE  FROM      YEAR
                                                  NORMAL
..................................................................
TEMPERATURE (F)
 TODAY
  MAXIMUM         49        MM  80    2002  64    -15       55
  MINIMUM         36R       MM  37    2011  44     -8       41
                                      2010
  AVERAGE         43                        54    -11       48

PRECIPITATION (IN)
  TODAY            0.00          0.44 2015   0.03  -0.03     0.00
  MONTH TO DATE    0.01                      0.72  -0.71     0.89
  SINCE OCT 1      1.28                      2.83  -1.55     3.22
  SINCE JAN 1      1.28                      1.42  -0.14     2.18

SNOWFALL (IN)
  TODAY            0.0          MM      MM  MM               0.0
  MONTH TO DATE    0.0                      MM               0.0
  SINCE DEC 1      0.0                      MM               0.0
  SINCE JUL 1      0.0                      MM               0.0

DEGREE DAYS
 HEATING
  TODAY           22                        11     11       17
  MONTH TO DATE  238                       303    -65      176
  SINCE DEC 1   1045                      1397   -352     1241
  SINCE JUL 1   1168                      1710   -542     1438

 COOLING
  TODAY            0                         0      0        0
  MONTH TO DATE    0                         0      0        1
  SINCE DEC 1      0                         0      0        1
  SINCE JAN 1      0                         0      0        1
..................................................................


WIND (MPH)
  RESULTANT WIND SPEED   5   RESULTANT WIND DIRECTION  NW (330)
  HIGHEST WIND SPEED    18   HIGHEST WIND DIRECTION    NE (60)
  HIGHEST GUST SPEED    35   HIGHEST GUST DIRECTION    NE (30)


SKY COVER
  POSSIBLE SUNSHINE  MM
  AVERAGE SKY COVER 0.4


WEATHER CONDITIONS
 THE FOLLOWING WEATHER WAS RECORDED TODAY.
  NO SIGNIFICANT WEATHER WAS OBSERVED.


RELATIVE HUMIDITY (PERCENT)
 HIGHEST    49           100 PM
 LOWEST     20          1200 AM
 AVERAGE    35

..........................................................


THE NORTH_LAS_VEGAS NV CLIMATE NORMALS FOR TOMORROW
                         NORMAL    RECORD    YEAR
 MAXIMUM TEMPERATURE (F)   64        75      2014
 MINIMUM TEMPERATURE (F)   44        37      2017
                                             2011


SUNRISE AND SUNSET
FEBRUARY 23 2018......SUNRISE   619 AM PST   SUNSET   530 PM PST
FEBRUARY 24 2018......SUNRISE   617 AM PST   SUNSET   531 PM PST


-  INDICATES NEGATIVE NUMBERS.
R  INDICATES RECORD WAS SET OR TIED.
MM INDICATES DATA IS MISSING.
T  INDICATES TRACE AMOUNT.




$$
