000
CDUS45 KVEF 220028
CLIVGT


CLIMATE REPORT
NATIONAL WEATHER SERVICE LAS VEGAS, NV
528 PM PDT SUN OCT 21 2018


...................................

...THE NORTH_LAS_VEGAS NV CLIMATE SUMMARY FOR OCTOBER 21 2018...
VALID TODAY AS OF 0500 PM LOCAL TIME.

CLIMATE NORMAL PERIOD 1981 TO 2010
CLIMATE RECORD PERIOD 2000 TO 2018


WEATHER ITEM   OBSERVED TIME   RECORD YEAR NORMAL DEPARTURE LAST
                VALUE   (LST)  VALUE       VALUE  FROM      YEAR
                                                  NORMAL
..................................................................
TEMPERATURE (F)
 TODAY
  MAXIMUM         76        MM  95    2003  78     -2       73
  MINIMUM         59        MM  50    2004  55      4       57
  AVERAGE         68                        67      1       65

PRECIPITATION (IN)
  TODAY            0.13R         0.05 2004   0.01   0.12     0.00
  MONTH TO DATE    0.29                      0.24   0.05      T
  SINCE OCT 1      0.29                      0.24   0.05      T
  SINCE JAN 1      2.13                      4.20  -2.07     2.72

SNOWFALL (IN)
  TODAY            0.0          MM      MM  MM               0.0
  MONTH TO DATE    0.0                      MM               0.0
  SINCE SEP 1      0.0                      MM               0.0
  SINCE JUL 1      0.0                      MM               0.0

DEGREE DAYS
 HEATING
  TODAY            0                         2     -2        0
  MONTH TO DATE   16                        12      4        3
  SINCE SEP 1     16                        13      3        4
  SINCE JUL 1     16                        13      3        4

 COOLING
  TODAY            3                         3      0        0
  MONTH TO DATE   98                       131    -33      114
  SINCE SEP 1    715                       615    100      604
  SINCE JAN 1   3863                      3261    602     3581
..................................................................


WIND (MPH)
  RESULTANT WIND SPEED   5   RESULTANT WIND DIRECTION   E (110)
  HIGHEST WIND SPEED    12   HIGHEST WIND DIRECTION    SE (120)
  HIGHEST GUST SPEED    MM   HIGHEST GUST DIRECTION    MM


SKY COVER
  POSSIBLE SUNSHINE  MM
  AVERAGE SKY COVER 0.4


WEATHER CONDITIONS
 THE FOLLOWING WEATHER WAS RECORDED TODAY.
  LIGHT RAIN


RELATIVE HUMIDITY (PERCENT)
 HIGHEST    84           800 AM
 LOWEST     38           200 PM
 AVERAGE    61

..........................................................


THE NORTH_LAS_VEGAS NV CLIMATE NORMALS FOR TOMORROW
                         NORMAL    RECORD    YEAR
 MAXIMUM TEMPERATURE (F)   78        93      2003
 MINIMUM TEMPERATURE (F)   55        46      2004


SUNRISE AND SUNSET
OCTOBER 21 2018.......SUNRISE   653 AM PDT   SUNSET   557 PM PDT
OCTOBER 22 2018.......SUNRISE   654 AM PDT   SUNSET   556 PM PDT


-  INDICATES NEGATIVE NUMBERS.
R  INDICATES RECORD WAS SET OR TIED.
MM INDICATES DATA IS MISSING.
T  INDICATES TRACE AMOUNT.




$$
