000
CDUS45 KVEF 210026
CLIVGT


CLIMATE REPORT
NATIONAL WEATHER SERVICE LAS VEGAS, NV
425 PM PST SUN JAN 20 2019


...................................

...THE NORTH_LAS_VEGAS NV CLIMATE SUMMARY FOR JANUARY 20 2019...
VALID TODAY AS OF 0400 PM LOCAL TIME.

CLIMATE NORMAL PERIOD 1981 TO 2010
CLIMATE RECORD PERIOD 2000 TO 2019


WEATHER ITEM   OBSERVED TIME   RECORD YEAR NORMAL DEPARTURE LAST
                VALUE   (LST)  VALUE       VALUE  FROM      YEAR
                                                  NORMAL
..................................................................
TEMPERATURE (F)
 TODAY
  MAXIMUM         58        MM  69    2009  58      0       58
  MINIMUM         40        MM  28    2008  39      1       43
  AVERAGE         49                        49      0       51

PRECIPITATION (IN)
  TODAY            0.00          0.40 2017   0.02  -0.02     0.00
  MONTH TO DATE    1.12                      0.51   0.61     1.27
  SINCE OCT 1      1.75                      1.92  -0.17     1.27
  SINCE JAN 1      1.12                      0.51   0.61     1.27

SNOWFALL (IN)
  TODAY            0.0          MM      MM  MM               0.0
  MONTH TO DATE    0.0                      MM               0.0
  SINCE DEC 1      0.0                      MM               0.0
  SINCE JUL 1      0.0                      MM               0.0

DEGREE DAYS
 HEATING
  TODAY           16                        16      0       14
  MONTH TO DATE  352                       356     -4      235
  SINCE DEC 1    852                       923    -71      662
  SINCE JUL 1   1146                      1236    -90      785

 COOLING
  TODAY            0                         0      0        0
  MONTH TO DATE    0                         0      0        0
  SINCE DEC 1      0                         0      0        0
  SINCE JAN 1      0                         0      0        0
..................................................................


WIND (MPH)
  RESULTANT WIND SPEED   1   RESULTANT WIND DIRECTION  SE (120)
  HIGHEST WIND SPEED     8   HIGHEST WIND DIRECTION    SE (120)
  HIGHEST GUST SPEED    MM   HIGHEST GUST DIRECTION    MM


SKY COVER
  POSSIBLE SUNSHINE  MM
  AVERAGE SKY COVER 0.0


WEATHER CONDITIONS
 THE FOLLOWING WEATHER WAS RECORDED TODAY.
  NO SIGNIFICANT WEATHER WAS OBSERVED.


RELATIVE HUMIDITY (PERCENT)
 HIGHEST    79           700 AM
 LOWEST     43           100 PM
 AVERAGE    61

..........................................................


THE NORTH_LAS_VEGAS NV CLIMATE NORMALS FOR TOMORROW
                         NORMAL    RECORD    YEAR
 MAXIMUM TEMPERATURE (F)   59        70      2009
 MINIMUM TEMPERATURE (F)   39        31      2006
                                             2002


SUNRISE AND SUNSET
JANUARY 20 2019.......SUNRISE   649 AM PST   SUNSET   455 PM PST
JANUARY 21 2019.......SUNRISE   649 AM PST   SUNSET   456 PM PST


-  INDICATES NEGATIVE NUMBERS.
R  INDICATES RECORD WAS SET OR TIED.
MM INDICATES DATA IS MISSING.
T  INDICATES TRACE AMOUNT.




$$
