000
CDUS45 KVEF 240840
CLIVGT


CLIMATE REPORT
NATIONAL WEATHER SERVICE LAS VEGAS, NV
140 AM PDT THU MAY 24 2018


...................................

...THE NORTH_LAS_VEGAS NV CLIMATE SUMMARY FOR MAY 23 2018...

CLIMATE NORMAL PERIOD 1981 TO 2010
CLIMATE RECORD PERIOD 2000 TO 2018


WEATHER ITEM   OBSERVED TIME   RECORD YEAR NORMAL DEPARTURE LAST
                VALUE   (LST)  VALUE       VALUE  FROM      YEAR
                                                  NORMAL
..................................................................
TEMPERATURE (F)
 YESTERDAY
  MAXIMUM         90    400 PM 104    2005  90      0      100
  MINIMUM         65    515 AM  52    2010  66     -1       73
  AVERAGE         78                        78      0       87

PRECIPITATION (IN)
  YESTERDAY        0.00          0.08 2008   0.00   0.00     0.00
  MONTH TO DATE    0.19                      0.10   0.09      T
  SINCE OCT 1      1.82                      3.97  -2.15     3.35
  SINCE JAN 1      1.82                      2.56  -0.74     2.31

SNOWFALL (IN)
  YESTERDAY        0.0

DEGREE DAYS
 HEATING
  YESTERDAY        0                         0      0        0
  MONTH TO DATE   10                         0     10        6
  SINCE JUL 1   1482                      2038   -556     1651

 COOLING
  YESTERDAY       13                        13      0       22
  MONTH TO DATE  283                       231     52      206
  SINCE JAN 1    504                       358    146      428
..................................................................


WIND (MPH)
  HIGHEST WIND SPEED    17   HIGHEST WIND DIRECTION     S (160)
  HIGHEST GUST SPEED    23   HIGHEST GUST DIRECTION     S (170)
  AVERAGE WIND SPEED     7.6


SKY COVER
  POSSIBLE SUNSHINE  MM
  AVERAGE SKY COVER 0.0


WEATHER CONDITIONS
 THE FOLLOWING WEATHER WAS RECORDED YESTERDAY.
  NO SIGNIFICANT WEATHER WAS OBSERVED.


RELATIVE HUMIDITY (PERCENT)
 HIGHEST    40           500 AM
 LOWEST     10           300 PM
 AVERAGE    25

..........................................................


THE NORTH_LAS_VEGAS NV CLIMATE NORMALS FOR TODAY
                         NORMAL    RECORD    YEAR
 MAXIMUM TEMPERATURE (F)   90       107      2001
 MINIMUM TEMPERATURE (F)   67        50      2010


SUNRISE AND SUNSET
MAY 24 2018...........SUNRISE   528 AM PDT   SUNSET   747 PM PDT
MAY 25 2018...........SUNRISE   528 AM PDT   SUNSET   748 PM PDT


-  INDICATES NEGATIVE NUMBERS.
R  INDICATES RECORD WAS SET OR TIED.
MM INDICATES DATA IS MISSING.
T  INDICATES TRACE AMOUNT.




$$
