000
CDUS45 KVEF 150826
CLIVGT


CLIMATE REPORT
NATIONAL WEATHER SERVICE LAS VEGAS, NV
126 AM PDT WED AUG 15 2018


...................................

...THE NORTH_LAS_VEGAS NV CLIMATE SUMMARY FOR AUGUST 14 2018...

CLIMATE NORMAL PERIOD 1981 TO 2010
CLIMATE RECORD PERIOD 2000 TO 2018


WEATHER ITEM   OBSERVED TIME   RECORD YEAR NORMAL DEPARTURE LAST
                VALUE   (LST)  VALUE       VALUE  FROM      YEAR
                                                  NORMAL
..................................................................
TEMPERATURE (F)
 YESTERDAY
  MAXIMUM        106    215 PM 111    2002 102      4      101
  MINIMUM         83    529 AM  69    2005  78      5       79
  AVERAGE         95                        90      5       90

PRECIPITATION (IN)
  YESTERDAY        0.00          0.14 2005   0.02  -0.02     0.00
  MONTH TO DATE    T                         0.19  -0.19     0.09
  SINCE OCT 1      1.83                      4.71  -2.88     3.55
  SINCE JAN 1      1.83                      3.30  -1.47     2.51

SNOWFALL (IN)
  YESTERDAY        0.0

DEGREE DAYS
 HEATING
  YESTERDAY        0                         0      0        0
  MONTH TO DATE    0                         0      0        0
  SINCE JUL 1      0                         0      0        0

 COOLING
  YESTERDAY       30                        25      5       25
  MONTH TO DATE  414                       358     56      344
  SINCE JAN 1   2695                      2254    441     2567
..................................................................


WIND (MPH)
  HIGHEST WIND SPEED    22   HIGHEST WIND DIRECTION     S (170)
  HIGHEST GUST SPEED    26   HIGHEST GUST DIRECTION     S (170)
  AVERAGE WIND SPEED     7.6


SKY COVER
  POSSIBLE SUNSHINE  MM
  AVERAGE SKY COVER 0.0


WEATHER CONDITIONS
 THE FOLLOWING WEATHER WAS RECORDED YESTERDAY.
  NO SIGNIFICANT WEATHER WAS OBSERVED.


RELATIVE HUMIDITY (PERCENT)
 HIGHEST    28           800 AM
 LOWEST     13           100 PM
 AVERAGE    21

..........................................................


THE NORTH_LAS_VEGAS NV CLIMATE NORMALS FOR TODAY
                         NORMAL    RECORD    YEAR
 MAXIMUM TEMPERATURE (F)  102       111      2002
 MINIMUM TEMPERATURE (F)   77        69      2005


SUNRISE AND SUNSET
AUGUST 15 2018........SUNRISE   559 AM PDT   SUNSET   731 PM PDT
AUGUST 16 2018........SUNRISE   600 AM PDT   SUNSET   730 PM PDT


-  INDICATES NEGATIVE NUMBERS.
R  INDICATES RECORD WAS SET OR TIED.
MM INDICATES DATA IS MISSING.
T  INDICATES TRACE AMOUNT.




$$
