000
CDUS43 KSGF 302257
CLIVIH

CLIMATE REPORT
NATIONAL WEATHER SERVICE
557 PM CDT FRI OCT 30 2020

...................................

...THE VICHY-ROLLA MO CLIMATE SUMMARY FOR OCTOBER 30 2020...
VALID TODAY AS OF 0500 PM LOCAL TIME.

CLIMATE NORMAL PERIOD: 1981 TO 2010
CLIMATE RECORD PERIOD: 1888 TO 2020


WEATHER ITEM   OBSERVED TIME   RECORD YEAR NORMAL DEPARTURE LAST
                VALUE   (LST)  VALUE       VALUE  FROM      YEAR
                                                  NORMAL
...................................................................
TEMPERATURE (F)
 TODAY
  MAXIMUM         58   3:48 PM  88    1950  63     -5       38
  MINIMUM         28R  6:17 AM  28    1954  42    -14       33
  AVERAGE         43

PRECIPITATION (IN)
  TODAY            0.00          1.43 1967   0.11  -0.11     0.53
  MONTH TO DATE    4.84                      3.39   1.45     5.02
  SINCE SEP 1      6.52                      7.43  -0.91     7.01
  SINCE JAN 1     39.01                     36.98   2.03    40.65

DEGREE DAYS
 HEATING
  TODAY           22                        13              29
  MONTH TO DATE  363                       272             318
  SINCE SEP 1    400                       333             319
  SINCE JUL 1    400                       336             319

 COOLING
  TODAY            0                         0               0
  MONTH TO DATE   35                        25              35
  SINCE SEP 1    175                       166             342
  SINCE JAN 1   1290                      1243            1362
...................................................................


WIND (MPH)
  RESULTANT WIND SPEED   2   RESULTANT WIND DIRECTION   S (200)
  HIGHEST WIND SPEED     9   HIGHEST WIND DIRECTION     S (160)
  HIGHEST GUST SPEED    13   HIGHEST GUST DIRECTION    SW (220)
  AVERAGE WIND SPEED     3.8


SKY COVER
  AVERAGE SKY COVER 0.0


WEATHER CONDITIONS
THE FOLLOWING WEATHER WAS RECORDED TODAY.
  FOG


RELATIVE HUMIDITY (PERCENT)
 HIGHEST    92
 LOWEST     45
 AVERAGE    69

..........................................................


THE VICHY-ROLLA MO CLIMATE NORMALS FOR TOMORROW
                         NORMAL    RECORD    YEAR
 MAXIMUM TEMPERATURE (F)   62        85      1950
 MINIMUM TEMPERATURE (F)   41        22      1898


SUNRISE AND SUNSET
OCTOBER 30 2020.......SUNRISE   7:31 AM CDT   SUNSET   6:09 PM CDT
OCTOBER 31 2020.......SUNRISE   7:33 AM CDT   SUNSET   6:08 PM CDT


-  INDICATES NEGATIVE NUMBERS.
R  INDICATES RECORD WAS SET OR TIED.
MM INDICATES DATA IS MISSING.
T  INDICATES TRACE AMOUNT.




$$
