000
CDUS43 KSGF 250628
CLIVIH


CLIMATE REPORT
NATIONAL WEATHER SERVICE SPRINGFIELD MO
127 AM CDT MON MAY 25 2020


...................................

...THE VICHY-ROLLA MO CLIMATE SUMMARY FOR MAY 24 2020...

CLIMATE NORMAL PERIOD 1981 TO 2010
CLIMATE RECORD PERIOD 1888 TO 2020


WEATHER ITEM   OBSERVED TIME   RECORD YEAR NORMAL DEPARTURE LAST
                VALUE   (LST)  VALUE       VALUE  FROM      YEAR
                                                  NORMAL
..................................................................
TEMPERATURE (F)
 YESTERDAY
  MAXIMUM         86    157 PM  93    1996  76     10       87
  MINIMUM         63   1049 PM  41    2001  56      7       69
  AVERAGE         75                        66      9       78

PRECIPITATION (IN)
  YESTERDAY        1.29          1.64 1958   0.15   1.14     0.00
  MONTH TO DATE    4.70                      3.89   0.81     4.86
  SINCE MAR 1     14.39                     11.56   2.83    15.86
  SINCE JAN 1     22.18                     15.66   6.52    19.96

DEGREE DAYS
 HEATING
  YESTERDAY        0                         2     -2        0
  MONTH TO DATE  156                       103     53      101
  SINCE MAR 1    992                      1031    -39     1062
  SINCE JUL 1   4517                      4821   -304     4920

 COOLING
  YESTERDAY       10                         3      7       13
  MONTH TO DATE   37                        52    -15       65
  SINCE MAR 1     59                        78    -19       96
  SINCE JAN 1     59                        78    -19       96
..................................................................


WIND (MPH)
  HIGHEST WIND SPEED    22   HIGHEST WIND DIRECTION     W (260)
  HIGHEST GUST SPEED    31   HIGHEST GUST DIRECTION    NW (300)
  AVERAGE WIND SPEED    10.3


SKY COVER
  AVERAGE SKY COVER 0.3


WEATHER CONDITIONS
 THE FOLLOWING WEATHER WAS RECORDED YESTERDAY.
  THUNDERSTORM
  HEAVY RAIN
  RAIN
  LIGHT RAIN
  FOG


RELATIVE HUMIDITY (PERCENT)
 HIGHEST    93           400 AM
 LOWEST     60           400 PM
 AVERAGE    77

..........................................................


THE VICHY-ROLLA MO CLIMATE NORMALS FOR TODAY
                         NORMAL    RECORD    YEAR
 MAXIMUM TEMPERATURE (F)   77        93      2012
                                             1953
 MINIMUM TEMPERATURE (F)   56        35      1897


SUNRISE AND SUNSET
MAY 25 2020...........SUNRISE   549 AM CDT   SUNSET   820 PM CDT
MAY 26 2020...........SUNRISE   548 AM CDT   SUNSET   820 PM CDT


-  INDICATES NEGATIVE NUMBERS.
R  INDICATES RECORD WAS SET OR TIED.
MM INDICATES DATA IS MISSING.
T  INDICATES TRACE AMOUNT.




$$
