000
CDUS43 KSGF 212326
CLIVIH


CLIMATE REPORT
NATIONAL WEATHER SERVICE SPRINGFIELD MO
526 PM CST MON JAN 21 2019


...................................

...THE VICHY-ROLLA MO CLIMATE SUMMARY FOR JANUARY 21 2019...
VALID TODAY AS OF 0500 PM LOCAL TIME.

CLIMATE NORMAL PERIOD 1981 TO 2010
CLIMATE RECORD PERIOD 1888 TO 2019


WEATHER ITEM   OBSERVED TIME   RECORD YEAR NORMAL DEPARTURE LAST
                VALUE   (LST)  VALUE       VALUE  FROM      YEAR
                                                  NORMAL
..................................................................
TEMPERATURE (F)
 TODAY
  MAXIMUM         27    459 PM  70    2018  41    -14       70
  MINIMUM         16    748 AM  -9    1970  21     -5       47
  AVERAGE         22                        31     -9       59

PRECIPITATION (IN)
  TODAY            0.00          0.69 2010   0.07  -0.07     0.34
  MONTH TO DATE    0.81                      1.56  -0.75     1.13
  SINCE DEC 1      4.64                      4.20   0.44     1.77
  SINCE JAN 1      0.81                      1.56  -0.75     1.13

DEGREE DAYS
 COOLING
  TODAY            0                         0      0        0
  MONTH TO DATE    0                         0      0        0
  SINCE DEC 1      0                         0      0        0
  SINCE JAN 1      0                         0      0        0
..................................................................


WIND (MPH)
  HIGHEST WIND SPEED    23   HIGHEST WIND DIRECTION    SE (130)
  HIGHEST GUST SPEED    32   HIGHEST GUST DIRECTION    SE (140)


SKY COVER
  AVERAGE SKY COVER 0.4


WEATHER CONDITIONS
 THE FOLLOWING WEATHER WAS RECORDED TODAY.
  NO SIGNIFICANT WEATHER WAS OBSERVED.


RELATIVE HUMIDITY (PERCENT)
 HIGHEST    88           300 AM
 LOWEST     63           300 PM
 AVERAGE    76

..........................................................


THE VICHY-ROLLA MO CLIMATE NORMALS FOR TOMORROW
                         NORMAL    RECORD    YEAR
 MAXIMUM TEMPERATURE (F)   41        72      1967
 MINIMUM TEMPERATURE (F)   21        -1      1959


SUNRISE AND SUNSET
JANUARY 21 2019.......SUNRISE   720 AM CST   SUNSET   517 PM CST
JANUARY 22 2019.......SUNRISE   719 AM CST   SUNSET   519 PM CST


-  INDICATES NEGATIVE NUMBERS.
R  INDICATES RECORD WAS SET OR TIED.
MM INDICATES DATA IS MISSING.
T  INDICATES TRACE AMOUNT.




$$
