371
CDUS43 KSGF 232232
CLIVIH


CLIMATE REPORT
NATIONAL WEATHER SERVICE SPRINGFIELD MO
532 PM CDT WED OCT 23 2019


...................................

...THE VICHY-ROLLA MO CLIMATE SUMMARY FOR OCTOBER 23 2019...
VALID TODAY AS OF 0500 PM LOCAL TIME.

CLIMATE NORMAL PERIOD 1981 TO 2010
CLIMATE RECORD PERIOD 1888 TO 2019


WEATHER ITEM   OBSERVED TIME   RECORD YEAR NORMAL DEPARTURE LAST
                VALUE   (LST)  VALUE       VALUE  FROM      YEAR
                                                  NORMAL
..................................................................
TEMPERATURE (F)
 TODAY
  MAXIMUM         73    135 PM  82    1899  65      8       67
  MINIMUM         42    305 AM  27    2006  44     -2       42
                                      1898
  AVERAGE         58                        54      4       55

PRECIPITATION (IN)
  TODAY            T             1.30 1976   0.12  -0.12     0.00
  MONTH TO DATE    2.65                      2.59   0.06     3.46
  SINCE SEP 1      4.64                      6.63  -1.99     5.62
  SINCE JAN 1     38.28                     36.18   2.10    32.74

DEGREE DAYS
 HEATING
  TODAY            7                        11     -4       10
  MONTH TO DATE  186                       186      0      224
  SINCE SEP 1    187                       247    -60      241
  SINCE JUL 1    187                       250    -63      241

 COOLING
  TODAY            0                         0      0        0
  MONTH TO DATE   35                        25     10       78
  SINCE SEP 1    342                       166    176      301
  SINCE JAN 1   1362                      1243    119     1622
..................................................................


WIND (MPH)
  HIGHEST WIND SPEED    25   HIGHEST WIND DIRECTION     S (200)
  HIGHEST GUST SPEED    36   HIGHEST GUST DIRECTION    SW (220)


SKY COVER
  AVERAGE SKY COVER 0.0


WEATHER CONDITIONS
 THE FOLLOWING WEATHER WAS RECORDED TODAY.
  NO SIGNIFICANT WEATHER WAS OBSERVED.


RELATIVE HUMIDITY (PERCENT)
 HIGHEST    70           200 AM
 LOWEST     29          1200 PM
 AVERAGE    50

..........................................................


THE VICHY-ROLLA MO CLIMATE NORMALS FOR TOMORROW
                         NORMAL    RECORD    YEAR
 MAXIMUM TEMPERATURE (F)   65        81      2012
                                             1963
 MINIMUM TEMPERATURE (F)   44        23      2006


SUNRISE AND SUNSET
OCTOBER 23 2019.......SUNRISE   723 AM CDT   SUNSET   619 PM CDT
OCTOBER 24 2019.......SUNRISE   724 AM CDT   SUNSET   617 PM CDT


-  INDICATES NEGATIVE NUMBERS.
R  INDICATES RECORD WAS SET OR TIED.
MM INDICATES DATA IS MISSING.
T  INDICATES TRACE AMOUNT.




$$
