000
CDUS43 KSGF 230638
CLIVIH


CLIMATE REPORT
NATIONAL WEATHER SERVICE SPRINGFIELD MO
126 AM CDT MON APR 23 2018


...................................

...THE VICHY-ROLLA MO CLIMATE SUMMARY FOR APRIL 22 2018...

CLIMATE NORMAL PERIOD 1981 TO 2010
CLIMATE RECORD PERIOD 1888 TO 2018


WEATHER ITEM   OBSERVED TIME   RECORD YEAR NORMAL DEPARTURE LAST
                VALUE   (LST)  VALUE       VALUE  FROM      YEAR
                                                  NORMAL
..................................................................
TEMPERATURE (F)
 YESTERDAY
  MAXIMUM         57    108 AM  93    1965  69    -12       55
  MINIMUM         49    651 PM  33    2000  46      3       41
  AVERAGE         53                        57     -4       48

PRECIPITATION (IN)
  YESTERDAY        0.54          1.17 1944   0.14   0.40     0.50
  MONTH TO DATE    1.74                      2.99  -1.25     3.31
  SINCE MAR 1      5.13                      6.44  -1.31     6.45
  SINCE JAN 1     12.18                     10.54   1.64     8.51

DEGREE DAYS
 HEATING
  YESTERDAY       12                         9      3       17
  MONTH TO DATE  419                       255    164      142
  SINCE MAR 1   1084                       869    215      645
  SINCE JUL 1   4659                      4659      0     3631

 COOLING
  YESTERDAY        0                         1     -1        0
  MONTH TO DATE   10                        16     -6       30
  SINCE MAR 1     10                        20    -10       33
  SINCE JAN 1     10                        20    -10       34
..................................................................


WIND (MPH)
  HIGHEST WIND SPEED    22   HIGHEST WIND DIRECTION    NE (50)
  HIGHEST GUST SPEED    34   HIGHEST GUST DIRECTION    NE (50)
  AVERAGE WIND SPEED    14.0


SKY COVER
  AVERAGE SKY COVER 1.0


WEATHER CONDITIONS
 THE FOLLOWING WEATHER WAS RECORDED YESTERDAY.
  RAIN
  LIGHT RAIN
  FOG
  HAZE


RELATIVE HUMIDITY (PERCENT)
 HIGHEST    93          1100 AM
 LOWEST     40          1200 AM
 AVERAGE    67

..........................................................


THE VICHY-ROLLA MO CLIMATE NORMALS FOR TODAY
                         NORMAL    RECORD    YEAR
 MAXIMUM TEMPERATURE (F)   69        92      1965
 MINIMUM TEMPERATURE (F)   46        31      1903


SUNRISE AND SUNSET
APRIL 23 2018.........SUNRISE   621 AM CDT   SUNSET   751 PM CDT
APRIL 24 2018.........SUNRISE   619 AM CDT   SUNSET   752 PM CDT


-  INDICATES NEGATIVE NUMBERS.
R  INDICATES RECORD WAS SET OR TIED.
MM INDICATES DATA IS MISSING.
T  INDICATES TRACE AMOUNT.




$$
