000
CDUS43 KSGF 170629
CLIVIH


CLIMATE REPORT
NATIONAL WEATHER SERVICE SPRINGFIELD MO
127 AM CDT WED OCT 17 2018


...................................

...THE VICHY-ROLLA MO CLIMATE SUMMARY FOR OCTOBER 16 2018...

CLIMATE NORMAL PERIOD 1981 TO 2010
CLIMATE RECORD PERIOD 1888 TO 2018


WEATHER ITEM   OBSERVED TIME   RECORD YEAR NORMAL DEPARTURE LAST
                VALUE   (LST)  VALUE       VALUE  FROM      YEAR
                                                  NORMAL
..................................................................
TEMPERATURE (F)
 YESTERDAY
  MAXIMUM         57    401 PM  87    1950  67    -10       66
  MINIMUM         33R   659 AM  33    2002  46    -13       38
                                      1966
  AVERAGE         45                        57    -12       52

PRECIPITATION (IN)
  YESTERDAY        0.00          1.51 2000   0.11  -0.11     0.00
  MONTH TO DATE    3.45                      1.74   1.71     2.49
  SINCE SEP 1      5.61                      5.78  -0.17     2.68
  SINCE JAN 1     32.73                     35.33  -2.60    41.28

DEGREE DAYS
 HEATING
  YESTERDAY       20                         9     11       13
  MONTH TO DATE  122                       115      7       45
  SINCE SEP 1    139                       176    -37       62
  SINCE JUL 1    139                       179    -40       63

 COOLING
  YESTERDAY        0                         1     -1        0
  MONTH TO DATE   78                        19     59       71
  SINCE SEP 1    301                       160    141      271
  SINCE JAN 1   1622                      1237    385     1241
..................................................................


WIND (MPH)
  HIGHEST WIND SPEED    13   HIGHEST WIND DIRECTION     W (280)
  HIGHEST GUST SPEED    18   HIGHEST GUST DIRECTION     W (250)
  AVERAGE WIND SPEED     5.5


SKY COVER
  AVERAGE SKY COVER 0.0


WEATHER CONDITIONS
 THE FOLLOWING WEATHER WAS RECORDED YESTERDAY.
  NO SIGNIFICANT WEATHER WAS OBSERVED.


RELATIVE HUMIDITY (PERCENT)
 HIGHEST    96           400 AM
 LOWEST     38           200 PM
 AVERAGE    67

..........................................................


THE VICHY-ROLLA MO CLIMATE NORMALS FOR TODAY
                         NORMAL    RECORD    YEAR
 MAXIMUM TEMPERATURE (F)   67        89      1950
 MINIMUM TEMPERATURE (F)   46        28      1976


SUNRISE AND SUNSET
OCTOBER 17 2018.......SUNRISE   718 AM CDT   SUNSET   626 PM CDT
OCTOBER 18 2018.......SUNRISE   719 AM CDT   SUNSET   625 PM CDT


-  INDICATES NEGATIVE NUMBERS.
R  INDICATES RECORD WAS SET OR TIED.
MM INDICATES DATA IS MISSING.
T  INDICATES TRACE AMOUNT.




$$
