000
CDUS43 KSGF 190627
CLIVIH


CLIMATE REPORT
NATIONAL WEATHER SERVICE SPRINGFIELD MO
1226 AM CST MON FEB 19 2018


...................................

...THE VICHY-ROLLA MO CLIMATE SUMMARY FOR FEBRUARY 18 2018...

CLIMATE NORMAL PERIOD 1981 TO 2010
CLIMATE RECORD PERIOD 1888 TO 2018


WEATHER ITEM   OBSERVED TIME   RECORD YEAR NORMAL DEPARTURE LAST
                VALUE   (LST)  VALUE       VALUE  FROM      YEAR
                                                  NORMAL
..................................................................
TEMPERATURE (F)
 YESTERDAY
  MAXIMUM         52    328 PM  72    1991  47      5       63
  MINIMUM         24    117 AM  -4    1993  26     -2       50
  AVERAGE         38                        36      2       57

PRECIPITATION (IN)
  YESTERDAY        0.00          0.77 1974   0.07  -0.07      T
  MONTH TO DATE    0.83                      1.18  -0.35      T
  SINCE DEC 1      3.13                      5.99  -2.86     2.46
  SINCE JAN 1      2.49                      3.35  -0.86     1.60

DEGREE DAYS
 HEATING
  YESTERDAY       27                        29     -2        8
  MONTH TO DATE  604                       554     50      405
  SINCE DEC 1   2624                      2575     49     2237
  SINCE JUL 1   3376                      3522   -146     2865

 COOLING
  YESTERDAY        0                         0      0        0
  MONTH TO DATE    0                         0      0        0
  SINCE DEC 1      0                         0      0        0
  SINCE JAN 1      0                         0      0        0
..................................................................


WIND (MPH)
  HIGHEST WIND SPEED    25   HIGHEST WIND DIRECTION     S (170)
  HIGHEST GUST SPEED    35   HIGHEST GUST DIRECTION    SE (150)
  AVERAGE WIND SPEED    14.6


SKY COVER
  AVERAGE SKY COVER 0.1


WEATHER CONDITIONS
 THE FOLLOWING WEATHER WAS RECORDED YESTERDAY.
  FOG


RELATIVE HUMIDITY (PERCENT)
 HIGHEST    89           700 AM
 LOWEST     41           200 PM
 AVERAGE    65

..........................................................


THE VICHY-ROLLA MO CLIMATE NORMALS FOR TODAY
                         NORMAL    RECORD    YEAR
 MAXIMUM TEMPERATURE (F)   47        76      2017
 MINIMUM TEMPERATURE (F)   27        -6      1903


SUNRISE AND SUNSET
FEBRUARY 19 2018......SUNRISE   652 AM CST   SUNSET   550 PM CST
FEBRUARY 20 2018......SUNRISE   651 AM CST   SUNSET   551 PM CST


-  INDICATES NEGATIVE NUMBERS.
R  INDICATES RECORD WAS SET OR TIED.
MM INDICATES DATA IS MISSING.
T  INDICATES TRACE AMOUNT.




$$
